Spring weather

 Latitude N 54° 47' 06"    Longitude W 01° 35' 42"    Elevation 102 m

NOAA Style Reports for Spring Weather


Report for 2011 Feb
                   Monthly Climatological Summary for Feb 2011

Name: Spring weather   City: Durham   State: Co Durham
Elevation: 102 m  Lat: N 54 47 06   Lon: W 001 35 42

                  Temperature (C), Rain (mm), Wind Speed (mph)

                                      Heat  Cool        Avg
    Mean                              Deg   Deg         Wind                 Dom
Day Temp  High   Time   Low    Time   Days  Days  Rain  Speed High   Time    Dir
----------------------------------------------------------------------------------
12   6.1   8.5   12:52   2.1   23:15  12.2   0.0   0.0   0.1   6.0   23:30   WSW
13   5.5   7.8   15:54   2.5   00:00  12.8   0.0   3.8   1.6  18.0   11:51     S
14   4.3   7.6   14:38   0.2   23:04  14.0   0.0   0.4   1.1  16.0   13:35    SW
15   3.5   6.6   14:41   0.2   00:00  14.8   0.0   1.2   1.2  12.0   12:04   ESE
16   5.6  10.1   15:44   3.2   21:21  12.7   0.0   4.2   0.6   8.0   10:54    SW
17   5.0   6.2   11:31   3.7   00:58  13.3   0.0   0.0   0.4  11.0   16:27   SSW
18   3.8   4.6   13:41   2.6   23:41  14.5   0.0   0.0   1.3  14.0   17:44   SSE
19   2.4   3.7   21:33   0.8   06:17  15.9   0.0   4.6   0.7  13.0   01:03   SSE
20   3.4   4.3   12:03   2.3   23:31  14.9   0.0   0.2   0.8  10.0   17:47   SSE
21   2.0   2.8   10:20   1.3   18:29  16.3   0.0   1.2   1.0  11.0   02:16   SSE
22   4.3   7.3   14:32   1.5   00:00  14.0   0.0   0.4   1.1   9.0   13:37    SW
23   7.9  11.8   14:21   5.2   00:00  10.4   0.0   4.0   2.0  17.0   14:58    SW
24   9.6  11.2   11:57   7.8   02:56   8.7   0.0   0.2   2.7  15.0   10:37   WSW
25  10.7  12.9   15:32   8.8   20:16   7.6   0.0   0.0   3.9  20.0   03:58   WSW
26   7.0   9.7   13:35   3.7   23:47  11.3   0.0   4.0   1.6  17.0   12:09   WNW
27   4.9   7.4   12:02   1.9   05:53  13.4   0.0   0.2   2.1  12.0   11:24    NW
28   4.5   5.9   10:14  -0.1   23:56  13.8   0.0   0.6   1.2  11.0   01:45    NE
----------------------------------------------------------------------------------
     5.3  12.9    25    -0.1    28   220.6   0.0  25.0   1.4  20.0    25      SW

Max >=  27.0:  0
Max <=   0.0:  0
Min <=   0.0:  1
Min <= -18.0:  0
Max Rain: 4.6 on day 19
Days of Rain: 13 (>= 0.2 mm)  5 (>= 2.0 mm)  0 (>= 20.0 mm)
Heat Base: 18.3  Cool Base: 18.3  Method: Integration
:now::gauges::today::yesterday::this month::this year::records::monthly records::top 10::trends::NOAA records::garden::forum:


Page updated 20/08/2018 00:15:02
powered by Cumulus v3.0.0 (3042)