Spring weather

 Latitude N 54° 47' 06"    Longitude W 01° 35' 42"    Elevation 102 m

NOAA Style Reports for Spring Weather

Select a Year or Month report

Report for 2011 Apr
                   Monthly Climatological Summary for Apr 2011

Name: Spring weather   City: Durham   State: Co Durham
Elevation: 102 m  Lat: N 54 47 06   Lon: W 001 35 42

                  Temperature (C), Rain (mm), Wind Speed (mph)

                                      Heat  Cool        Avg
    Mean                              Deg   Deg         Wind                 Dom
Day Temp  High   Time   Low    Time   Days  Days  Rain  Speed High   Time    Dir
----------------------------------------------------------------------------------
 1  12.6  15.4   15:20  10.3   06:00   5.7   0.0   2.4   5.3  21.0   10:39    SW
 2  11.9  14.6   17:00   8.9   21:00   6.4   0.0   4.2   4.4  25.0   12:30   WSW
 3   8.9  13.8   14:05   4.7   22:48   9.4   0.0   0.0   3.1  18.0   16:41   WSW
 4   8.0  12.2   16:29   3.9   06:45  10.3   0.0   0.2   4.6  29.0   13:13   WSW
 5  12.4  15.1   11:46   9.8   01:13   5.9   0.0   1.0   8.1  32.0   09:18   WSW
 6  11.6  16.1   18:08  10.8   23:23   6.7   0.0   0.0   8.6  30.0   21:12   WSW
 7  11.9  15.1   15:44   8.7   22:55   6.4   0.0   0.0   4.2  19.0   10:23     W
 8  13.8  21.0   15:48   8.5   06:46   4.5   0.0   0.0   2.1  17.0   11:31     W
 9  13.4  20.4   16:33   7.2   06:43   4.9   0.0   0.0   1.1  11.0   15:38     S
10  13.1  20.9   16:53   6.5   06:04   5.2   0.0   0.0   1.2  11.0   18:21   SSW
11  11.0  15.4   15:24   6.3   23:59   7.3   0.0   0.0   3.1  20.0   14:37     W
12   8.2  13.2   15:59   4.6   04:00  10.1   0.0   0.0   3.7  18.0   11:36     W
13   8.0  10.1   16:21   4.7   00:42  10.3   0.0   0.0   3.1  20.0   10:35   WSW
14  10.8  15.7   13:30   6.1   03:30   7.5   0.0   0.0   1.0  12.0   10:00   WSW
15  11.5  16.2   13:10   8.6   04:29   6.8   0.0   0.0   0.5  11.0   15:57   WSW
16  11.4  16.6   14:56   6.6   23:58   6.9   0.0   0.0   1.3  15.0   15:12     W
17   9.9  18.2   16:12   1.2   06:00   8.4   0.0   0.0   1.0   9.0   10:26     W
18  11.1  19.2   13:22   5.4   01:50   7.2   0.0   0.0   0.4   8.0   12:19   SSE
19  11.8  19.8   15:11   4.5   06:26   6.5   0.0   0.0   0.5   8.0   14:39    SW
20  10.5  18.2   14:56   2.3   05:27   7.8   0.0   0.0   0.6   9.0   14:41   ESE
21   9.6  19.3   13:28   2.6   06:56   8.7   0.0   0.0   0.5   9.0   13:58   ESE
22  11.1  18.6   13:49   6.8   06:18   7.2   0.0   0.0   0.3   8.0   17:29     E
23  13.0  22.6   12:12   5.4   05:28   5.3   0.0   1.4   0.6  10.0   13:05     W
24  13.2  20.3   15:52   7.8   23:47   5.1   0.0   0.2   0.5   8.0   13:33     W
25  10.2  15.5   11:18   4.4   04:58   8.1   0.0   0.0   0.8  12.0   16:22   NNE
26   9.6  13.7   14:10   4.2   23:58   8.7   0.0   0.0   0.9  11.0   13:34     E
27   7.9  13.4   15:36   2.8   23:59  10.4   0.0   0.0   0.5   9.0   15:39     E
28   7.8  13.7   14:16   1.1   01:46  10.5   0.0   0.0   0.9  11.0   12:26    NE
29  10.1  13.1   10:20   6.7   00:00   8.2   0.0   0.0   1.1  10.0   14:34   ENE
30  11.1  14.9   11:35   7.7   04:13   7.2   0.0   0.0   1.3  12.0   10:19     E
----------------------------------------------------------------------------------
    10.8  22.6    23     1.1    28   223.6   0.0   9.4   2.0  32.0     5     WSW

Max >=  27.0:  0
Max <=   0.0:  0
Min <=   0.0:  0
Min <= -18.0:  0
Max Rain: 4.2 on day 2
Days of Rain: 6 (>= 0.2 mm)  2 (>= 2.0 mm)  0 (>= 20.0 mm)
Heat Base: 18.3  Cool Base: 18.3  Method: Integration
:now::gauges::today::yesterday::this month::this year::records::monthly records::trends::NOAA records::forum:


Page updated 25/02/2018 05:45:09
powered by Cumulus v3.0.0 (3042)