Spring weather

 Latitude N 54° 47' 06"    Longitude W 01° 35' 42"    Elevation 102 m

NOAA Style Reports for Spring Weather


Report for 2011 Aug
                   Monthly Climatological Summary for Aug 2011

Name: Spring weather   City: Durham   State: Co Durham
Elevation: 102 m  Lat: N 54 47 06   Lon: W 001 35 42

                  Temperature (C), Rain (mm), Wind Speed (mph)

                                      Heat  Cool        Avg
    Mean                              Deg   Deg         Wind                 Dom
Day Temp  High   Time   Low    Time   Days  Days  Rain  Speed High   Time    Dir
----------------------------------------------------------------------------------
 1  19.6  24.5   12:27  16.1   05:37   0.0   1.3   2.0   0.5   9.0   13:54   WSW
 2  18.8  24.1   13:03  15.1   06:12   0.0   0.5   0.2   0.5  13.0   14:58   WSW
 3  17.9  23.8   14:43  12.9   04:54   0.4   0.0   0.2   0.3   9.0   14:52    SE
 4  16.3  19.7   14:37  12.8   04:43   2.0   0.0   3.6   0.3  10.0   15:39   SSW
 5  16.8  21.4   13:28  12.0   23:59   1.5   0.0   0.0   1.5  14.0   11:50   WNW
 6  12.0  15.0   12:51   9.1   04:35   6.3   0.0  41.8   0.1  10.0   14:37   WNW
 7  12.9  15.8   15:15  10.0   01:26   5.4   0.0   1.4   1.7  20.0   10:20     W
 8  13.6  18.6   13:59   9.8   23:59   4.7   0.0   6.6   1.8  19.0   10:35    NW
 9  13.3  18.9   17:45   7.4   03:44   5.0   0.0   0.0   1.5  12.0   08:27    NW
10  14.5  18.9   16:53  11.0   04:52   3.8   0.0  10.4   3.5  25.0   17:39   WSW
11  14.5  16.4   01:01  12.3   22:39   3.8   0.0  11.0   1.0  14.0   00:57    SW
12  14.6  17.0   16:37  12.4   00:00   3.7   0.0   1.6   0.3  11.0   21:22   SSE
13  16.6  18.6   10:42  14.8   23:59   1.7   0.0   0.2   2.4  16.0   12:03    SW
14  15.0  18.8   18:09  10.2   23:54   3.3   0.0   3.6   0.7  12.0   17:56   WNW
15  13.7  18.7   17:24   7.7   06:01   4.6   0.0   0.0   1.6  17.0   09:23   WSW
16  14.5  21.3   17:39  11.3   23:58   3.8   0.0   2.6   2.0  21.0   14:38   WSW
17  13.9  18.3   16:31   9.4   05:32   4.4   0.0   0.0   1.3  11.0   01:27    NW
18  13.5  19.2   12:53   9.1   04:02   4.8   0.0   2.0   0.4  10.0   14:24    SE
19  14.0  19.1   15:09   8.1   06:17   4.3   0.0   0.4   2.0  22.0   22:04   WSW
20  16.2  21.9   15:41  11.2   05:13   2.1   0.0   6.8   2.1  18.0   12:42   WSW
21  16.3  19.9   13:21  13.3   06:14   2.0   0.0   0.0   1.9  17.0   14:53   WSW
22  14.7  19.4   17:30   8.9   06:30   3.6   0.0   0.0  ----  10.0   14:00   ---
23  14.5  17.8   15:00  11.8   06:30   3.8   0.0   0.2  ----   1.0   11:00   ---
24  14.1  20.1   15:00   8.2   06:00   4.2   0.0   2.0  ----   5.0   17:00   ---
25  14.9  13.4   20:30  10.7   23:56   3.4   0.0   9.4  ----   2.0   20:30   ---
26  11.3  13.9   12:47   8.7   05:52   7.0   0.0  11.6  ----   5.0   13:04   ---
27  12.3  16.7   15:57  10.3   04:06   6.0   0.0   8.2  ----   9.0   19:00   ---
28  11.6  16.2   12:57   8.9   22:23   6.7   0.0   0.6  ----  19.0   13:23   ---
29  12.0  15.6   13:13   8.7   06:32   6.3   0.0   0.4  ----  16.0   03:38   ---
30  12.7  15.4   11:47  10.6   23:32   5.6   0.0   0.2  ----  13.0   11:52   ---
31  12.2  14.4   13:56  10.4   06:14   6.1   0.0   0.0  ----   6.0   11:17   ---
----------------------------------------------------------------------------------
    14.5  24.5     1     7.4     9   120.3   1.8 127.0   1.3  25.0    10     WSW

Max >=  27.0:  0
Max <=   0.0:  0
Min <=   0.0:  0
Min <= -18.0:  0
Max Rain: 41.8 on day 6
Days of Rain: 24 (>= 0.2 mm)  14 (>= 2.0 mm)  1 (>= 20.0 mm)
Heat Base: 18.3  Cool Base: 18.3  Method: Integration
:now::gauges::today::yesterday::this month::this year::records::monthly records::top 10::trends::NOAA records::garden::forum:


Page updated 13/11/2018 19:05:05
powered by Cumulus v3.0.0 (3042)