Spring weather

 Latitude N 54° 47' 06"    Longitude W 01° 35' 42"    Elevation 102 m

NOAA Style Reports for Spring Weather

Select a Year or Month report

Report for 2011 Sep
                   Monthly Climatological Summary for Sep 2011

Name: Spring weather   City: Durham   State: Co Durham
Elevation: 102 m  Lat: N 54 47 06   Lon: W 001 35 42

                  Temperature (C), Rain (mm), Wind Speed (mph)

                                      Heat  Cool        Avg
    Mean                              Deg   Deg         Wind                 Dom
Day Temp  High   Time   Low    Time   Days  Days  Rain  Speed High   Time    Dir
----------------------------------------------------------------------------------
 1  13.9  18.7   13:24  10.3   06:15   4.4   0.0   0.0   0.5  10.0   14:53     S
 2  14.8  19.1   17:12  11.4   03:12   3.5   0.0   0.0   1.7  17.0   17:52    SW
 3  16.0  20.2   14:01  13.8   03:28   2.3   0.0   1.8   1.0  13.0   09:04    SW
 4  15.1  18.9   12:19  11.9   21:50   3.2   0.0   0.0   0.2   9.0   16:02   SSE
 5  12.8  17.1   14:16   8.6   05:57   5.5   0.0   1.2   2.0  24.0   18:21   WSW
 6  14.0  16.9   10:42  11.9   02:06   4.3   0.0   6.4   5.7  31.0   13:05   WSW
 7  13.7  18.0   13:55  11.2   23:35   4.6   0.0   0.0   4.1  27.0   15:01     W
 8  13.4  18.2   16:06  10.1   03:26   4.9   0.0   2.4   1.5  19.0   10:40     W
 9  14.9  18.7   12:54  11.5   06:30   3.4   0.0   0.0   1.4  18.0   16:45   WSW
10  17.0  22.7   15:44  12.8   22:29   1.3   0.0   2.8   1.5  20.0   18:24   SSW
11  14.0  16.8   11:02  11.7   04:08   4.3   0.0   0.2   3.2  29.0   15:49    SW
12  14.8  17.4   09:31  12.1   04:11   3.5   0.0   3.0   8.7  44.0   14:37   WSW
13  13.2  16.4   15:48  11.1   22:39   5.1   0.0   0.0   7.0  30.0   15:25   WSW
14  13.3  17.2   12:41   8.9   23:56   5.0   0.0   0.0   3.4  24.0   14:00   WNW
15  10.7  15.8   12:32   5.1   07:11   7.6   0.0   0.0   0.5   8.0   00:18    SE
16  12.0  14.4   15:54   9.4   01:50   6.3   0.0   3.2   0.8  10.0   09:52   ESE
17  11.6  14.9   14:48   8.9   21:28   3.8   0.0   5.2   0.6  11.0   17:02   WSW
18  10.9  14.6   12:52   7.7   05:02   7.4   0.0   3.6   0.3   8.0   12:52   WNW
19  12.5  16.3   16:10   7.1   06:30   5.8   0.0   0.0   2.2  21.0   16:59   WSW
20  13.5  16.2   14:46  10.0   23:59   4.8   0.0   0.2   2.1  18.0   16:12   WSW
21  11.3  15.3   13:00   8.6   03:44   7.0   0.0   1.4   2.8  28.0   15:00   WSW
22  11.6  15.6   14:24   7.2   04:36   6.7   0.0   0.0   2.7  21.0   10:03   WSW
23  13.6  16.7   12:52  10.8   00:03   4.7   0.0   0.0   1.9  18.0   11:12   WSW
24  13.2  17.1   17:19  10.2   06:34   5.1   0.0   0.0   0.9  15.0   13:29    SW
25  14.3  19.2   16:49  10.9   01:15   4.0   0.0   0.0   1.4  18.0   14:58    SW
26  13.0  17.4   14:28   9.1   22:14   5.3   0.0   1.6   1.7  14.0   10:11   WSW
27  13.8  19.0   16:22   8.2   03:12   4.6   0.0   0.0   1.0  15.0   13:35    SW
28  17.1  25.3   16:38  11.7   04:16   2.8   1.6   0.0   0.5   9.0   13:25     S
29  18.3  25.6   16:33  13.7   05:13   1.9   1.9   0.0   0.7  12.0   09:00   SSW
30  17.7  25.2   15:42  11.6   03:42   2.5   1.9   0.0   0.5  11.0   16:06   SSW
----------------------------------------------------------------------------------
    13.9  25.6    29     5.1    15   135.6   5.4  33.0   2.1  44.0    12     WSW

Max >=  27.0:  0
Max <=   0.0:  0
Min <=   0.0:  0
Min <= -18.0:  0
Max Rain: 6.4 on day 6
Days of Rain: 13 (>= 0.2 mm)  7 (>= 2.0 mm)  0 (>= 20.0 mm)
Heat Base: 18.3  Cool Base: 18.3  Method: Integration
:now::gauges::today::yesterday::this month::this year::records::monthly records::trends::NOAA records::forum:


Page updated 24/05/2018 17:51:24
powered by Cumulus v3.0.0 (3042)