weather

 Latitude     Longitude     Elevation 

NOAA Style Reports for  Weather


Report for 2011 Nov
                   Monthly Climatological Summary for Nov 2011

Name: Spring weather   City: Durham   State: Co Durham
Elevation: 102 m  Lat: N 54 47 06   Lon: W 001 35 42

                  Temperature (C), Rain (mm), Wind Speed (mph)

                                      Heat  Cool        Avg
    Mean                              Deg   Deg         Wind                 Dom
Day Temp  High   Time   Low    Time   Days  Days  Rain  Speed High   Time    Dir
----------------------------------------------------------------------------------
 1   8.4  13.7   14:00   3.1   01:57  13.3   0.0   2.4   1.2  18.0   00:10   WSW
 2   9.1  12.1   15:30   5.4   02:00   9.2   0.0   0.6   1.4  14.0   11:30     S
 3  13.5  15.3   13:30  11.4   00:00   4.8   0.0   2.6   1.2  14.0   13:00     S
 4  11.6  14.2   15:00  10.2   00:00   6.7   0.0   3.0   0.3   9.0   01:00    SW
 5   9.1  10.9   15:00   5.6   00:00   9.2   0.0   0.2   0.4   9.0   20:30     W
 6   5.5  10.8   15:00   0.2   00:00  12.8   0.0   0.0   0.8   9.0   01:30     W
 7   4.5   9.6   00:00  -2.1   07:30  13.8   0.0   0.4   0.1   7.0   00:00   WNW
 8   9.9  10.3   08:00   9.3   02:00   8.4   0.0   0.2   0.9   9.0   07:30   ESE
 9  10.3  12.0   21:30   8.9   07:00   8.0   0.0   0.6   1.1  11.0   13:30     S
10  10.8  11.7   13:00   9.4   00:00   7.5   0.0   0.8   1.1  13.0   11:00   SSW
11   9.7  10.5   13:30   9.3   18:00   8.6   0.0   2.6   1.7  15.0   06:30    SE
12  10.5  13.7   14:00   9.1   19:00   7.8   0.0   1.0   0.9  12.0   02:30     S
13  10.0  11.3   12:30   6.2   00:00   8.3   0.0   0.4   0.2  10.0   19:00     E
14   8.1  10.2   13:00   4.8   02:00  10.2   0.0   0.0   0.6  11.0   14:30   ESE
15   8.8   9.9   13:30   7.4   17:30   9.5   0.0   0.0   0.7   9.0   11:30   ESE
16   7.7   8.9   13:30   6.7   23:30  10.6   0.0   0.0   0.5  11.0   23:30     S
17   8.7  11.9   12:30   6.7   01:00   9.6   0.0   0.0   2.0  17.0   19:30   SSW
18  10.8  13.5   14:00   7.9   00:00   7.5   0.0   0.0   2.0  16.0   01:30   SSW
19   7.9  10.1   00:00   5.7   23:00  10.4   0.0   0.0   0.9   8.0   09:00   SSW
20   5.2   7.1   15:00   2.6   04:00  13.1   0.0   0.2   1.0   9.0   15:30    SW
21   7.6   8.7   19:30   6.1   00:30  10.7   0.0   0.2   1.6  11.0   21:00    SW
22   7.2  10.3   13:00   2.9   21:00  11.1   0.0   0.8   0.6   9.0   22:00   WSW
23  10.4  12.4   21:30   4.8   01:00   7.9   0.0   0.0   4.2  22.0   14:30   WSW
24  12.3  13.3   12:30  11.4   19:00   6.0   0.0   0.4   6.1  29.0   10:00   WSW
25   6.2  12.1   00:00   3.2   23:00  12.1   0.0   4.8   4.9  29.0   15:00     W
26  10.9  13.2   23:30   5.3   00:00   7.4   0.0   0.2   8.1  43.0   00:00   WSW
27   8.7  13.3   04:30   5.0   22:30   9.6   0.0   1.2   9.0  51.0   03:00     W
28   6.8   9.2   12:30   4.6   01:00  11.5   0.0   0.0   2.3  20.0   00:00    SW
29   9.5  13.4   12:30   4.2   21:00   8.8   0.0   2.0   6.4  36.0   14:00   WSW
30   7.3   9.4   23:30   3.8   06:00  11.0   0.0   0.2   4.5  26.0   01:00    SW
----------------------------------------------------------------------------------
     8.9  15.3     3    -2.1     7   285.4   0.0  24.8   2.2  51.0    27      SW

Max >=  27.0:  0
Max <=   0.0:  0
Min <=   0.0:  1
Min <= -18.0:  0
Max Rain: 4.8 on day 25
Days of Rain: 21 (>= 0.2 mm)  6 (>= 2.0 mm)  0 (>= 20.0 mm)
Heat Base: 18.3  Cool Base: 18.3  Method: Integration


Page updated
powered by Cumulus v ()
Valid HTML Valid CSS