Spring weather

 Latitude N 54° 47' 06"    Longitude W 01° 35' 42"    Elevation 102 m

NOAA Style Reports for Spring Weather

Select a Year or Month report

Report for 2012 Mar
                   Monthly Climatological Summary for Mar 2012

Name: Spring weather   City: Durham   State: Co Durham
Elevation: 102 m  Lat: N 54 47 06   Lon: W 001 35 42"

                  Temperature (C), Rain (mm), Wind Speed (mph)

                                      Heat  Cool        Avg
    Mean                              Deg   Deg         Wind                 Dom
Day Temp  High   Time   Low    Time   Days  Days  Rain  Speed High   Time    Dir
----------------------------------------------------------------------------------
 1   8.8  13.0   12:40   5.3   23:55   9.5   0.0   0.0   2.4  17.0   13:05   WSW
 2   8.4  13.1   14:32   4.6   23:52   9.9   0.0   0.0   0.6   8.0   14:46   SSW
 3   6.0  10.8   14:44   2.8   01:50  12.3   0.0   2.4   1.8  21.0   15:09    SW
 4   3.3   4.6   08:29   2.2   12:24  15.0   0.0   4.0   1.3  13.0   21:10   WNW
 5   3.9   8.7   13:27  -0.1   23:49  14.4   0.0   0.0   2.4  14.0   02:52    NW
 6   4.1  10.5   14:13  -2.4   07:22  14.2   0.0   1.8   2.4  18.0   16:08    SW
 7   6.7   9.7   06:44   3.1   23:58  11.6   0.0   1.0   6.4  26.0   00:24   WSW
 8   7.2  11.0   15:43   3.1   00:00  11.1   0.0   0.0   4.5  23.0   23:26   WSW
 9  10.0  11.9   11:53   8.5   05:12   8.3   0.0   0.6   6.2  29.0   10:47   WSW
10  10.4  13.1   10:58   6.4   23:54   7.9   0.0   0.0   5.4  27.0   09:47     W
11  10.2  16.9   13:31   4.7   03:29   8.1   0.0   0.0   1.9  12.0   13:20     W
12   8.3  13.8   13:02   2.7   06:41  10.0   0.0   0.0   0.5   7.0   09:20     W
13   7.7   9.4   15:12   6.1   06:29  10.6   0.0   0.0   0.7   8.0   05:32     W
14   7.5  12.8   15:37   1.8   23:41  10.8   0.0   0.0   1.1  11.0   12:30    SW
15   7.0  14.4   15:10   2.2   00:00  11.3   0.0   0.0   1.2  11.0   08:05   WSW
16   9.2  12.3   16:14   3.9   02:18   9.1   0.0   0.0   3.7  21.0   08:48   WSW
17   7.8  12.2   11:42   3.8   23:44  10.5   0.0   0.0   0.5   7.0   00:23     W
18   6.0  11.7   15:14   2.2   03:45  12.3   0.0   0.0   1.0  11.0   17:15    NW
19   7.4  11.8   14:04   1.9   04:33  10.9   0.0   0.0   3.8  22.0   17:29   WSW
20  10.8  14.4   13:41   6.8   23:58   7.5   0.0   0.0   4.7  21.0   02:25   WSW
21   8.4  12.8   12:33   2.4   23:43   9.9   0.0   0.0   1.6  12.0   12:03    SW
22   6.2  13.8   12:19  -0.8   05:58  12.1   0.0   0.0   0.8   9.0   12:30    SE
23   7.3  11.3   14:12   4.3   01:40  11.0   0.0   0.2   0.3   8.0   12:14   ESE
24   9.8  17.7   15:48   4.3   02:30   8.5   0.0   0.0   0.4   7.0   15:38    SW
25  11.2  20.5   16:20   2.7   06:49   7.1   0.2   0.2   0.7   8.0   14:52    SW
26  11.1  21.5   16:22   1.8   06:05   7.7   0.5   0.0   0.5   7.0   13:38   SSW
27  11.8  23.5   16:44   2.2   05:46   7.3   0.8   0.0   0.5   6.0   17:09   SSE
28  12.4  21.4   16:34   3.4   05:56   6.4   0.5   0.0   1.5  10.0   12:32     W
29  13.4  19.6   16:23   8.2   07:16   5.0   0.1   0.0   2.2  12.0   17:45     W
30  11.2  19.3   15:53   3.6   07:15   7.1   0.0   0.0   1.9  17.0   18:36     W
31   7.0   9.1   15:19   1.9   23:38  11.3   0.0   0.6   1.4  12.0   10:46   NNE
----------------------------------------------------------------------------------
     8.4  23.5    27    -2.4     6   308.7   2.1  10.8   2.1  29.0     9     WSW

Max >=  27.0:  0
Max <=   0.0:  0
Min <=   0.0:  3
Min <= -18.0:  0
Max Rain: 4.0 on day 4
Days of Rain: 8 (>= 0.2 mm)  2 (>= 2.0 mm)  0 (>= 20.0 mm)
Heat Base: 18.3  Cool Base: 18.3  Method: Integration
:now::gauges::today::yesterday::this month::this year::records::monthly records::trends::NOAA records::forum:


Page updated 24/05/2018 17:51:24
powered by Cumulus v3.0.0 (3042)