Spring weather

 Latitude N 54° 47' 06"    Longitude W 01° 35' 42"    Elevation 102 m

NOAA Style Reports for Spring Weather


Report for 2012 Jul
                   Monthly Climatological Summary for Jul 2012

Name: Spring weather   City: Durham   State: Co Durham
Elevation: 102 m  Lat: N 54 47 06   Lon: W 001 35 42

                  Temperature (C), Rain (mm), Wind Speed (mph)

                                      Heat  Cool        Avg
    Mean                              Deg   Deg         Wind                 Dom
Day Temp  High   Time   Low    Time   Days  Days  Rain  Speed High   Time    Dir
----------------------------------------------------------------------------------
 1  13.1  18.4   15:33   8.8   04:24   5.2   0.0   0.0   3.2  22.0   15:18   WSW
 2  14.5  17.8   17:38  11.3   03:40   3.8   0.0   3.0   0.7   8.0   05:16     S
 3  17.2  22.3   16:22  14.4   06:48   1.6   0.5   0.0   0.6  10.0   10:50   SSW
 4  17.5  21.7   14:59  15.4   01:09   1.3   0.5   9.6   0.5   9.0   11:49   SSE
 5  16.3  20.9   17:04  13.9   04:28   2.2   0.2   1.2   0.2   8.0   16:34    SE
 6  14.3  15.6   12:30  13.5   04:53   4.0   0.0  14.2   0.6  12.0   11:52     S
 7  15.0  19.2   13:41  13.1   04:40   3.3   0.0   0.0   0.2   9.0   15:27   SSE
 8  14.1  17.2   19:09  12.3   05:17   4.2   0.0   0.8   0.0   7.0   18:55   WNW
 9  12.8  14.2   16:28  11.3   23:16   5.5   0.0   0.4   0.3   8.0   13:41   WNW
10  11.5  12.7   15:30  10.4   04:43   6.8   0.0   7.4   0.0   4.0   13:21     S
11  11.5  13.0   09:44  10.2   23:26   6.8   0.0  21.6   0.3   9.0   10:45   WNW
12  13.2  18.5   16:43   8.9   05:49   5.1   0.0   0.0   0.2   8.0   19:20   WNW
13  12.8  15.9   13:37  10.0   23:57   5.5   0.0   0.0   0.2   8.0   11:18   SSE
14  11.7  17.5   16:18   7.6   02:29   6.6   0.0   4.8   0.3   8.0   07:47     W
15  13.2  18.9   16:32   7.4   04:22   5.1   0.0   0.0   2.6  22.0   14:53     W
16  13.7  16.7   17:52  10.1   05:14   4.6   0.0   3.2   0.2  11.0   13:32   WSW
17  15.9  19.8   12:32  12.4   05:50   2.5   0.1   1.2   1.3  12.0   17:18     W
18  16.2  19.6   13:45  12.2   23:59   2.2   0.1   5.4   2.4  21.0   11:50     W
19  12.9  16.7   15:30  10.4   04:12   5.4   0.0   2.4   0.7  10.0   12:08   WNW
20  12.7  16.1   17:06   7.7   23:56   5.6   0.0   0.0   0.1   7.0   17:08     S
21  13.6  20.1   15:45   5.4   04:20   4.9   0.2   0.0   1.1  12.0   10:10   WNW
22  16.0  20.7   17:17  12.6   04:51   2.5   0.2   0.0   4.0  29.0   17:37   WSW
23  19.3  22.3   16:47  15.9   00:00   0.5   1.5   0.0   5.6  30.0   10:27   WSW
24  20.3  24.4   13:26  17.8   03:26   0.1   2.1   0.0   1.8  18.0   10:30   WSW
25  16.6  19.3   15:44  14.4   09:01   1.8   0.1   0.0   0.1   7.0   01:39     W
26  16.0  18.6   18:51  14.2   03:10   2.4   0.0   2.6   0.1   5.0   14:49   SSE
27  15.9  20.3   15:41  10.6   23:58   2.6   0.2   0.0   1.4  15.0   14:57   WNW
28  13.1  17.8   12:41   8.5   05:51   5.2   0.0   0.4   2.6  20.0   13:40   WSW
29  13.3  18.6   16:55   9.2   04:51   5.0   0.0   0.6   2.0  18.0   13:44   WSW
30  12.6  17.5   14:34   8.8   01:47   5.7   0.0   1.0   1.4  19.0   14:38     W
31  13.0  19.1   13:00   5.9   05:36   5.3   0.0   1.2   0.5  10.0   15:46   SSE
----------------------------------------------------------------------------------
    14.5  24.4    24     5.4    21   123.3   5.7  81.0   1.1  30.0    23     WSW

Max >=  27.0:  0
Max <=   0.0:  0
Min <=   0.0:  0
Min <= -18.0:  0
Max Rain: 21.6 on day 11
Days of Rain: 18 (>= 0.2 mm)  10 (>= 2.0 mm)  1 (>= 20.0 mm)
Heat Base: 18.3  Cool Base: 18.3  Method: Integration
:now::gauges::today::yesterday::this month::this year::records::monthly records::top 10::trends::NOAA records::garden::forum:


Page updated 15/11/2018 16:40:02
powered by Cumulus v3.0.0 (3042)