Spring weather

 Latitude N 54° 47' 06"    Longitude W 01° 35' 42"    Elevation 102 m

NOAA Style Reports for Spring Weather


Report for 2012 Aug
                   Monthly Climatological Summary for Aug 2012

Name: Spring weather   City: Durham   State: Co Durham
Elevation: 102 m  Lat: N 54 47 06   Lon: W 001 35 42

                  Temperature (C), Rain (mm), Wind Speed (mph)

                                      Heat  Cool        Avg
    Mean                              Deg   Deg         Wind                 Dom
Day Temp  High   Time   Low    Time   Days  Days  Rain  Speed High   Time    Dir
----------------------------------------------------------------------------------
 1  16.8  19.8   16:13  13.3   00:00   1.7   0.2   1.0   1.1  15.0   18:51     S
 2  15.8  21.6   16:25  11.3   05:30   3.0   0.5   0.6   1.1  16.0   12:14   WSW
 3  15.6  20.3   12:59  10.1   06:39   3.0   0.4   0.0   0.4   9.0   11:30    SW
 4  16.8  21.8   14:48  12.9   06:02   2.2   0.8   0.2   0.3   8.0   14:36    SE
 5  15.4  21.8   12:36  12.3   23:57   3.1   0.3   1.2   0.2   9.0   13:42   WSW
 6  14.2  18.6   11:56  11.3   05:58   4.1   0.0  17.4   0.5  13.0   16:06   WNW
 7  16.4  22.4   16:49  12.2   05:06   2.5   0.6   0.0   1.2  10.0   02:57   WNW
 8  16.6  21.6   16:02  11.8   23:52   2.4   0.7   0.0   0.5   8.0   11:03   WNW
 9  15.8  23.6   17:05   7.9   05:57   3.7   1.2   0.0   0.4  10.0   16:08   WNW
10  14.9  20.4   15:00   9.7   04:18   3.7   0.3   0.0   0.4   9.0   14:35    SE
11  15.0  19.8   16:35   9.4   05:00   3.5   0.2   0.0   1.1  11.0   11:28   ESE
12  16.1  20.9   14:03  12.1   01:53   2.6   0.3   1.0   1.2  13.0   12:10   ESE
13  17.8  22.2   16:16  13.8   05:17   1.6   1.1   0.0   0.6  12.0   14:27   SSE
14  19.1  25.3   17:02  13.8   23:57   1.2   1.9   0.0   0.7  10.0   11:59    SW
15  16.5  22.4   13:12  12.2   04:55   2.4   0.7  21.4   1.1  16.0   14:13    SE
16  16.5  21.7   18:04  12.4   04:18   2.3   0.5   1.0   1.3  22.0   12:04    SW
17  17.9  21.2   15:43  16.1   03:54   0.9   0.5   7.6   1.3  15.0   09:33     S
18  18.6  22.7   18:18  13.5   23:59   1.0   1.2   0.8   1.7  17.0   16:14   WSW
19  15.6  22.6   12:14  12.4   04:27   3.1   0.4   5.8   0.0   4.0   02:34     W
20  15.5  21.7   17:08  10.3   06:31   3.2   0.5   1.0   1.3  14.0   19:01   WSW
21  16.4  21.6   16:14  12.3   03:39   2.4   0.5   0.0   1.0  14.0   16:46   WSW
22  15.3  19.7   13:05  10.8   06:00   3.1   0.1   0.0   3.3  22.0   13:44   WSW
23  14.3  18.1   12:16  10.8   03:09   4.0   0.0   0.2   1.3  16.0   14:17   WSW
24  14.5  18.5   14:06  11.7   06:00   3.8   0.0   1.4   0.4  12.0   15:29    SE
25  13.9  14.8   16:31  13.2   22:14   4.4   0.0  11.4   0.1   7.0   18:43   WNW
26  13.2  16.7   14:31   9.5   23:22   5.1   0.0   0.6   0.6   8.0   01:33   WNW
27  13.6  15.7   14:34   9.9   00:00   4.7   0.0   2.8   1.5  17.0   18:14     S
28  15.0  19.1   13:31  10.3   23:58   3.3   0.0   0.4   3.4  22.0   15:17   WSW
29  13.2  18.2   18:27  10.0   00:12   5.1   0.0   1.4   0.7  12.0   09:42   SSW
30  10.9  13.5   17:53   5.7   23:46   7.4   0.0  14.0   0.7  12.0   15:16    NW
31  10.0  15.9   14:34   2.5   06:01   8.3   0.0   0.4   0.7  10.0   13:19     W
----------------------------------------------------------------------------------
    15.4  25.3    14     2.5    31   102.8  12.9  91.6   1.0  22.0    16      SW

Max >=  27.0:  0
Max <=   0.0:  0
Min <=   0.0:  0
Min <= -18.0:  0
Max Rain: 21.4 on day 15
Days of Rain: 21 (>= 0.2 mm)  7 (>= 2.0 mm)  1 (>= 20.0 mm)
Heat Base: 18.3  Cool Base: 18.3  Method: Integration
:now::gauges::today::yesterday::this month::this year::records::monthly records::top 10::trends::NOAA records::garden::forum:


Page updated 15/11/2018 17:50:05
powered by Cumulus v3.0.0 (3042)