Spring weather

 Latitude N 54° 47' 06"    Longitude W 01° 35' 42"    Elevation 102 m

NOAA Style Reports for Spring Weather


Report for 2012 Sep
                   Monthly Climatological Summary for Sep 2012

Name: Spring weather   City: Duham   State: Co Durham
Elevation: 102 m  Lat: N 54° 47' 06"   Lon: W 001° 35' 42"

                  Temperature (°C), Rain (mm), Wind Speed (mph)

                                      Heat  Cool        Avg
    Mean                              Deg   Deg         Wind                 Dom
Day Temp  High   Time   Low    Time   Days  Days  Rain  Speed High   Time    Dir
----------------------------------------------------------------------------------
01  15.6  19.1   13:53  12.1   00:00   2.7   0.0   0.0   2.8  21.0   15:55   WSW
02  17.3  21.9   14:40  12.9   23:30   1.8   0.8   0.0   1.7  13.0   00:30     W
03  16.9  22.8   12:56  11.6   03:53   2.4   1.0   0.0   1.3  15.0   17:53   WSW
04  15.8  18.2   15:05  11.1   23:54   2.5   0.0   0.0   2.6  19.0   04:41     W
05  13.3  18.3   14:29   9.3   03:40   5.0   0.0   0.0   0.9  12.0   09:34   WNW
06  13.3  18.6   17:20   6.7   05:42   5.0   0.0   0.0   3.4  32.0   14:22   WSW
07  18.3  22.7   14:09  15.2   07:17   1.2   1.2   0.0   2.4  18.0   01:10     W
08  18.1  22.7   12:39  12.6   23:59   1.4   1.2   0.0   1.3  14.0   14:41   WSW
09  15.8  23.4   16:11   9.5   03:40   3.3   0.9   0.0   0.9  16.0   17:01    SW
10  15.8  17.5   14:52  10.2   23:53   2.5   0.0   1.6   1.6  16.0   18:35   WSW
11  10.4  15.3   13:58   6.8   04:46   7.9   0.0   0.6   1.9  18.0   16:02     W
12  10.0  14.0   11:01   6.7   02:51   8.3   0.0   4.6   0.3  10.0   10:32     W
13  11.1  15.6   12:58   4.9   04:17   7.2   0.0   0.4   3.0  29.0   21:28   WSW
14  13.9  16.3   14:26  11.5   23:39   4.4   0.0   0.0   4.6  26.0   00:02     W
15  13.7  19.3   13:38   9.3   05:55   4.6   0.0   0.0   1.6  15.0   13:46   WSW
16  13.6  17.1   17:00   9.9   23:50   4.7   0.0   1.0   2.0  24.0   12:54   WSW
17  11.3  16.1   13:47   6.6   03:58   7.0   0.0   0.4   2.9  23.0   12:27   WSW
18  10.1  14.2   15:45   7.4   06:58   8.2   0.0   0.2   2.7  21.0   12:19   WNW
19   9.9  15.2   15:34   6.0   06:53   8.4   0.0   0.0   1.6  15.0   14:58   WNW
20  10.8  14.6   16:14   7.8   03:09   7.5   0.0   9.0   0.9  14.0   18:14   WSW
21   9.0  12.8   14:55   3.7   23:56   9.3   0.0   2.8   0.4  10.0   01:30   WNW
22   7.9  14.4   15:57   2.3   06:21  10.5   0.0   0.0   0.3   8.0   11:57   SSW
23   8.1  12.7   13:01   1.3   07:25  10.2   0.0   2.2   1.1  13.0   16:32   ESE
24  10.0  10.9   21:11   9.1   02:35   8.3   0.0  36.8   2.2  21.0   11:16   ESE
25  10.2  11.1   01:55   8.9   22:47   8.1   0.0  31.0   1.4  15.0   05:51    NW
26  11.3  14.1   12:40   9.3   00:00   7.0   0.0   0.4   0.4  11.0   19:36    NW
27  10.1  13.1   13:23   8.2   04:53   8.2   0.0   3.2   0.2   9.0   16:30   WNW
28  11.5  15.0   15:59   8.1   22:57   6.8   0.0   0.0   2.4  19.0   13:11   WSW
29  10.7  13.8   12:43   8.0   01:50   7.6   0.0   0.0   3.1  22.0   08:26     W
30  13.4  17.2   14:31   9.3   00:00   4.9   0.0   0.4   3.7  24.0   15:03   WSW
----------------------------------------------------------------------------------
    12.6  23.4     9     1.3    23   176.9   5.1  94.6   1.9  32.0     6       W

Max >=  27.0  0
Max <=   0.0  0
Min <=   0.0  0
Min <= -18.0  0
Max Rain: 36.8 on day 24
Days of Rain: 15 (>= 0.2 mm)  7 (>= 2.0 mm)  2 (>= 20.0 mm)
Heat Base: 18.3  Cool Base: 18.3  Method: Integration


Page updated 29/11/2020 01:35:03
powered by Cumulus v3.9.1 (3096)
Valid HTML Valid CSS