Spring weather

 Latitude N 54° 47' 06"    Longitude W 01° 35' 42"    Elevation 102 m

NOAA Style Reports for Spring Weather

Select a Year or Month report

Report for 2012 Nov
                   Monthly Climatological Summary for Nov 2012

Name: Spring weather   City: Durham   State: Co Durham
Elevation: 102 m  Lat: N 54 47 06   Lon: W 001 35 42

                  Temperature (C), Rain (mm), Wind Speed (mph)

                                      Heat  Cool        Avg
    Mean                              Deg   Deg         Wind                 Dom
Day Temp  High   Time   Low    Time   Days  Days  Rain  Speed High   Time    Dir
----------------------------------------------------------------------------------
 1   4.9   8.4   13:33   2.2   20:01  13.4   0.0   0.4   0.9  13.0   13:21   WSW
 2   5.0   8.2   11:58   2.2   03:26  13.3   0.0   0.8   2.1  22.0   13:44    SW
 3   3.2   7.4   14:44   0.7   23:58  15.1   0.0   0.0   0.6  11.0   11:33   WSW
 4   1.3   5.1   15:35  -0.3   04:23  17.0   0.0   0.2   0.2   7.0   09:33    SW
 5   3.7   8.9   14:43   0.5   01:42  14.6   0.0   0.2   0.9   9.0   10:20   WNW
 6   7.3  10.8   16:00   0.2   02:24  11.0   0.0   1.4   3.9  24.0   20:11     W
 7   9.7  11.4   12:29   8.1   02:08   8.6   0.0   0.2   5.4  27.0   11:22   WSW
 8   9.1  11.3   13:54   5.7   23:15   9.3   0.0   0.0   3.7  24.0   11:30     W
 9   9.0  10.3   13:45   7.0   00:00   9.3   0.0   0.0   2.8  21.0   08:57    SW
10   5.5   9.5   12:59   1.2   23:46  12.8   0.0   0.0   0.6  13.0   13:00   WSW
11   5.1   9.3   12:48   1.2   00:00  13.2   0.0   0.2   0.9  10.0   10:59     W
12   6.4  12.2   22:27  -0.1   02:04  11.9   0.0   0.6   1.1  14.0   22:12    SW
13  12.1  13.4   07:23  10.8   00:06   6.2   0.0   0.2   3.7  25.0   07:22   WSW
14  10.6  13.1   11:51   8.2   21:52   7.7   0.0   0.0   2.2  18.0   10:56   WSW
15   9.4  11.7   14:26   6.2   23:50   8.9   0.0   0.0   0.4   8.0   15:17   WSW
16   5.6   7.7   14:25   2.7   07:44  12.8   0.0   2.6   0.5   8.0   13:44    SW
17   5.5   9.0   14:05   1.4   22:30  12.8   0.0   3.2   0.9  13.0   14:18   WSW
18   3.5   7.2   11:59  -0.1   04:31  14.8   0.0   0.4   0.9  12.0   23:10    SW
19   7.1  10.8   21:38   4.3   03:52  11.2   0.0   5.0   4.1  22.0   05:16   SSW
20  10.4  12.8   14:18   8.6   22:23   7.9   0.0   0.8   2.9  19.0   15:32    SW
21   6.8   9.1   00:25   4.1   21:01  11.5   0.0   5.8   0.4  14.0   00:16   SSW
22   7.9  12.1   13:30   4.2   02:20  10.4   0.0   3.4   4.7  32.0   15:19    SW
23   5.8   9.1   12:07   2.5   23:58  12.5   0.0   0.4   2.1  18.0   12:47   WSW
24   2.0   6.0   21:30  -1.2   08:14  16.3   0.0   4.0   0.3  10.0   20:40   ESE
25   6.2   7.9   04:04   4.3   20:51  12.2   0.0  13.8   2.4  21.0   11:56   WNW
26   6.5   7.4   10:36   4.4   00:00  11.8   0.0  35.0   1.8  13.0   10:54   NNE
27   6.2   7.9   11:34   4.8   20:56  12.2   0.0  14.8   2.5  15.0   03:47   NNE
28   3.9   5.6   13:43   1.9   23:59  14.4   0.0   0.6   2.7  16.0   02:52    NW
29   1.4   4.8   13:42  -1.3   22:14  16.9   0.0   0.0   1.5  10.0   01:45   WNW
30  -0.6   3.3   13:22  -3.5   06:22  18.9   0.0   0.2   0.6   7.0   11:22   WNW
----------------------------------------------------------------------------------
     6.0  13.4    13    -3.5    30   368.9   0.0  94.2   1.9  32.0    22     WSW

Max >=  27.0:  0
Max <=   0.0:  0
Min <=   0.0:  6
Min <= -18.0:  0
Max Rain: 35.0 on day 26
Days of Rain: 23 (>= 0.2 mm)  9 (>= 2.0 mm)  1 (>= 20.0 mm)
Heat Base: 18.3  Cool Base: 18.3  Method: Integration
:now::gauges::today::yesterday::this month::this year::records::monthly records::trends::NOAA records::forum:


Page updated 25/02/2018 05:35:16
powered by Cumulus v3.0.0 (3042)