Spring weather

 Latitude N 54° 47' 06"    Longitude W 01° 35' 42"    Elevation 102 m

NOAA Style Reports for Spring Weather


Report for 2012 Dec
                   Monthly Climatological Summary for Dec 2012

Name: Spring weather   City: Duham   State: Co Durham
Elevation: 102 m  Lat: N 54° 47' 06"   Lon: W 001° 35' 42"

                  Temperature (°C), Rain (mm), Wind Speed (mph)

                                      Heat  Cool        Avg
    Mean                              Deg   Deg         Wind                 Dom
Day Temp  High   Time   Low    Time   Days  Days  Rain  Speed High   Time    Dir
----------------------------------------------------------------------------------
01   1.8   3.9   12:52  -0.2   23:12  16.5   0.0   1.4   2.4  15.0   11:57   WNW
02   0.3   4.2   13:54  -2.1   20:18  17.5   0.0   0.0   1.3   9.0   12:08   WNW
03   2.7   5.9   12:45  -0.7   00:13  15.6   0.0   4.2   3.0  25.0   17:30     W
04   3.3   5.8   13:42   1.1   23:27  15.0   0.0   0.8   2.1  18.0   00:18     W
05   0.3   2.1   12:59  -2.0   21:15  18.0   0.0   0.2   2.6  16.0   09:50   WNW
06   0.0   3.2   14:17  -4.3   03:56  18.3   0.0   3.8   1.6  19.0   14:13    SW
07   3.5   4.6   15:00   1.2   02:34  14.8   0.0   6.2   2.9  17.0   04:29   WNW
08   5.0   8.6   18:39   0.8   08:31  13.3   0.0   0.2   2.9  27.0   23:22     W
09   6.5   8.4   02:40   3.7   23:33  11.8   0.0   0.0   6.3  26.0   06:11     W
10   2.8   5.1   13:29   1.3   20:36  15.5   0.0   3.2   1.8  15.0   00:14    NW
11   1.0   4.3   13:45  -1.9   23:56  17.4   0.0   0.2   0.4   8.0   10:08     W
12  -0.3   3.5   12:48  -3.1   23:21  18.6   0.0   0.2   0.1   5.0   00:52     W
13  -2.2   1.1   12:03  -4.7   23:36  20.5   0.0   0.2   0.1   8.0   17:19   WSW
14   2.2   5.9   17:08  -4.4   00:00  16.2   0.0   8.8   1.9  18.0   15:43    SE
15   6.6   8.3   11:40   4.2   00:00  11.7   0.0   0.0   3.7  20.0   05:44   WSW
16   4.4   6.7   14:04   2.7   08:45  13.9   0.0   0.2   0.5   8.0   11:49   SSW
17   4.7   5.7   13:45   3.8   07:53  13.6   0.0   2.8   0.3   5.0   00:17    SW
18   6.3   7.7   11:49   5.1   20:34  12.0   0.0   0.4   0.6   9.0   03:48    NW
19   5.6   6.4   13:08   3.7   02:45  12.7   0.0   0.2   2.0  15.0   22:43    SE
20   5.4   6.2   00:00   5.1   06:52  12.9   0.0  21.2   3.9  24.0   09:03   ESE
21   5.4   5.6   04:20   4.9   23:04  13.0   0.0   5.2   0.7  11.0   02:17   ESE
22   5.8   7.0   23:59   3.8   04:50  12.5   0.0   8.8   1.0  11.0   12:17    SE
23   8.4  11.2   04:35   6.9   00:00   9.9   0.0   0.4   8.3  44.0   11:14   WSW
24   5.9   8.1   03:16   3.7   22:38  12.4   0.0   0.8   1.5  14.0   00:10    SW
25   4.7   6.2   20:31   3.1   18:40  13.6   0.0   2.8   1.2  24.0   20:20   WSW
26   5.4   7.7   12:32   3.7   02:40  12.9   0.0   5.2   2.0  15.0   00:09   WSW
27   3.9   5.8   01:18   1.8   20:30  14.4   0.0   2.8   1.3  15.0   01:15    NE
28   7.2  11.8   19:23   1.9   00:00  11.1   0.0   3.4   4.9  29.0   14:28    SW
29   7.7  12.1   00:55   3.3   20:36  10.6   0.0   3.0   3.4  24.0   03:07    SW
30   5.6  10.4   23:19   1.9   07:14  12.6   0.0   1.0   6.9  31.0   20:51   WSW
31   8.5  11.0   02:48   3.1   22:35   9.8   0.0   1.4   7.2  38.0   04:26   WSW
----------------------------------------------------------------------------------
     4.1  12.1    29    -4.7    13   438.6   0.0  89.0   2.5  44.0    23     WSW

Max >=  27.0  0
Max <=   0.0  0
Min <=   0.0  9
Min <= -18.0  0
Max Rain: 21.2 on day 20
Days of Rain: 28 (>= 0.2 mm)  14 (>= 2.0 mm)  1 (>= 20.0 mm)
Heat Base: 18.3  Cool Base: 18.3  Method: Integration


Page updated 29/11/2020 01:00:02
powered by Cumulus v3.9.1 (3096)
Valid HTML Valid CSS