Spring weather

 Latitude N 54° 47' 06"    Longitude W 01° 35' 42"    Elevation 102 m

NOAA Style Reports for Spring Weather

Select a Year or Month report

Report for 2013 Feb
                   Monthly Climatological Summary for Feb 2013

Name: Spring weather   City: Durham   State: Co Durham
Elevation: 102 m  Lat: N 54 47 06   Lon: W 001 35 42

                  Temperature (C), Rain (mm), Wind Speed (mph)

                                      Heat  Cool        Avg
    Mean                              Deg   Deg         Wind                 Dom
Day Temp  High   Time   Low    Time   Days  Days  Rain  Speed High   Time    Dir
----------------------------------------------------------------------------------
 1   4.8   7.3   12:10   1.7   23:37  13.5   0.0   1.6   3.8  21.0   00:34     W
 2   1.6   4.5   13:53  -0.4   22:15  16.7   0.0   0.4   2.2  15.0   11:43   WNW
 3   6.8   9.7   12:46  -0.3   00:00  11.5   0.0   0.2   6.3  35.0   11:38   WSW
 4   5.9  10.6   01:41   2.5   23:21  12.4   0.0   1.4   8.7  35.0   08:56     W
 5   2.8   5.3   15:10   0.2   05:03  15.5   0.0   0.8   6.4  25.0   10:37     W
 6   3.3   4.9   14:55   2.1   07:25  15.0   0.0   2.0   3.6  20.0   12:30   NNW
 7   2.2   4.3   14:18   0.4   06:08  16.1   0.0   0.0   2.1  14.0   01:09   WNW
 8   2.9   6.1   14:29   0.7   00:47  15.4   0.0   0.2   1.9  14.0   10:25   WNW
 9   3.6   6.9   13:09   1.9   06:17  14.7   0.0   0.0   0.3   7.0   01:17   WNW
10   2.4   4.2   12:01   1.1   07:44  15.9   0.0   3.2   2.2  20.0   19:14   ESE
11   2.7   3.7   11:41   1.9   00:00  15.6   0.0   0.2   2.5  18.0   11:44   ESE
12   2.2   2.9   10:55   1.2   23:42  16.1   0.0   0.0   0.5  10.0   00:50   ESE
13   0.1   1.2   00:00  -0.4   11:03  18.2   0.0   0.0   3.9  26.0   18:25   SSW
14   4.2   8.6   13:32   1.0   08:34  14.1   0.0   3.8   2.0  18.0   00:37   WSW
15   5.6   9.4   16:05   1.4   23:59  12.7   0.0   0.0   2.0  15.0   04:51     W
16   5.3   9.3   14:26   0.2   01:00  13.0   0.0   0.0   0.7  10.0   12:22   SSW
17   4.3   8.9   15:31   0.2   07:18  14.0   0.0   0.0   0.6  13.0   12:44   SSW
18   2.9   7.1   14:44  -1.3   23:46  15.3   0.0   0.0   1.6  13.0   12:18   SSW
19   2.2   5.8   11:29  -2.9   05:03  16.1   0.0   0.8   0.3   9.0   12:28     N
20   2.9   4.5   00:01   1.6   22:18  15.4   0.0   0.4   1.4  13.0   10:32   SSE
21   1.7   2.7   11:40   1.0   20:59  16.6   0.0   0.0   0.9  14.0   11:49   SSE
22   1.8   2.6   21:34   0.9   04:14  16.5   0.0   0.0   0.7  10.0   10:25   ESE
23   0.8   2.1   13:24  -0.2   05:28  17.5   0.0   3.6   0.1   5.0   01:25     N
24   1.3   3.7   13:40  -1.0   03:30  17.0   0.0   5.2   0.3   9.0   11:30     N
25   3.9   5.7   12:36   1.6   00:00  14.4   0.0   1.2   1.2  10.0   12:31    NE
26   3.8   5.8   13:12   0.7   23:41  14.5   0.0   0.0   0.5   8.0   12:01     E
27   2.9  10.2   15:53  -0.9   23:54  15.4   0.0   0.0   0.2   5.0   14:01     E
28   3.5   8.8   14:50  -2.3   03:08  14.8   0.0   0.2   0.6   8.0   15:02   NNE
----------------------------------------------------------------------------------
     3.2  10.6     4    -2.9    19   423.9   0.0  25.2   2.0  35.0     3       W

Max >=  27.0:  0
Max <=   0.0:  0
Min <=   0.0:  9
Min <= -18.0:  0
Max Rain: 5.2 on day 24
Days of Rain: 16 (>= 0.2 mm)  5 (>= 2.0 mm)  0 (>= 20.0 mm)
Heat Base: 18.3  Cool Base: 18.3  Method: Integration
:now::gauges::today::yesterday::this month::this year::records::monthly records::trends::NOAA records::forum:


Page updated 24/05/2018 17:51:24
powered by Cumulus v3.0.0 (3042)