Spring weather

 Latitude N 54° 47' 06"    Longitude W 01° 35' 42"    Elevation 102 m

NOAA Style Reports for Spring Weather


Report for 2013 Mar
                   Monthly Climatological Summary for Mar 2013

Name: Spring weather   City: Duham   State: Co Durham
Elevation: 102 m  Lat: N 54° 47' 06"   Lon: W 001° 35' 42"

                  Temperature (°C), Rain (mm), Wind Speed (mph)

                                      Heat  Cool        Avg
    Mean                              Deg   Deg         Wind                 Dom
Day Temp  High   Time   Low    Time   Days  Days  Rain  Speed High   Time    Dir
----------------------------------------------------------------------------------
01   4.9   7.0   12:40  -0.8   23:33  13.4   0.0   0.0   0.9  11.0   16:02   NNE
02   4.9  11.3   16:33  -2.6   05:12  13.4   0.0   0.2   0.8  11.0   09:18    NW
03   6.7   8.5   14:28   5.5   07:40  11.5   0.0   0.0   0.0   6.0   21:38    NW
04   3.0   5.9   00:00   0.0   22:21  15.3   0.0   0.0   1.1  12.0   13:56   SSW
05   2.7   8.6   14:04  -1.9   07:45  15.6   0.0   0.0   0.8   9.0   01:43   WSW
06   3.7   4.8   14:31   2.3   02:54  14.6   0.0   0.2   0.4   7.0   13:28   ENE
07   5.1   6.3   11:36   4.6   00:00  13.2   0.0   0.6   1.4  15.0   22:41     E
08   4.1   4.8   00:00   3.3   23:12  14.2   0.0   2.0   2.0  13.0   01:36     E
09   2.7   3.4   00:00   2.3   20:21  15.6   0.0   6.6   1.8  13.0   05:17   ENE
10   1.0   2.6   02:00  -2.3   23:59  17.3   0.0   1.8   3.0  18.0   15:30   ENE
11  -0.7   1.3   12:32  -2.8   04:09  19.0   0.0   0.4   3.0  23.0   11:40   ENE
12   2.0   6.0   15:08  -1.5   04:17  16.3   0.0   0.6   1.9  13.0   08:37    NW
13   1.3   4.9   11:46  -1.3   23:45  17.0   0.0   0.6   1.9  13.0   08:24    NW
14   2.0   6.4   13:08  -3.3   06:34  16.3   0.0   0.8   2.1  13.0   16:43   WSW
15   4.6   8.0   15:45   1.3   23:55  13.7   0.0   0.2   1.8  17.0   13:06    SW
16   4.5   8.1   14:45   1.1   00:13  13.8   0.0   3.4   0.9  12.0   13:47   WSW
17   3.5   6.7   13:42   0.8   18:52  14.8   0.0   7.2   1.3  14.0   09:42     S
18   2.3   3.9   03:26   0.8   19:54  16.0   0.0  13.2   1.9  18.0   06:43     E
19   2.7   3.8   15:14   1.4   00:00  15.6   0.0   6.8   1.2  15.0   22:13     E
20   1.6   2.7   10:40  -0.6   23:05  16.7   0.0   1.6   1.3  12.0   06:17   ESE
21   1.2   3.8   13:42  -1.5   03:39  17.1   0.0   0.2   1.5  14.0   14:32   ESE
22   1.7   2.2   01:15   0.9   17:29  16.6   0.0   0.0   5.4  22.0   11:47   ESE
23   0.9   1.8   00:00   0.3   04:24  17.4   0.0   0.0   5.8  23.0   08:30   ESE
24   1.4   2.7   15:58   0.7   03:47  16.9   0.0   0.4   5.3  24.0   10:19     E
25   1.3   2.3   14:40   0.1   23:54  17.0   0.0   0.2   3.2  17.0   19:45     E
26   0.9   1.8   10:07  -0.1   00:13  17.4   0.0   1.2   2.3  16.0   12:01     E
27   1.5   2.9   11:03   0.1   06:02  16.8   0.0   1.4   2.0  16.0   11:59     E
28   2.1   4.0   16:01   0.1   01:02  16.2   0.0   0.2   1.6  13.0   09:22     E
29   1.6   4.6   14:19  -0.8   21:28  16.7   0.0   0.4   0.6  10.0   12:53     E
30   1.9   5.8   14:38  -2.2   23:55  16.4   0.0   0.4   0.8  15.0   11:42     E
31   1.2   5.2   14:55  -3.1   03:06  16.4   0.0   0.0   1.1  11.0   14:37   ESE
----------------------------------------------------------------------------------
     2.5  11.3     2    -3.3    14   488.2   0.0  50.6   1.9  24.0    24       E

Max >=  27.0  0
Max <=   0.0  0
Min <=   0.0 15
Min <= -18.0  0
Max Rain: 13.2 on day 18
Days of Rain: 24 (>= 0.2 mm)  6 (>= 2.0 mm)  0 (>= 20.0 mm)
Heat Base: 18.3  Cool Base: 18.3  Method: Integration


Page updated 27/11/2020 19:20:01
powered by Cumulus v3.9.1 (3096)
Valid HTML Valid CSS