Spring weather

 Latitude N 54° 47' 06"    Longitude W 01° 35' 42"    Elevation 102 m

NOAA Style Reports for Spring Weather


Report for 2013 Apr
                   Monthly Climatological Summary for Apr 2013

Name: Spring weather   City: Duham   State: Co Durham
Elevation: 102 m  Lat: N 54° 47' 06"   Lon: W 001° 35' 42"

                  Temperature (°C), Rain (mm), Wind Speed (mph)

                                      Heat  Cool        Avg
    Mean                              Deg   Deg         Wind                 Dom
Day Temp  High   Time   Low    Time   Days  Days  Rain  Speed High   Time    Dir
----------------------------------------------------------------------------------
01   3.1   5.6   14:48   1.6   01:49  15.2   0.0   0.0   1.6  14.0   11:16     E
02   3.3   5.6   15:32   1.1   07:28  15.0   0.0   0.6   0.9  13.0   13:46     E
03   3.2   7.7   14:25  -1.4   03:08  15.1   0.0   0.0   1.3  13.0   14:36   ENE
04   3.4   6.7   15:25   0.1   05:28  14.9   0.0   1.6   1.9  14.0   11:44   ENE
05   4.2   6.1   15:00   2.2   05:06  20.8   0.0   0.2   1.7  14.0   10:30    NE
06   5.4  10.6   16:24   0.7   06:50  12.9   0.0   0.0   1.3  12.0   17:22     W
07   3.6   8.3   12:55  -1.1   06:35  14.7   0.0   0.0   0.9  10.0   16:17     E
08   3.1   4.3   10:29   2.3   23:59  15.2   0.0   1.2   2.2  16.0   15:20   ESE
09   3.4   5.3   12:30   1.7   01:15  14.9   0.0   0.0   1.4  15.0   12:04     E
10   4.8   8.3   16:20   3.2   05:55  13.5   0.0   0.0   0.6  10.0   20:44   ESE
11   4.3   6.7   14:26   2.5   06:24  14.0   0.0   0.0   1.1  11.0   17:15   ESE
12   4.1   4.9   15:26   3.1   03:39  14.2   0.0   1.2   0.4   8.0   07:15   ESE
13   8.2  14.3   14:56   3.9   00:00  10.1   0.0   0.6   1.7  17.0   15:36     S
14  13.4  17.3   10:57  10.2   00:00   4.9   0.0   0.2   6.4  33.0   11:43    SW
15  12.2  15.3   16:10  10.3   21:44   6.1   0.0   0.2   7.8  33.0   13:32   WSW
16  11.1  13.3   14:10   8.1   23:52   7.2   0.0   0.2   8.2  35.0   12:55   WSW
17  10.6  17.1   16:27   5.3   04:47   7.7   0.0   1.0   4.8  40.0   20:57    SW
18   9.3  11.7   15:22   7.7   22:09   9.0   0.0   0.6   9.6  37.0   05:38   WSW
19   7.4  11.3   15:44   3.8   23:25  10.9   0.0   1.8   0.9   9.0   09:30    NE
20   8.9  15.8   16:33   1.9   05:12   9.4   0.0   0.0   2.8  16.0   15:02   WSW
21   7.6  11.7   15:20   4.7   06:24  10.7   0.0   0.0   2.7  18.0   11:13    SW
22   8.6  12.8   19:41   3.6   05:39   9.7   0.0   0.0   5.2  30.0   12:36   WSW
23  10.8  13.3   12:52   7.5   05:16   7.5   0.0   0.0   5.2  22.0   09:06     W
24  11.8  15.6   12:37   9.1   23:29   6.5   0.0   0.0   4.0  22.0   07:54   WSW
25   8.3  11.5   18:29   6.6   23:52  10.0   0.0   5.4   0.9  15.0   16:30     W
26   5.8  10.7   13:08   2.6   04:58  12.5   0.0   0.6   3.1  21.0   13:08     W
27   5.7   9.3   16:48   2.3   06:21  12.6   0.0   2.2   1.7  14.0   09:46   NNE
28   7.0  11.6   16:47   2.2   01:51  11.3   0.0   0.4   5.5  29.0   08:04   WSW
29   8.4  12.8   16:08   4.9   01:06   9.9   0.0   0.2   7.2  26.0   16:34     W
30   8.0  12.3   15:35   2.7   06:03  10.3   0.0   0.0   2.0  15.0   22:22    SW
----------------------------------------------------------------------------------
     7.0  17.3    14    -1.4     3   346.7   0.0  18.2   3.2  40.0    17     WSW

Max >=  27.0  0
Max <=   0.0  0
Min <=   0.0  2
Min <= -18.0  0
Max Rain: 5.4 on day 25
Days of Rain: 17 (>= 0.2 mm)  2 (>= 2.0 mm)  0 (>= 20.0 mm)
Heat Base: 18.3  Cool Base: 18.3  Method: Integration


Page updated 27/11/2020 20:25:01
powered by Cumulus v3.9.1 (3096)
Valid HTML Valid CSS