Spring weather

 Latitude N 54° 47' 06"    Longitude W 01° 35' 42"    Elevation 102 m

NOAA Style Reports for Spring Weather


Report for 2013 Jun
                   Monthly Climatological Summary for Jun 2013

Name: Spring weather   City: Durham   State: Co Durham
Elevation: 102 m  Lat: N 54 47 06   Lon: W 001 35 42

                  Temperature (C), Rain (mm), Wind Speed (mph)

                                      Heat  Cool        Avg
    Mean                              Deg   Deg         Wind                 Dom
Day Temp  High   Time   Low    Time   Days  Days  Rain  Speed High   Time    Dir
----------------------------------------------------------------------------------
 1  11.6  16.9   17:16   8.2   03:42   6.7   0.0   0.0   1.3  12.0   18:43   WNW
 2  11.1  18.1   16:13   5.9   03:25   7.2   0.0   0.0   1.3  11.0   05:33   WNW
 3  13.4  20.3   14:26   4.7   04:35   5.2   0.3   0.0   0.4   8.0   12:10   SSE
 4  13.6  18.7   14:36   6.6   04:56   4.7   0.0   0.0   0.4   9.0   14:06    SE
 5  12.0  17.5   14:02   9.1   00:54   6.3   0.0   0.0   0.3   9.0   17:27   SSE
 6  10.5  19.8   16:00   8.6   03:30   0.3   0.0   0.0   0.5   2.0   20:24     E
 7  13.8  19.2   11:30   8.8   05:30   4.4   0.1   0.0   0.5  11.0   13:30    SE
 8  13.6  18.7   15:08   7.7   04:50   4.7   0.0   0.0   0.4   9.0   13:32    SE
 9  12.2  17.9   14:44   8.7   00:23   6.1   0.0   0.2   0.3   9.0   16:54    SE
10  12.7  18.0   17:11   8.7   23:57   5.6   0.0   0.0   0.5   9.0   17:49    SE
11  12.5  16.3   14:48   6.7   04:47   5.8   0.0   0.0   0.9  13.0   10:03   SSE
12  15.3  18.8   12:00  13.2   23:47   3.0   0.0   1.2   2.2  20.0   11:58   WSW
13  14.1  18.3   10:51  10.3   23:57   4.2   0.0   0.6   1.8  17.0   18:25     W
14  13.4  18.6   18:39   8.1   04:38   4.9   0.0   1.8   1.6  19.0   15:06   WSW
15  12.6  16.2   17:40  10.0   06:20   5.7   0.0   1.2   3.8  26.0   14:53   WSW
16  13.7  18.2   15:52   8.2   03:17   4.6   0.0   0.0   0.8  12.0   09:23   WNW
17  14.5  20.7   17:04   8.7   03:20   4.1   0.3   0.0   0.4   9.0   13:57    SE
18  16.0  20.2   11:00  10.6   03:00   2.7   0.3   0.0   0.5   8.0   10:27    SE
19  17.4  22.9   14:58  12.2   23:56   2.0   1.1   0.0   0.3   9.0   13:05   WSW
20  13.9  18.4   10:45   8.0   05:43   4.4   0.0   0.0   0.4   9.0   10:20   SSE
21  15.4  21.1   18:42  11.4   01:35   3.4   0.5   0.4   0.9  14.0   19:13   WSW
22  13.5  16.9   13:46  10.2   05:09   4.8   0.0   2.0   3.4  27.0   14:34   WSW
23  13.3  17.7   12:49  11.1   02:59   5.0   0.0   6.6   2.1  15.0   09:28   WNW
24  12.7  16.3   18:10  10.5   03:34   5.6   0.0   0.0   1.7  14.0   04:03   WNW
25  13.7  18.6   16:01   7.0   04:42   4.6   0.0   0.0   0.9   9.0   10:34   WNW
26  13.6  16.9   14:52   9.9   23:26   4.7   0.0   0.0   0.6  10.0   08:02   WNW
27  12.4  16.7   12:04   6.7   05:05   5.9   0.0   1.0   0.9  12.0   11:51   WNW
28  14.7  17.4   18:58  11.3   23:57   3.6   0.0   5.0   2.4  21.0   19:08   WNW
29  13.9  17.4   13:12   9.8   04:48   4.4   0.0   0.6   2.7  16.0   00:18   WNW
30  15.2  19.4   13:14  11.8   04:54   3.2   0.0   0.0   3.1  21.0   13:54   WSW
----------------------------------------------------------------------------------
    13.5  22.9    19     4.7     3   137.8   2.6  20.6   1.3  27.0    22       W

Max >=  27.0:  0
Max <=   0.0:  0
Min <=   0.0:  0
Min <= -18.0:  0
Max Rain: 6.6 on day 23
Days of Rain: 11 (>= 0.2 mm)  3 (>= 2.0 mm)  0 (>= 20.0 mm)
Heat Base: 18.3  Cool Base: 18.3  Method: Integration
:now::gauges::today::yesterday::this month::this year::records::monthly records::top 10::trends::NOAA records::garden::forum:


Page updated 20/08/2018 00:15:02
powered by Cumulus v3.0.0 (3042)