Spring weather

 Latitude N 54° 47' 06"    Longitude W 01° 35' 42"    Elevation 102 m

NOAA Style Reports for Spring Weather

Select a Year or Month report

Report for 2013 Jul
                   Monthly Climatological Summary for Jul 2013

Name: Spring weather   City: Durham   State: Co Durham
Elevation: 102 m  Lat: N 54 47 06   Lon: W 001 35 42

                  Temperature (C), Rain (mm), Wind Speed (mph)

                                      Heat  Cool        Avg
    Mean                              Deg   Deg         Wind                 Dom
Day Temp  High   Time   Low    Time   Days  Days  Rain  Speed High   Time    Dir
----------------------------------------------------------------------------------
 1  13.3  17.6   15:12   9.3   23:56   5.0   0.0   0.0   2.0  16.0   07:24     W
 2  12.2  16.4   16:02   7.8   02:23   6.1   0.0   0.6   0.9  13.0   14:11     S
 3  15.9  19.4   16:15  12.8   23:55   2.5   0.1   0.2   1.4  14.0   16:27     W
 4  16.6  20.8   16:44  12.6   02:56   2.3   0.5   0.0   2.9  25.0   12:30   WSW
 5  17.4  24.3   18:26  11.3   04:52   2.1   1.3   0.0   1.3  14.0   12:15   WSW
 6  18.6  25.6   13:09  10.4   05:00   2.3   2.6   0.0   1.6  16.0   15:24   WSW
 7  18.0  24.0   14:14  11.3   04:53   2.2   1.9   0.0   0.3   8.0   16:01     S
 8  16.9  24.3   17:17  13.1   02:06   2.5   1.1   0.0   0.3   8.0   13:27   SSE
 9  20.1  29.2   15:41  12.0   05:58   1.9   3.7   0.0   0.5   9.0   16:51   WSW
10  15.7  18.8   17:05  13.1   23:39   2.6   0.0   0.0   0.1   6.0   12:53   SSW
11  16.0  22.9   17:19  12.1   05:42   3.1   0.8   0.0   0.3   7.0   07:45   SSE
12  20.9  28.8   15:35  12.8   01:17   1.6   4.3   0.0   0.7  10.0   12:28   WNW
13  19.7  24.2   10:31  15.3   23:18   0.8   2.1   0.0   0.6  11.0   09:18   SSE
14  18.7  25.1   15:58  14.8   03:00   1.5   2.0   0.4   1.1  12.0   15:11   WNW
15  18.8  25.3   15:27  11.3   05:33   1.8   2.3   0.0   1.0  13.0   17:06     W
16  19.8  26.6   13:42  12.7   05:16   1.5   3.0   0.0   0.2   8.0   09:53   WSW
17  20.8  26.8   15:47  15.8   05:33   0.6   3.1   0.0   0.5   9.0   11:22     W
18  21.1  28.9   15:15  13.0   05:21   1.3   4.1   0.0   0.3   8.0   11:05    SW
19  19.5  24.0   12:01  15.8   05:37   0.7   2.0   0.0   0.4   9.0   14:11   SSW
20  17.3  20.1   13:01  15.7   23:52   1.2   0.2   0.6   0.1   7.0   13:32    SE
21  16.7  20.2   16:09  14.7   04:55   1.7   0.2   0.0   0.3   8.0   13:45    SE
22  17.5  24.0   14:42  14.4   06:04   1.7   0.9   0.0   0.4   9.0   15:04    SE
23  19.3  24.8   15:35  15.4   02:18   0.9   1.9   0.4   0.6  10.0   15:47   SSE
24  20.7  25.3   15:17  16.8   06:43   0.2   2.6   0.6   0.2   8.0   14:30    SW
25  20.4  26.2   14:26  16.0   23:58   0.5   2.6   0.4   0.7  14.0   18:25    SW
26  18.9  24.5   15:31  13.6   06:10   1.5   2.1   0.0   1.0  11.0   13:57   WSW
27  17.8  24.3   12:26  10.2   04:12   2.3   1.7   0.0   0.9  13.0   18:34    SE
28  17.7  22.6   18:13  14.3   08:17   1.5   0.8  22.4   2.4  21.0   15:13   WSW
29  17.9  23.2   13:49  14.4   04:34   1.4   1.0   1.0   2.2  20.0   15:05   WSW
30  17.2  22.4   16:12  13.4   03:26   1.8   0.7   0.2   2.1  20.0   12:34   WSW
31  16.2  23.1   14:20  11.1   05:53   2.7   0.6   0.2   0.8  11.0   08:28   WSW
----------------------------------------------------------------------------------
    18.0  29.2     9     7.8     2    59.8  50.2  27.0   0.9  25.0     4     WSW

Max >=  27.0:  3
Max <=   0.0:  0
Min <=   0.0:  0
Min <= -18.0:  0
Max Rain: 22.4 on day 28
Days of Rain: 11 (>= 0.2 mm)  1 (>= 2.0 mm)  1 (>= 20.0 mm)
Heat Base: 18.3  Cool Base: 18.3  Method: Integration
:now::gauges::today::yesterday::this month::this year::records::monthly records::trends::NOAA records::forum:


Page updated 25/02/2018 05:50:16
powered by Cumulus v3.0.0 (3042)