Spring weather

 Latitude N 54° 47' 06"    Longitude W 01° 35' 42"    Elevation 102 m

NOAA Style Reports for Spring Weather

Select a Year or Month report

Report for 2013 Aug
                   Monthly Climatological Summary for Aug 2013

Name: Spring weather   City: Durham   State: Co Durham
Elevation: 102 m  Lat: N 54 47 06   Lon: W 001 35 42

                  Temperature (C), Rain (mm), Wind Speed (mph)

                                      Heat  Cool        Avg
    Mean                              Deg   Deg         Wind                 Dom
Day Temp  High   Time   Low    Time   Days  Days  Rain  Speed High   Time    Dir
----------------------------------------------------------------------------------
 1  20.7  26.6   15:00  16.7   00:00   0.4   2.8   0.2   0.7  12.0   13:00     S
 2  20.0  25.3   16:07  15.8   05:16   0.7   2.4   0.2   1.6  18.0   18:31   WSW
 3  17.0  20.3   16:48  13.6   05:43   1.6   0.4   0.0   3.5  27.0   11:39   WSW
 4  17.4  22.4   14:44  13.5   06:08   1.7   0.8   0.0   1.4  16.0   10:31   WSW
 5  15.5  17.1   15:05  11.8   23:57   2.8   0.0   0.2   0.8  12.0   17:09   SSW
 6  14.0  17.9   13:44   9.2   05:41   4.3   0.0   0.4   0.7  11.0   10:41   WNW
 7  14.3  20.7   17:28   7.2   05:02   4.5   0.5   0.2   0.3   9.0   16:35   SSE
 8  15.8  22.1   14:12   7.7   05:49   3.4   1.0   0.0   0.7  12.0   15:17    SW
 9  16.1  20.2   15:30  11.7   23:38   2.5   0.3   1.0   1.7  17.0   16:59   WNW
10  14.1  17.2   11:03  10.5   05:39   4.2   0.0   0.0   1.5  17.0   08:31     W
11  14.5  18.3   15:49  10.6   06:03   3.8   0.0   0.4   2.3  21.0   11:26     W
12  14.2  19.6   15:46   9.8   05:39   4.1   0.0   0.0   2.3  18.0   16:03   WNW
13  14.1  17.9   12:38   9.6   06:00   4.2   0.0   0.0   1.3  13.0   09:25    NW
14  16.7  22.8   15:47  11.4   05:29   2.5   1.0   0.0   0.5  12.0   19:08    SW
15  16.6  16.9   22:47   0.0   22:47   0.1   0.0   1.0   0.0  25.0   12:32   WSW
16  17.4  21.2   17:11  14.3   23:14   1.4   0.4   3.6   1.9  15.0   16:41     W
17  16.1  18.8   12:40  13.6   04:24   2.3   0.0   4.0   1.5  22.0   14:25    SW
18  14.5  18.7   14:35  10.2   06:19   3.8   0.0   0.2   2.7  22.0   15:16   WSW
19  14.5  18.8   18:26  10.1   06:02   3.8   0.0   0.0   1.5  16.0   17:04   WSW
20  15.4  20.7   15:20   9.4   06:14   3.3   0.4   0.0   1.4  13.0   10:45   WSW
21  17.1  20.9   17:36  14.7   04:23   1.5   0.4   0.0   1.5  16.0   17:55   WSW
22  16.8  22.8   13:30  12.6   05:45   2.2   0.7   0.0   0.1   5.0   13:21     S
23  18.3  23.3   13:58  12.7   00:34   1.6   1.6   4.6   0.8  13.0   13:14   SSE
24  15.7  17.8   12:27  14.5   21:44   2.6   0.0   5.4   0.2   8.0   11:57     W
25  16.5  20.6   16:03  12.9   01:52   2.2   0.4   0.2   0.2   7.0   01:08   WNW
26  17.9  23.7   14:56  13.3   05:52   1.8   1.5   0.0   0.4   8.0   12:48    SE
27  16.9  23.1   15:45  10.7   06:11   2.6   1.3   0.0   0.2   7.0   11:57    NW
28  16.1  20.4   13:17  10.3   23:55   2.6   0.3   0.0   0.8  16.0   17:01   WSW
29  15.5  20.8   15:44   9.4   03:45   3.2   0.4   0.0   1.5  16.0   10:03   WSW
30  16.9  21.3   12:58  12.1   23:56   1.8   0.4   0.0   2.6  21.0   17:41     W
31  12.7  17.7   15:05   7.9   06:43   5.6   0.0   0.0   2.1  21.0   01:21   WNW
----------------------------------------------------------------------------------
    16.1  26.6     1     0.0    15    83.1  17.0  21.6   1.3  27.0     3       W

Max >=  27.0:  0
Max <=   0.0:  0
Min <=   0.0:  1
Min <= -18.0:  0
Max Rain: 5.4 on day 24
Days of Rain: 14 (>= 0.2 mm)  4 (>= 2.0 mm)  0 (>= 20.0 mm)
Heat Base: 18.3  Cool Base: 18.3  Method: Integration
:now::gauges::today::yesterday::this month::this year::records::monthly records::trends::NOAA records::forum:


Page updated 24/05/2018 17:51:24
powered by Cumulus v3.0.0 (3042)