Spring weather

 Latitude N 54° 47' 06"    Longitude W 01° 35' 42"    Elevation 102 m

NOAA Style Reports for Spring Weather


Report for 2013 Sep
                   Monthly Climatological Summary for Sep 2013

Name: Spring weather   City: Durham   State: Co Durham
Elevation: 102 m  Lat: N 54 47 06   Lon: W 001 35 42

                  Temperature (C), Rain (mm), Wind Speed (mph)

                                      Heat  Cool        Avg
    Mean                              Deg   Deg         Wind                 Dom
Day Temp  High   Time   Low    Time   Days  Days  Rain  Speed High   Time    Dir
----------------------------------------------------------------------------------
 1  13.8  15.6   13:45  10.3   00:19   4.5   0.0   0.0   2.9  20.0   13:06     W
 2  18.0  22.4   14:32  14.4   00:12   1.3   1.0   0.0   3.2  20.0   10:38     W
 3  17.8  23.4   16:45  13.7   06:33   1.8   1.3   0.0   1.3  13.0   16:17   WSW
 4  17.1  24.4   17:01   9.5   05:55   2.8   1.6   0.2   0.6  15.0   14:54    SW
 5  15.8  23.0   14:01  12.1   07:01   3.1   0.6   0.0   0.1   7.0   14:33   SSW
 6  11.0  13.3   00:00   9.7   17:18   7.3   0.0  43.6   1.0  14.0   13:01   WNW
 7  11.8  16.2   15:59   7.9   23:56   6.5   0.0   0.0   0.9  15.0   16:23     S
 8  10.4  16.3   14:41   3.5   05:47   7.9   0.0   0.2   0.4   9.0   12:00    SW
 9  10.4  16.6   13:56   5.5   06:54   7.9   0.0   2.4   0.4   9.0   16:02   WNW
10  12.0  16.4   17:21   9.3   04:58   6.3   0.0   0.0   1.7  14.0   10:13   WNW
11  12.8  14.7   11:08  10.6   07:01   5.5   0.0   1.0   0.3   7.0   12:34   WNW
12  15.2  21.0   16:08  12.4   04:54   3.3   0.2   3.2   0.9  12.0   14:58   WSW
13  12.2  15.5   00:55   9.6   23:54   6.1   0.0   1.4   0.4  12.0   01:46   WNW
14  10.5  14.7   12:59   5.8   23:51   7.8   0.0   0.0   0.2   6.0   05:31   WNW
15  10.0  15.3   15:41   5.8   00:17   8.3   0.0   6.2   2.5  28.0   15:41   WSW
16   9.3  12.6   13:55   5.9   01:48   9.0   0.0   0.2   3.8  22.0   12:47     W
17  10.1  12.4   16:14   7.6   23:54   8.2   0.0   0.0   2.4  24.0   03:31     W
18  10.0  14.9   14:16   6.2   07:07   8.3   0.0   0.6   2.1  16.0   15:43   WNW
19  10.4  15.7   15:04   6.2   05:13   7.9   0.0   2.6   1.3  15.0   14:44     W
20  11.9  16.0   16:19   7.8   23:56   6.4   0.0   0.0   1.3  14.0   15:49   WNW
21  12.8  19.7   16:04   5.9   05:12   5.6   0.1   0.0   0.8  15.0   23:34   WSW
22  16.8  22.1   16:19  12.4   23:37   2.2   0.6   0.2   1.5  13.0   00:28     W
23  14.6  21.6   15:46   7.9   07:19   4.2   0.5   0.0   0.4   8.0   16:30   WSW
24  14.4  16.3   14:59  12.9   00:54   3.9   0.0   0.8   0.0   5.0   16:19   ESE
25  12.8  14.6   11:42  10.1   23:56   5.5   0.0   1.2   0.0   6.0   16:46    SE
26  10.7  14.4   12:13   5.8   06:54   7.6   0.0   0.2   0.3   8.0   11:52    SE
27  12.6  16.5   15:11  10.3   06:59   5.7   0.0   0.2   0.2   9.0   10:29   SSE
28  11.7  17.6   16:22   7.5   08:23   6.6   0.0   0.0   0.5  10.0   15:17    SE
29  11.6  15.9   12:21   7.0   06:50   6.7   0.0   0.4   1.7  17.0   16:27   ESE
30  11.8  13.9   15:29   9.6   05:31   6.5   0.0   0.0   1.3  13.0   17:15   ESE
----------------------------------------------------------------------------------
    12.7  24.4     4     3.5     8   174.7   5.9  64.6   1.1  28.0    15       W

Max >=  27.0:  0
Max <=   0.0:  0
Min <=   0.0:  0
Min <= -18.0:  0
Max Rain: 43.6 on day 6
Days of Rain: 17 (>= 0.2 mm)  5 (>= 2.0 mm)  1 (>= 20.0 mm)
Heat Base: 18.3  Cool Base: 18.3  Method: Integration
:now::gauges::today::yesterday::this month::this year::records::monthly records::top 10::trends::NOAA records::garden::forum:


Page updated 15/11/2018 17:00:06
powered by Cumulus v3.0.0 (3042)