Spring weather

 Latitude N 54° 47' 06"    Longitude W 01° 35' 42"    Elevation 102 m

NOAA Style Reports for Spring Weather


Report for 2013 Nov
                   Monthly Climatological Summary for Nov 2013

Name: Spring weather   City: Durham   State: Co Durham
Elevation: 102 m  Lat: N 54 47 06   Lon: W 001 35 42

                  Temperature (C), Rain (mm), Wind Speed (mph)

                                      Heat  Cool        Avg
    Mean                              Deg   Deg         Wind                 Dom
Day Temp  High   Time   Low    Time   Days  Days  Rain  Speed High   Time    Dir
----------------------------------------------------------------------------------
 1   7.7  11.7   11:31   3.9   23:32  10.6   0.0   0.2   1.8  18.0   10:57   WSW
 2   4.7   9.5   14:44  -0.6   05:37  13.6   0.0   4.4   1.8  21.0   23:01    SW
 3   6.7   9.6   12:40   1.2   23:51  11.6   0.0   0.0   5.0  28.0   00:48     W
 4   3.5   9.2   14:50  -0.9   23:26  14.8   0.0   0.2   0.9  11.0   12:20   WNW
 5   3.6   7.3   15:28  -1.4   00:58  14.7   0.0   2.0   0.7  13.0   20:16     W
 6   6.5   8.7   13:36   4.2   04:14  11.8   0.0   0.2   1.1  10.0   00:47   WSW
 7   6.7   9.9   12:09   3.0   07:54  11.6   0.0   0.6   3.2  23.0   12:37   WSW
 8   6.4   8.8   00:12   2.8   23:12  11.9   0.0   0.0   1.3  15.0   03:15    SW
 9   3.5   7.3   14:25   0.6   23:06  14.8   0.0   0.2   0.7  10.0   12:38    SW
10   3.4   8.1   14:36   0.1   20:31  14.9   0.0   0.2   1.1  12.0   05:21   WNW
11   7.6  13.1   16:03   1.0   00:00  10.7   0.0   3.4   1.3  14.0   06:42    SW
12   7.8  10.2   11:46   5.8   23:12  10.5   0.0   0.0   1.4  17.0   12:30     W
13   6.9   9.5   12:01   3.1   07:12  11.4   0.0   0.2   2.1  18.0   12:56   WSW
14   6.8   8.9   13:46   2.8   23:06  11.5   0.0   0.2   4.2  22.0   04:56     W
15   5.9  10.3   13:20   1.8   05:48  12.4   0.0   0.0   0.4   7.0   00:17   WNW
16   8.4  11.6   13:52   5.3   04:01   9.9   0.0   0.2   1.1  17.0   12:45   WSW
17   7.6  10.2   13:18   3.9   07:35  10.7   0.0   2.4   0.8  10.0   20:18   SSW
18   6.3   9.4   04:31   1.2   23:41  12.0   0.0   8.4   0.7   9.0   14:13     W
19   1.5   4.2   13:07  -0.3   20:33  16.8   0.0   0.0   1.6  16.0   23:25     W
20   5.1   6.6   22:53   3.2   16:15  13.2   0.0  19.4   4.2  20.0   00:51   WNW
21   5.8   7.5   11:36   3.9   23:57  12.5   0.0   9.0   1.2  13.0   17:14   NNW
22   3.1   6.1   13:09  -0.4   22:03  15.2   0.0   0.4   0.7   9.0   03:35    NW
23   4.7   6.4   13:35   1.8   00:00  13.6   0.0   0.0   1.2   8.0   10:36   WNW
24   5.7   7.3   13:14   4.2   20:38  12.6   0.0   0.0   1.1  10.0   04:18    NW
25   3.3   6.7   13:16   0.3   23:54  15.0   0.0   0.0   1.1   8.0   01:40   WNW
26   6.1  10.1   20:36   0.0   02:11  12.2   0.0   0.4   1.3  13.0   21:16     W
27   9.9  12.1   12:57   7.3   22:19   8.4   0.0   0.0   2.5  22.0   01:52     W
28   6.9   8.9   13:44   3.4   23:37  11.4   0.0   0.0   0.2   7.0   00:01   WNW
29   6.7   9.3   07:21   3.6   00:00  11.6   0.0   0.0   5.7  26.0   06:43     W
30   6.0   8.2   12:42   3.4   08:25  12.3   0.0   0.0   2.4  13.0   00:48     W
----------------------------------------------------------------------------------
     5.8  13.1    11    -1.4     5   374.2   0.0  52.0   1.8  28.0     3       W

Max >=  27.0:  0
Max <=   0.0:  0
Min <=   0.0:  6
Min <= -18.0:  0
Max Rain: 19.4 on day 20
Days of Rain: 18 (>= 0.2 mm)  7 (>= 2.0 mm)  0 (>= 20.0 mm)
Heat Base: 18.3  Cool Base: 18.3  Method: Integration
:now::gauges::today::yesterday::this month::this year::records::monthly records::top 10::trends::NOAA records::garden::forum:


Page updated 21/08/2018 05:25:05
powered by Cumulus v3.0.0 (3042)