Spring weather

 Latitude N 54° 47' 06"    Longitude W 01° 35' 42"    Elevation 102 m

NOAA Style Reports for Spring Weather

Select a Year or Month report

Report for 2014 Mar
                   Monthly Climatological Summary for Mar 2014

Name: Spring weather   City: Durham   State: Co Durham
Elevation: 102 m  Lat: N 54 47 06   Lon: W 001 35 42

                  Temperature (C), Rain (mm), Wind Speed (mph)

                                      Heat  Cool        Avg
    Mean                              Deg   Deg         Wind                 Dom
Day Temp  High   Time   Low    Time   Days  Days  Rain  Speed High   Time    Dir
----------------------------------------------------------------------------------
 1   3.9   7.8   12:54   0.0   05:20  14.4   0.0   0.2   0.6   9.0   13:03   WSW
 2   5.7   9.5   14:53   2.4   07:11  12.6   0.0   5.2   2.3  18.0   20:51   SSW
 3   5.0   9.8   15:37   0.8   23:29  13.3   0.0   0.2   0.8  10.0   11:28     W
 4   4.3  10.2   14:14  -0.2   01:13  14.0   0.0   0.2   1.7  20.0   14:01   WSW
 5   6.3   9.8   13:19   0.9   05:42  12.0   0.0   0.2   2.7  21.0   22:18   WSW
 6  10.1  11.5   13:29   8.2   01:59   8.2   0.0   0.4   4.0  27.0   19:33    SW
 7   7.9  11.4   10:20   2.0   23:59  10.4   0.0   1.0   5.5  33.0   14:17   WSW
 8   7.2  13.5   15:52   2.0   00:00  11.1   0.0   0.0   3.5  19.0   16:37   SSW
 9  10.2  13.9   13:38   6.4   04:41   8.0   0.0   0.0   2.2  19.0   10:01   WSW
10   6.8  11.8   14:23   0.5   23:59  11.5   0.0   0.4   0.9  13.0   02:09    NW
11   4.5  13.5   15:59  -2.1   06:21  13.8   0.0   0.2   0.5   9.0   12:53     S
12   5.0  13.7   15:32  -1.8   05:49  13.2   0.0   0.2   0.8  10.0   11:52   SSW
13   6.7  14.7   13:46  -0.6   04:59  11.6   0.0   0.2   0.7  13.0   12:55   WSW
14   8.7  14.2   11:51   4.1   01:01   9.6   0.0   0.0   4.8  29.0   18:05     W
15   9.6  10.9   12:24   7.9   00:00   8.7   0.0   0.2   8.6  34.0   11:26     W
16  10.5  14.3   14:07   7.6   06:57   7.8   0.0   0.0   7.5  30.0   08:52     W
17   9.9  11.8   12:23   7.8   22:15   8.4   0.0   0.0   4.9  21.0   16:42     W
18   9.1  11.9   15:17   6.8   06:31   9.2   0.0   0.6   5.7  26.0   15:32     W
19  10.0  12.6   12:34   7.7   03:38   8.3   0.0   0.0   8.8  40.0   22:08   WSW
20   8.1  11.7   13:24   4.6   23:57  10.2   0.0   2.4   7.5  39.0   13:40   WSW
21   6.4  10.3   15:25   2.8   05:11  11.9   0.0   0.2   5.7  29.0   13:44   WSW
22   4.7   8.4   17:04   1.4   05:54  13.6   0.0   0.2   3.1  19.0   10:28   WSW
23   5.1  10.2   15:21   0.2   23:58  13.2   0.0   0.0   2.3  15.0   10:48   WNW
24   4.1  10.8   16:11  -3.7   05:25  14.2   0.0   0.0   1.6  15.0   12:47     S
25   5.9   8.2   13:51   3.2   23:28  12.4   0.0   1.6   0.8  14.0   01:45   SSW
26   4.6   8.9   12:22   0.9   03:55  13.7   0.0   3.0   1.8  16.0   12:28   NNE
27   5.3   7.9   10:16   3.3   05:21  13.0   0.0   5.4   1.7  17.0   15:23     E
28   5.7   6.1   12:23   5.1   00:06  12.6   0.0   5.8   2.0  14.0   07:43     E
29   6.6   7.4   11:35   5.9   00:00  11.7   0.0   0.4   1.2  10.0   12:50     E
30   6.6   7.4   12:40   6.1   05:40  11.2   0.0   0.2   0.7   9.0   00:43   ENE
31   7.3   9.3   16:28   6.2   04:20  11.0   0.0   0.0   0.2   7.0   16:49   ENE
----------------------------------------------------------------------------------
     6.8  14.7    13    -3.7    24   354.8   0.0  28.4   3.1  40.0    19     WSW

Max >=  27.0:  0
Max <=   0.0:  0
Min <=   0.0:  6
Min <= -18.0:  0
Max Rain: 5.8 on day 28
Days of Rain: 22 (>= 0.2 mm)  5 (>= 2.0 mm)  0 (>= 20.0 mm)
Heat Base: 18.3  Cool Base: 18.3  Method: Integration
:now::gauges::today::yesterday::this month::this year::records::monthly records::trends::NOAA records::forum:


Page updated 25/02/2018 05:40:03
powered by Cumulus v3.0.0 (3042)