Spring weather

 Latitude N 54° 47' 06"    Longitude W 01° 35' 42"    Elevation 102 m

NOAA Style Reports for Spring Weather


Report for 2014 Apr
                   Monthly Climatological Summary for Apr 2014

Name: Spring weather   City: Duham   State: Co Durham
Elevation: 102 m  Lat: N 54° 47' 06"   Lon: W 001° 35' 42"

                  Temperature (°C), Rain (mm), Wind Speed (mph)

                                      Heat  Cool        Avg
    Mean                              Deg   Deg         Wind                 Dom
Day Temp  High   Time   Low    Time   Days  Days  Rain  Speed High   Time    Dir
----------------------------------------------------------------------------------
01   8.2  12.7   13:35   6.7   23:51  10.1   0.0   2.6   0.4   8.0   12:30   NNW
02   6.1   6.7   00:00   5.3   08:01  12.2   0.0   0.0   0.6  11.0   22:03     E
03   6.6   7.6   16:16   5.9   02:41  11.7   0.0   0.6   1.0  10.0   12:18   ESE
04   8.2  11.7   16:11   5.8   23:56  10.1   0.0   1.0   0.4  12.0   18:36    SE
05   9.7  13.4   14:40   3.8   04:03   8.6   0.0   0.8   1.3  16.0   11:30   SSW
06  13.5  17.3   14:10   9.2   23:40   4.8   0.0   1.0   4.5  30.0   16:15    SW
07   8.6  11.8   15:45   5.5   23:44   9.7   0.0   4.0   1.6  18.0   00:55   WSW
08   8.1  12.1   17:25   5.0   00:50  10.2   0.0   0.2   5.4  23.0   12:19     W
09  10.3  12.7   16:25   7.1   00:00   8.0   0.0   0.0   4.6  24.0   02:23   WSW
10  10.6  14.4   13:40   7.0   06:38   7.7   0.0   0.0   3.3  16.0   16:34     W
11   8.7  13.3   14:33   4.1   06:47   9.6   0.0   0.0   2.9  16.0   23:22     W
12   9.0  12.5   18:04   7.1   00:11   9.3   0.0   0.2   5.2  24.0   10:39   WSW
13   8.9  11.9   15:14   6.2   03:38   9.4   0.0   0.2   7.1  31.0   16:03     W
14   8.7  14.3   15:10   2.6   23:45   9.6   0.0   0.0   3.2  24.0   00:34   WNW
15   8.3  16.8   16:44  -0.8   06:40  10.0   0.0   0.0   1.5  12.0   12:48   SSW
16   9.5  16.5   15:04   3.3   05:47   8.8   0.0   0.0   2.7  17.0   15:07    SW
17  10.1  12.4   15:34   6.4   23:57   8.2   0.0   0.0   5.7  26.0   13:53     W
18   6.9  12.5   16:39   1.6   06:35  11.4   0.0   0.0   0.9  10.0   08:34    NE
19   5.9  12.3   16:09  -1.2   06:36  12.4   0.0   0.0   1.1  13.0   16:16   ESE
20   8.3  12.2   15:04   4.8   05:01  10.0   0.0   0.2   1.7  13.0   17:52    NE
21  10.4  14.3   13:15   8.3   00:00   7.9   0.0   0.0   1.5  14.0   14:59    NE
22   9.0   9.8   19:30   8.6   10:25   9.3   0.0   4.8   0.6   8.0   03:17    NE
23  12.3  17.5   14:39   8.3   02:06   6.0   0.0   1.4   1.0  14.0   15:03     S
24  10.6  15.8   13:29   8.0   23:59   7.7   0.0   6.6   0.4   7.0   12:59    SE
25   8.4   9.4   13:45   7.6   00:37   9.9   0.0   7.6   0.5  12.0   23:51   ESE
26  10.3  14.3   15:05   7.3   23:46   8.0   0.0   1.6   1.1  13.0   10:42    SE
27   8.7  10.1   17:00   7.2   01:00   9.4   0.0   3.8   0.4   9.0   12:00   NNE
28  10.9  16.0   16:30   8.4   23:59   7.4   0.0   0.6  ----   7.0   16:30   SSE
29   8.6  10.1   16:39   7.2   00:20   8.6   0.0   3.6  ----   9.0   11:50   ENE
30   8.1   8.3   19:41   0.0   19:41   1.8   0.0   0.0   0.5   9.0   21:20   ESE
----------------------------------------------------------------------------------
     9.1  17.5    23    -1.2    19   267.8   0.0  40.8   2.2  31.0    13     WSW

Max >=  27.0  0
Max <=   0.0  0
Min <=   0.0  3
Min <= -18.0  0
Max Rain: 7.6 on day 25
Days of Rain: 18 (>= 0.2 mm)  7 (>= 2.0 mm)  0 (>= 20.0 mm)
Heat Base: 18.3  Cool Base: 18.3  Method: Integration


Page updated 27/11/2020 20:25:01
powered by Cumulus v3.9.1 (3096)
Valid HTML Valid CSS