Spring weather

 Latitude N 54° 47' 06"    Longitude W 01° 35' 42"    Elevation 102 m

NOAA Style Reports for Spring Weather


Report for 2014 May
                   Monthly Climatological Summary for May 2014

Name: Spring weather   City: Durham   State: Co Durham
Elevation: 102 m  Lat: N 54 47 06   Lon: W 001 35 42

                  Temperature (C), Rain (mm), Wind Speed (mph)

                                      Heat  Cool        Avg
    Mean                              Deg   Deg         Wind                 Dom
Day Temp  High   Time   Low    Time   Days  Days  Rain  Speed High   Time    Dir
----------------------------------------------------------------------------------
 1   6.9   8.2   00:00   5.9   14:22  11.4   0.0   8.6   0.7  11.0   09:37   ESE
 2   7.5  10.8   15:34   2.2   23:52  10.8   0.0   0.2   0.7  11.0   11:57   ESE
 3   7.4  14.3   13:50  -0.9   05:24  10.9   0.0   0.0   0.8   9.0   13:10   WSW
 4  11.9  16.1   14:07   9.2   05:36   6.4   0.0   1.6   1.6  12.0   11:29   WSW
 5  12.8  16.7   15:44   8.8   04:02   5.5   0.0   0.8   1.2  14.0   22:41   SSW
 6  12.4  16.4   16:04   9.7   06:27   5.9   0.0   1.0   3.3  20.0   13:45   WSW
 7  10.7  13.4   17:18   8.1   04:47   7.6   0.0   1.2   4.5  24.0   16:12   WSW
 8  11.4  13.9   10:17   8.9   04:49   6.9   0.0   0.0   2.5  14.0   01:42     W
 9  11.0  14.9   16:58   7.4   08:04   7.3   0.0   4.2   3.6  25.0   16:19     W
10  11.4  15.3   16:53   8.1   07:05   6.9   0.0   7.4   2.5  21.0   12:43   WSW
11  10.4  14.9   13:38   7.3   23:54   7.9   0.0   2.2   1.8  14.0   10:21   WNW
12   9.3  13.3   12:56   6.6   01:23   9.0   0.0   2.4   0.1   7.0   18:01   SSW
13  10.2  16.0   15:00   6.8   04:35   8.1   0.0   4.8   0.4  10.0   16:01     S
14  11.4  17.9   17:05   5.4   05:31   6.9   0.0   0.0   0.5  10.0   14:34     S
15  13.2  18.7   16:51   8.2   04:19   5.1   0.0   0.4   1.1  12.0   12:55     W
16  14.5  20.9   14:36   6.7   05:09   4.2   0.5   0.0   1.9  17.0   14:00   WSW
17  15.6  20.7   15:39  10.0   05:52   3.1   0.4   0.0   2.9  20.0   18:27   WSW
18  17.4  23.3   14:38  10.4   05:56   2.5   1.6   0.0   2.1  17.0   16:48   SSW
19  15.5  21.5   16:22   8.8   05:47   3.6   0.8   0.0   0.8  14.0   16:24    SE
20  13.3  17.4   17:11   9.8   03:15   5.0   0.0   0.0   0.3   9.0   04:58    SE
21  15.1  20.4   16:25  10.3   05:12   3.4   0.2   0.0   1.3  16.0   10:53   WSW
22   9.9  11.3   15:45   8.8   22:37   8.4   0.0  11.0   0.2  10.0   12:07     W
23   8.8   9.5   23:55   8.2   08:29   9.5   0.0   2.8   0.6   9.0   11:08   WNW
24  10.8  12.6   12:02   9.4   00:00   7.5   0.0   6.8   0.3  11.0   17:32    SE
25  12.3  16.8   13:45   9.4   07:09   6.0   0.0   1.0   0.7  11.0   15:01   SSE
26  14.0  20.4   15:44   6.6   04:37   4.5   0.2   0.0   0.7  10.0   14:24   SSE
27  12.9  16.7   14:58  10.3   03:06   5.4   0.0   2.4   0.2   9.0   13:16   SSE
28  11.1  12.0   11:00   9.7   23:26   7.2   0.0  11.8   0.5   9.0   12:38   SSE
29  10.5  13.2   14:50   9.1   04:51   7.8   0.0   1.0   1.0  13.0   07:58   ESE
30  11.9  14.7   14:43   8.8   04:42   6.4   0.0   0.0   0.2   8.0   02:24    SE
31  14.0  19.7   14:49   8.6   04:19   4.4   0.1   0.0   0.3   8.0   12:10   WSW
----------------------------------------------------------------------------------
    11.8  23.3    18    -0.9     3   205.5   3.8  71.6   1.3  25.0     9     WSW

Max >=  27.0:  0
Max <=   0.0:  0
Min <=   0.0:  1
Min <= -18.0:  0
Max Rain: 11.8 on day 28
Days of Rain: 19 (>= 0.2 mm)  11 (>= 2.0 mm)  0 (>= 20.0 mm)
Heat Base: 18.3  Cool Base: 18.3  Method: Integration
:now::gauges::today::yesterday::this month::this year::records::monthly records::top 10::trends::NOAA records::garden::forum:


Page updated 20/08/2018 00:15:02
powered by Cumulus v3.0.0 (3042)