Spring weather

 Latitude N 54° 47' 06"    Longitude W 01° 35' 42"    Elevation 102 m

NOAA Style Reports for Spring Weather

Select a Year or Month report

Report for 2014 Jul
                   Monthly Climatological Summary for Jul 2014

Name: Spring weather   City: Durham   State: Co Durham
Elevation: 102 m  Lat: N 54 47 06   Lon: W 001 35 42

                  Temperature (C), Rain (mm), Wind Speed (mph)

                                      Heat  Cool        Avg
    Mean                              Deg   Deg         Wind                 Dom
Day Temp  High   Time   Low    Time   Days  Days  Rain  Speed High   Time    Dir
----------------------------------------------------------------------------------
 1  14.7  20.2   15:33   9.2   01:11   3.8   0.3   0.0   0.4  10.0   15:37    SE
 2  15.9  21.4   10:38   9.2   04:22   3.0   0.6   0.0   2.6  22.0   15:04   WSW
 3  16.9  19.8   12:41  13.3   05:45   1.6   0.3   0.8   2.8  21.0   19:33   WSW
 4  16.7  21.2   14:02  14.8   23:56   1.9   0.3   3.4   1.8  21.0   14:35    SW
 5  14.9  20.2   17:10  10.3   23:54   3.5   0.1  12.0   1.3  15.0   17:20   WNW
 6  13.0  19.3   16:36   6.3   04:25   5.3   0.0   0.4   0.1   8.0   13:42    SE
 7  14.5  20.6   17:03   8.9   02:40   4.0   0.2   0.6   0.7  13.0   12:11   WSW
 8  14.3  19.3   17:24  11.3   23:54   4.1   0.0   3.8   0.2   9.0   16:21   WSW
 9  15.9  22.2   16:45   9.2   03:54   3.3   0.8   0.0   1.1  13.0   14:11   WNW
10  15.5  20.9   15:22  12.1   02:33   3.1   0.3   0.0   1.0  10.0   03:40   WNW
11  17.3  23.9   16:48  12.3   02:02   2.4   1.4   0.0   0.2   8.0   14:11    SE
12  19.1  26.3   15:31  11.7   05:49   1.9   2.7   0.8   0.5  10.0   13:09     S
13  17.6  22.6   17:42  14.2   23:38   1.3   0.6   6.8   0.9  12.0   16:56   WNW
14  16.0  20.1   11:35   9.8   05:12   2.5   0.2   0.4   1.6  16.0   12:51   WSW
15  16.8  21.1   14:56  12.0   05:15   2.0   0.6   0.0   1.8  14.0   00:57   WNW
16  16.1  23.4   16:05   9.4   03:48   2.8   0.6   1.6   1.3  18.0   15:23   WSW
17  17.8  23.8   14:32  11.1   05:18   2.1   1.6   0.2   0.7  10.0   13:37    SW
18  16.7  20.2   11:33  12.6   04:10   1.8   0.2   0.2   1.5  14.0   11:07   ESE
19  18.2  22.2   14:22  15.6   03:05   0.8   0.7   3.4   0.1   4.0   00:08    SE
20  18.9  23.1   15:51  15.9   23:37   0.8   1.4   0.4   0.1   7.0   08:38    NW
21  18.3  23.9   12:59  12.7   05:40   1.5   1.5   0.0   0.6   8.0   11:14     W
22  18.7  25.8   12:50  10.8   05:11   2.2   2.6   0.0   0.3   9.0   13:42    SE
23  17.6  22.3   14:28  14.7   06:00   1.6   0.9   0.0   0.3   8.0   16:23    SE
24  18.5  24.0   15:21  15.0   05:37   1.4   1.6   0.0   0.3   8.0   10:44   SSE
25  19.3  26.2   14:13  14.2   05:48   1.6   2.6   0.0   0.2   7.0   12:23   SSE
26  20.4  28.9   15:50  11.1   05:15   1.9   4.1   0.2   0.6  12.0   16:21   WSW
27  16.4  20.8   17:38  12.2   06:00   2.2   0.2   5.6   1.4  14.0   13:16     W
28  16.7  23.1   15:36   9.9   05:17   2.9   1.3   0.0   0.3   7.0   12:32   SSE
29  16.2  21.8   16:15  10.3   04:47   2.7   0.6   0.0   1.6  14.0   13:47   WNW
30  16.6  20.5   17:43  11.7   03:05   2.1   0.4   0.0   2.6  18.0   12:17     W
31  17.0  21.2   16:05  13.9   02:00   1.8   0.5   7.4   1.6  19.0   14:14   WSW
----------------------------------------------------------------------------------
    16.9  28.9    26     6.3     6    73.9  29.2  48.0   1.0  22.0     2     WSW

Max >=  27.0:  1
Max <=   0.0:  0
Min <=   0.0:  0
Min <= -18.0:  0
Max Rain: 12.0 on day 5
Days of Rain: 17 (>= 0.2 mm)  7 (>= 2.0 mm)  0 (>= 20.0 mm)
Heat Base: 18.3  Cool Base: 18.3  Method: Integration
:now::gauges::today::yesterday::this month::this year::records::monthly records::trends::NOAA records::forum:


Page updated 24/05/2018 17:51:24
powered by Cumulus v3.0.0 (3042)