Spring weather

 Latitude N 54° 47' 06"    Longitude W 01° 35' 42"    Elevation 102 m

NOAA Style Reports for Spring Weather

Select a Year or Month report

Report for 2014 Aug
                   Monthly Climatological Summary for Aug 2014

Name: Spring weather   City: Durham   State: Co Durham
Elevation: 102 m  Lat: N 54 47 06   Lon: W 001 35 42

                  Temperature (C), Rain (mm), Wind Speed (mph)

                                      Heat  Cool        Avg
    Mean                              Deg   Deg         Wind                 Dom
Day Temp  High   Time   Low    Time   Days  Days  Rain  Speed High   Time    Dir
----------------------------------------------------------------------------------
 1  15.7  18.8   14:45  13.1   05:47   2.6   0.0   7.6   0.3  13.0   14:55    SW
 2  16.2  20.8   15:09  14.2   23:59   2.3   0.2   8.4   0.5  15.0   14:39    SE
 3  14.9  19.7   15:56  10.5   05:38   3.4   0.0   0.2   2.2  25.0   16:00    SW
 4  15.9  20.9   16:28  10.3   23:51   2.7   0.3   0.0   1.9  14.0   12:02   WSW
 5  15.6  22.2   16:05   6.9   04:46   3.7   1.0   0.0   0.7  11.0   18:07    SE
 6  17.7  22.3   14:58  14.3   23:50   1.4   0.9  14.2   0.7  11.0   13:53     W
 7  16.2  22.1   17:08  10.6   06:08   2.7   0.6   0.0   1.2  13.0   09:59     W
 8  15.0  21.3   13:19   8.5   05:39   3.8   0.5   7.2   0.4  14.0   15:59    SE
 9  15.8  19.8   16:17  12.7   05:23   2.7   0.2   0.0   3.1  23.0   11:45     W
10  13.6  15.4   10:33  12.4   06:01   4.7   0.0   7.0   0.5  16.0   23:52    SW
11  14.7  18.6   15:56  11.9   22:51   3.6   0.0   0.2   6.3  30.0   10:53   WSW
12  14.3  17.7   15:00  11.4   04:33   4.0   0.0   0.2   4.6  28.0   15:44   WSW
13  16.0  21.2   16:10  12.2   02:29   2.8   0.5   0.8   2.7  16.0   15:57   WNW
14  14.1  19.3   12:54  12.2   23:02   4.2   0.0   7.8   0.6  11.0   01:37    NW
15  13.3  16.8   15:50   9.5   06:09   5.0   0.0   1.6   0.2   8.0   09:16   WNW
16  13.7  17.6   15:12  10.4   05:19   4.6   0.0   0.0   3.0  23.0   19:09   WSW
17  14.1  16.9   13:03  12.0   05:46   4.2   0.0   0.2   4.5  29.0   12:05     W
18  13.1  18.1   15:44   9.6   23:47   5.2   0.0   3.2   1.9  14.0   03:03   WNW
19  11.4  16.7   18:25   7.1   06:18   6.9   0.0   0.2   1.0  12.0   15:09   WNW
20  12.2  16.9   17:50   8.1   00:01   6.1   0.0   0.0   0.8  11.0   18:14   WNW
21  11.8  16.8   16:16   9.3   05:58   6.5   0.0   2.4   1.7  22.0   16:16   WSW
22  12.1  17.7   16:30   8.1   06:34   5.9   0.0   0.2   0.7  13.0   17:59   WNW
23  11.0  15.8   14:40   8.0   03:29   7.3   0.0   2.8   0.5  12.0   12:48   WNW
24  11.2  16.9   16:29   6.5   04:52   7.1   0.0   0.0   0.2   6.0   00:15     W
25  11.8  16.6   12:21   5.4   02:08   6.5   0.0   0.0   1.3  14.0   16:11   ESE
26  13.2  16.9   15:00   9.2   23:08   5.1   0.0   0.0   0.8  12.0   09:23    SE
27  13.1  17.8   13:59   8.9   06:48   5.2   0.0   0.0   1.1  15.0   17:45   ESE
28  16.0  21.9   13:23  11.9   00:00   2.7   0.4   1.8   1.5  19.0   16:17    SW
29  15.4  19.2   13:59  12.4   01:53   2.9   0.0   0.4   3.0  23.0   14:18   WSW
30  16.0  19.7   15:09  12.4   23:43   2.5   0.1   0.0   3.6  20.0   12:16     W
31  15.8  21.5   17:47  12.1   01:02   3.0   0.5   0.0   1.9  12.0   03:15   WNW
----------------------------------------------------------------------------------
    14.2  22.3     6     5.4    25   131.3   5.2  66.4   1.7  30.0    11       W

Max >=  27.0:  0
Max <=   0.0:  0
Min <=   0.0:  0
Min <= -18.0:  0
Max Rain: 14.2 on day 6
Days of Rain: 19 (>= 0.2 mm)  9 (>= 2.0 mm)  0 (>= 20.0 mm)
Heat Base: 18.3  Cool Base: 18.3  Method: Integration
:now::gauges::today::yesterday::this month::this year::records::monthly records::trends::NOAA records::forum:


Page updated 24/05/2018 17:51:24
powered by Cumulus v3.0.0 (3042)