Spring weather

 Latitude N 54° 47' 06"    Longitude W 01° 35' 42"    Elevation 102 m

NOAA Style Reports for Spring Weather


Report for 2014 Dec
                   Monthly Climatological Summary for Dec 2014

Name: Spring weather   City: Durham   State: Co Durham
Elevation: 102 m  Lat: N 54 47 06   Lon: W 001 35 42

                  Temperature (C), Rain (mm), Wind Speed (mph)

                                      Heat  Cool        Avg
    Mean                              Deg   Deg         Wind                 Dom
Day Temp  High   Time   Low    Time   Days  Days  Rain  Speed High   Time    Dir
----------------------------------------------------------------------------------
 1   7.8   9.1   00:53   6.9   20:16  10.5   0.0   0.2   0.4   9.0   13:44   SSW
 2   4.3   7.8   01:08   1.1   20:24  14.0   0.0   0.4   2.2  13.0   03:20   WNW
 3   1.6   7.3   14:51  -1.3   23:22  16.7   0.0   0.0   0.3   7.0   00:06     W
 4   1.9   4.2   14:55  -2.1   02:07  16.4   0.0   0.2   0.3   6.0   06:29     W
 5   3.3   6.2   12:14   0.8   23:21  15.0   0.0   0.0   2.4  14.0   13:21     W
 6   4.4   9.8   23:17  -1.4   07:55  13.9   0.0   0.0   3.5  21.0   16:50   WSW
 7   6.1  10.6   04:18   2.9   23:12  12.2   0.0   0.2   7.2  27.0   12:37     W
 8   3.4   5.8   13:41   0.1   23:35  14.9   0.0   0.0   4.5  25.0   01:27     W
 9   4.2  11.9   19:43  -1.3   04:06  14.1   0.0   0.8   4.4  30.0   19:28   WSW
10   4.6   6.6   00:00   2.7   03:38  13.7   0.0   4.0   8.1  33.0   00:01   WSW
11   3.4   5.0   12:54   1.3   06:57  14.9   0.0   4.4   6.5  31.0   09:24     W
12   3.0   4.4   18:22   1.2   05:15  15.3   0.0   0.0   3.3  21.0   17:47     W
13   1.9   4.9   13:14  -1.6   08:32  16.4   0.0   0.0   2.2  17.0   21:17   WSW
14   6.9   9.2   12:39   3.9   00:34  11.3   0.0   0.8   5.2  26.0   11:23   WSW
15   4.2   6.0   14:11   1.4   22:22  14.1   0.0   0.0   2.0  17.0   01:22   WSW
16   4.7   5.8   12:51   3.2   09:12  13.6   0.0   5.0   2.4  19.0   03:18     W
17  10.1  11.8   15:01   4.8   00:00   8.2   0.0   0.2   3.8  22.0   12:28   WSW
18  11.3  14.0   13:09   7.4   23:55   7.0   0.0   0.0   5.7  28.0   16:02   WSW
19   6.3   7.4   00:00   5.4   15:02  12.0   0.0   0.0   8.4  30.0   08:16     W
20   6.9   7.9   13:39   6.2   05:51  11.4   0.0   0.0   7.0  34.0   08:45     W
21   9.9  13.9   19:32   5.9   00:38   8.4   0.0   0.0   7.7  31.0   11:39   WSW
22  11.9  13.2   13:20   9.8   22:52   6.4   0.0   1.4   6.2  28.0   09:08   WSW
23   9.6  11.9   02:27   6.5   23:45   8.7   0.0   3.4   2.2  18.0   05:08   WSW
24   5.9   7.2   12:43   4.7   07:04  12.4   0.0   0.0   6.9  28.0   19:12     W
25   3.9   6.1   12:19  -1.3   23:45  14.4   0.0   0.2   2.0  17.0   00:11     W
26   1.4   3.6   13:58  -1.8   03:31  16.9   0.0   0.2   0.2   6.0   15:46     W
27   1.6   3.3   12:52  -0.8   08:25  16.7   0.0   3.6   1.0  12.0   05:09   WNW
28   1.7   4.3   12:57  -0.2   03:26  16.6   0.0   1.2   1.8   9.0   14:11   WNW
29   1.5   5.1   13:57  -1.8   09:08  16.8   0.0   0.0   1.1   8.0   01:08     W
30   3.3   7.5   13:34  -0.3   03:28  15.0   0.0   0.2   0.6  13.0   23:38   WSW
31   5.6   8.9   23:29   2.6   01:10  12.7   0.0   0.0   2.9  26.0   04:31    SW
----------------------------------------------------------------------------------
     5.1  14.0    18    -2.1     4   410.6   0.0  26.4   3.6  34.0    20       W

Max >=  27.0:  0
Max <=   0.0:  0
Min <=   0.0: 11
Min <= -18.0:  0
Max Rain: 5.0 on day 16
Days of Rain: 17 (>= 0.2 mm)  5 (>= 2.0 mm)  0 (>= 20.0 mm)
Heat Base: 18.3  Cool Base: 18.3  Method: Integration
:now::gauges::today::yesterday::this month::this year::records::monthly records::top 10::trends::NOAA records::garden::forum:


Page updated 15/11/2018 16:35:05
powered by Cumulus v3.0.0 (3042)