Spring weather

 Latitude N 54° 47' 06"    Longitude W 01° 35' 42"    Elevation 102 m

NOAA Style Reports for Spring Weather


Report for 2015 Jan
                   Monthly Climatological Summary for Jan 2015

Name: Spring weather   City: Durham   State: Co Durham
Elevation: 102 m  Lat: N 54 47 06   Lon: W 001 35 42

                  Temperature (C), Rain (mm), Wind Speed (mph)

                                      Heat  Cool        Avg
    Mean                              Deg   Deg         Wind                 Dom
Day Temp  High   Time   Low    Time   Days  Days  Rain  Speed High   Time    Dir
----------------------------------------------------------------------------------
 1  11.6  13.5   18:47   8.9   00:00   6.7   0.0   0.4   8.1  43.0   21:07   WSW
 2   6.1  10.7   00:00   4.3   09:45  12.2   0.0   0.2   9.6  38.0   00:01     W
 3   4.5   7.0   02:03   0.7   23:15  13.4   0.0   1.2   3.1  23.0   00:01     W
 4   1.7   6.5   14:33  -0.7   05:17  16.6   0.0   0.0   0.5   7.0   11:50   WSW
 5   4.9   8.7   11:54   0.2   03:37  13.4   0.0   0.2   1.6  20.0   12:10    SW
 6   5.3   7.9   10:31   2.1   23:44  13.0   0.0   0.0   2.5  23.0   12:44     W
 7   7.1  11.7   20:34   1.9   00:04  11.2   0.0   0.4   4.8  32.0   20:39    SW
 8   6.4   9.4   00:00   3.9   18:32  11.9   0.0   0.4   4.5  41.0   23:58   WSW
 9   9.8  13.4   19:34   6.6   00:09   8.5   0.0   0.4  10.5  45.0   23:41   WSW
10   6.6  12.9   00:00   3.0   22:12  11.7   0.0   5.2  11.8  42.0   01:00     W
11   5.0   7.3   22:00   2.2   02:43  13.1   0.0   1.0   7.9  33.0   13:45     W
12   6.7  10.0   09:00   2.9   20:30  11.6   0.0   2.6   9.0  40.0   05:30   WSW
13   2.7   5.1   11:30  -0.2   00:00  15.6   0.0   0.2   3.4  21.0   11:30   WSW
14   2.5   6.4   00:00  -0.4   00:30  15.8   0.0   4.2   4.7  28.0   22:30    SW
15   5.9   8.0   02:00   3.6   17:00  11.9   0.0   6.8  10.4  45.0   16:30   WSW
16   3.0   5.3   00:00   0.2   23:59  15.3   0.0   0.0   6.3  27.0   00:07     W
17   1.5   4.5   14:54  -0.2   20:41  16.8   0.0   0.2   0.7  11.0   01:58   WSW
18   0.1   2.3   11:52  -3.0   04:55  18.2   0.0   3.2   1.5  13.0   15:31   WNW
19   1.3   2.4   13:57   0.6   00:00  17.0   0.0   1.8   2.1  15.0   00:50   WNW
20   0.6   1.8   13:01  -0.6   19:16  17.7   0.0   0.2   0.2   6.0   12:48   WSW
21   1.3   2.4   12:19  -0.2   00:00  17.0   0.0   0.4   0.2   7.0   12:37   SSE
22   0.7   2.7   15:06  -0.3   02:28  17.5   0.0   0.0   0.3   6.0   04:01     S
23   2.7   6.4   19:37   0.0   05:17  15.6   0.0   0.6   2.9  23.0   15:24    SW
24   4.1   6.3   14:44   2.3   04:21  14.2   0.0   0.2   5.0  21.0   00:17     W
25   7.6   9.8   14:47   3.5   05:25  10.7   0.0   0.0   4.2  22.0   22:19   WSW
26   5.9   9.6   00:01   3.7   23:20  12.4   0.0   0.0   5.0  22.0   00:00     W
27   6.5   8.3   15:18   3.6   00:00  11.8   0.0   0.0   3.3  21.0   23:17   WSW
28   4.3   9.3   07:07   0.3   18:17  14.0   0.0   3.4   8.7  40.0   07:53     W
29   0.8   2.1   14:20  -1.8   23:55  17.5   0.0   1.2   5.1  25.0   08:33     W
30   1.6   4.2   12:50  -2.6   01:39  16.7   0.0   0.8   4.1  17.0   09:46     W
31   2.7   4.6   14:24   0.9   03:12  15.6   0.0   8.2   4.6  24.0   14:37   WNW
----------------------------------------------------------------------------------
     4.2  13.5     1    -3.0    18   434.6   0.0  43.4   4.5  45.0     9     WSW

Max >=  27.0:  0
Max <=   0.0:  0
Min <=   0.0: 11
Min <= -18.0:  0
Max Rain: 8.2 on day 31
Days of Rain: 24 (>= 0.2 mm)  7 (>= 2.0 mm)  0 (>= 20.0 mm)
Heat Base: 18.3  Cool Base: 18.3  Method: Integration
:now::gauges::today::yesterday::this month::this year::records::monthly records::top 10::trends::NOAA records::garden::forum:


Page updated 15/11/2018 17:45:11
powered by Cumulus v3.0.0 (3042)