Spring weather

 Latitude N 54° 47' 06"    Longitude W 01° 35' 42"    Elevation 102 m

NOAA Style Reports for Spring Weather


Report for 2015 Apr
                   Monthly Climatological Summary for Apr 2015

Name: Spring weather   City: Durham   State: Co Durham
Elevation: 102 m  Lat: N 54 47 06   Lon: W 001 35 42

                  Temperature (C), Rain (mm), Wind Speed (mph)

                                      Heat  Cool        Avg
    Mean                              Deg   Deg         Wind                 Dom
Day Temp  High   Time   Low    Time   Days  Days  Rain  Speed High   Time    Dir
----------------------------------------------------------------------------------
 1   5.2   8.6   14:16   2.9   04:11  13.1   0.0   1.2   8.2  28.0   02:58     W
 2   5.4  10.6   15:47   0.7   06:01  12.9   0.0   0.0   1.8  15.0   00:07     W
 3   6.0   7.9   15:19   4.3   04:51  12.3   0.0   6.6   0.2   7.0   17:05   WNW
 4   8.3  11.8   16:51   4.7   00:00  10.0   0.0   0.0   0.5   8.0   11:38    NW
 5  11.7  19.4   16:35   5.5   07:21   6.7   0.1   0.0   0.5   8.0   13:13   WNW
 6  11.6  17.7   14:23   4.5   06:59   6.7   0.0   0.0   0.3   8.0   13:46     W
 7   9.8  13.8   17:01   4.5   06:37   8.5   0.0   0.0   2.0  16.0   12:13     W
 8   9.7  15.8   14:30   1.7   06:52   8.6   0.0   0.0   1.0  12.0   14:24    SW
 9  11.4  19.2   15:23   2.8   07:06   6.9   0.0   0.0   1.2  13.0   16:44    SW
10  11.5  19.0   15:37   3.5   05:01   6.8   0.0   0.0   1.6  16.0   23:55    SW
11   8.7  10.7   03:07   5.1   08:27   9.6   0.0   0.0   7.6  26.0   07:13   WSW
12   6.1   8.8   17:17   3.9   14:15  12.2   0.0   7.2   3.9  22.0   18:03   WSW
13   7.9  12.5   12:51   2.0   06:34  10.4   0.0   0.0   3.0  20.0   23:46   WSW
14  11.2  15.4   16:22   8.6   23:31   7.1   0.0   0.0   5.0  23.0   09:40   WSW
15   9.7  13.8   15:33   4.6   23:53   8.6   0.0   0.0   3.5  16.0   03:35     W
16   7.4  12.9   15:34   0.5   06:09  10.9   0.0   0.0   1.0   9.0   16:06    SE
17   8.0  11.7   16:35   3.6   06:27  10.3   0.0   0.0   0.7   9.0   13:27   ESE
18   7.0  10.9   12:17   2.3   04:11  11.3   0.0   0.0   0.7   9.0   13:35   ESE
19   6.6  10.5   16:26   1.5   03:10  11.7   0.0   0.4   1.6  13.0   17:15    NE
20   9.0  16.5   17:42   4.6   04:50   9.3   0.0   0.0   0.8  10.0   01:12   SSW
21   9.8  17.4   14:19   2.6   06:13   8.5   0.0   0.0   0.7   9.0   14:21   SSE
22  10.2  18.2   13:19   2.2   05:50   8.1   0.0   0.0   0.6   8.0   13:45   ESE
23  12.3  20.9   15:28   2.4   05:56   6.4   0.4   0.0   0.8   9.0   13:45   SSW
24  11.5  17.3   11:46   6.3   06:45   6.8   0.0   0.2   2.5  17.0   13:03   WSW
25   8.9  13.2   09:35   2.6   23:54   9.4   0.0   1.4   3.6  26.0   01:43   WSW
26   6.1  11.4   16:19   0.7   06:06  12.2   0.0   0.0   3.2  21.0   19:01     W
27   5.4  11.7   13:18  -1.2   06:19  12.9   0.0   0.2   3.1  20.0   14:24   WSW
28   6.2  10.6   16:02   2.6   00:10  12.1   0.0   0.0   6.0  25.0   05:35   WSW
29   7.4  11.2   14:41   3.6   06:30  10.9   0.0   2.2   5.0  27.0   17:11   WSW
30   6.4  10.3   14:55   2.4   23:24  11.9   0.0   1.2   1.8  15.0   15:44    NW
----------------------------------------------------------------------------------
     8.5  20.9    23    -1.2    27   293.1   0.5  20.6   2.4  28.0     1     WSW

Max >=  27.0:  0
Max <=   0.0:  0
Min <=   0.0:  1
Min <= -18.0:  0
Max Rain: 7.2 on day 12
Days of Rain: 9 (>= 0.2 mm)  3 (>= 2.0 mm)  0 (>= 20.0 mm)
Heat Base: 18.3  Cool Base: 18.3  Method: Integration
:now::gauges::today::yesterday::this month::this year::records::monthly records::top 10::trends::NOAA records::garden::forum:


Page updated 20/08/2018 00:15:02
powered by Cumulus v3.0.0 (3042)