Spring weather

 Latitude N 54° 47' 06"    Longitude W 01° 35' 42"    Elevation 102 m

NOAA Style Reports for Spring Weather


Report for 2015 May
                   Monthly Climatological Summary for May 2015

Name: Spring weather   City: Durham   State: Co Durham
Elevation: 102 m  Lat: N 54 47 06   Lon: W 001 35 42

                  Temperature (C), Rain (mm), Wind Speed (mph)

                                      Heat  Cool        Avg
    Mean                              Deg   Deg         Wind                 Dom
Day Temp  High   Time   Low    Time   Days  Days  Rain  Speed High   Time    Dir
----------------------------------------------------------------------------------
 1   5.2   9.7   16:03  -0.9   05:11  13.1   0.0   0.0   0.9  10.0   14:12   ENE
 2   6.2   9.4   09:40   3.2   01:12  12.1   0.0   0.6   2.4  18.0   14:04   ESE
 3   8.9  14.8   17:01   5.5   00:25   9.4   0.0   8.2   3.3  26.0   10:11    SE
 4  12.1  15.7   14:39   8.3   05:47   6.2   0.0   0.0   3.3  19.0   12:05   WSW
 5   9.8  14.1   17:17   7.8   23:55   8.5   0.0   9.8   3.6  31.0   16:12   WSW
 6   9.4  13.2   16:51   6.8   05:37   8.9   0.0   0.6   3.8  20.0   17:38   WSW
 7   8.6  12.8   15:55   4.1   23:29   9.7   0.0   0.0   3.1  18.0   13:17     W
 8   7.2  13.3   13:16   0.6   03:56  11.1   0.0   8.2   1.2  13.0   18:08   ESE
 9   9.1  13.7   18:52   7.2   00:20   9.2   0.0   3.6   1.3  13.0   14:02   WNW
10  11.7  17.2   16:54   6.3   03:14   6.6   0.0   0.4   2.0  21.0   18:51    SW
11  13.4  16.5   15:30  11.2   23:50   4.9   0.0   3.4   6.2  32.0   15:10   WSW
12  10.8  13.3   13:42   8.2   23:46   7.5   0.0   0.8   6.8  34.0   15:19   WSW
13   9.6  13.9   11:05   6.8   03:54   8.7   0.0   0.0   2.1  18.0   01:10     W
14   7.7  10.1   13:37   4.9   04:44  10.6   0.0   0.0   0.8  12.0   16:03   ESE
15  10.2  15.2   13:45   5.7   05:25   8.1   0.0   0.6   2.6  19.0   17:50   WSW
16  10.7  13.6   15:39   6.9   23:56   7.6   0.0   0.2   4.5  23.0   15:27     W
17  10.0  15.0   14:22   4.5   03:26   8.3   0.0   0.0   4.4  32.0   12:11     W
18   9.2  13.2   17:23   5.7   23:45   9.1   0.0   1.4   2.9  23.0   16:58   WSW
19   7.7  11.5   11:17   4.7   14:37  10.6   0.0  16.0   1.8  15.0   12:37     W
20  10.9  16.1   14:08   6.2   03:13   7.4   0.0   0.0   2.6  15.0   19:04   WNW
21  11.5  16.8   15:14   7.8   02:47   6.8   0.0   0.0   2.3  14.0   07:30     W
22  14.3  19.3   14:27   9.4   00:55   4.1   0.0   0.0   2.9  19.0   11:52     W
23  14.3  21.2   17:25   9.7   05:35   4.3   0.3   0.0   1.1  14.0   19:08    SW
24  11.4  14.1   12:09   9.1   04:18   6.9   0.0   5.2   2.5  16.0   10:14     W
25  11.2  15.9   16:15   8.5   04:04   7.1   0.0   0.0   1.8  15.0   15:14   WNW
26  11.7  17.9   15:31   5.9   04:27   6.5   0.0   0.0   2.4  18.0   19:51   WNW
27   9.7  13.8   11:27   5.2   05:10   8.6   0.0   1.4   2.6  19.0   18:53   WSW
28  10.1  13.7   14:30   7.5   05:15   8.2   0.0   0.2   4.5  22.0   12:30     W
29   8.4  13.1   15:11   6.1   23:51   9.9   0.0   6.0   1.3  20.0   16:47     W
30  10.2  15.3   15:57   5.1   04:51   8.1   0.0   0.6   2.8  18.0   14:06     W
31   9.7  13.2   17:11   5.4   23:56   8.6   0.0   5.4   2.8  24.0   16:05     W
----------------------------------------------------------------------------------
    10.0  21.2    23    -0.9     1   256.7   0.3  72.6   2.8  34.0    12     WSW

Max >=  27.0:  0
Max <=   0.0:  0
Min <=   0.0:  1
Min <= -18.0:  0
Max Rain: 16.0 on day 19
Days of Rain: 19 (>= 0.2 mm)  9 (>= 2.0 mm)  0 (>= 20.0 mm)
Heat Base: 18.3  Cool Base: 18.3  Method: Integration
:now::gauges::today::yesterday::this month::this year::records::monthly records::top 10::trends::NOAA records::garden::forum:


Page updated 20/08/2018 00:15:02
powered by Cumulus v3.0.0 (3042)