Spring weather

 Latitude N 54° 47' 06"    Longitude W 01° 35' 42"    Elevation 102 m

NOAA Style Reports for Spring Weather


Report for 2015 Jun
                   Monthly Climatological Summary for Jun 2015

Name: Spring weather   City: Durham   State: Co Durham
Elevation: 102 m  Lat: N 54 47 06   Lon: W 001 35 42

                  Temperature (C), Rain (mm), Wind Speed (mph)

                                      Heat  Cool        Avg
    Mean                              Deg   Deg         Wind                 Dom
Day Temp  High   Time   Low    Time   Days  Days  Rain  Speed High   Time    Dir
----------------------------------------------------------------------------------
 1   8.5  14.2   13:44   3.2   05:04   9.8   0.0   5.6   3.6  22.0   12:34    SW
 2  10.6  15.4   14:49   4.8   00:53   7.7   0.0   0.0   6.9  30.0   12:04   WSW
 3  12.1  16.4   18:02   8.1   23:58   6.2   0.0   0.0   2.5  16.0   09:01     W
 4  13.2  18.8   17:44   4.1   04:15   5.1   0.0   0.0   0.7  11.0   13:36   SSE
 5  14.5  20.2   12:31  10.5   04:22   4.0   0.1   0.0   2.7  27.0   13:26   WSW
 6  11.4  14.1   15:37   8.4   03:12   6.9   0.0   0.0   5.9  30.0   12:10   WSW
 7  12.4  17.2   15:56   8.1   23:59   5.9   0.0   0.0   4.0  20.0   08:36     W
 8   9.8  14.2   10:20   5.8   00:00   8.5   0.0  11.6   0.5   7.0   13:49    SW
 9  11.4  17.4   15:30   5.0   01:30   6.9   0.0   0.0   0.4   9.0   15:00   SSE
10  12.7  20.1   16:00   3.4   05:30   5.9   0.4   0.0   0.5   9.0   16:30   SSE
11  13.7  20.4   13:30   4.2   05:30   5.0   0.5   0.0   0.6  11.0   17:30    SE
12  13.9  22.4   13:30   3.8   05:30   5.1   0.7   0.0   0.4  10.0   14:00   SSE
13  13.1  17.5   15:00  10.7   23:46   5.1   0.0   1.2   0.1   8.0   17:00   ENE
14   9.5  11.2   19:23   5.2   23:58   8.8   0.0   4.0   0.2   7.0   10:05   NNW
15  11.1  17.9   14:39   1.2   05:03   7.2   0.0   0.2   0.6  10.0   11:55     W
16  15.4  20.4   14:13  10.8   05:05   3.1   0.2   0.2   1.4  16.0   14:38   WSW
17  15.4  19.1   14:19   9.8   23:53   3.0   0.0   0.0   3.6  20.0   02:25     W
18  11.6  14.4   10:32   9.3   02:37   6.7   0.0   0.0   3.4  17.0   08:56   WNW
19  12.0  14.8   15:48   9.5   04:28   6.3   0.0   0.0   2.7  14.0   09:12   WNW
20  13.7  20.6   18:45   8.6   03:07   4.7   0.1   0.6   0.2   9.0   19:02     W
21  12.9  16.5   14:04  10.1   05:12   5.4   0.0   0.0   2.3  18.0   16:25   WNW
22  10.6  13.9   11:29   7.8   02:36   7.7   0.0   5.6   1.6  16.0   14:15   WNW
23  12.0  17.2   16:27   9.3   23:57   6.3   0.0   0.0   0.6   9.0   07:47   WNW
24  13.2  19.1   13:03   5.6   04:22   5.1   0.0   0.0   0.8  14.0   14:24   WSW
25  15.9  21.4   12:34  11.3   01:40   2.7   0.3   0.6   0.8  15.0   12:40   WSW
26  16.5  20.3   18:52  13.1   23:57   2.2   0.4   1.0   1.1  16.0   17:33   WSW
27  16.7  19.9   11:49  10.1   05:19   2.3   0.7   0.0   2.5  14.0   09:02     W
28  19.0  21.3   14:15  13.1   23:58   0.5   1.2   0.4   3.7  19.0   13:15   WSW
29  15.9  21.2   16:13  10.2   04:46   2.8   0.4   0.0   1.6  14.0   14:11   WSW
30  21.5  28.4   17:47  13.7   02:01   1.2   4.4   0.0   0.9  10.0   17:07     S
----------------------------------------------------------------------------------
    13.3  28.4    30     1.2    15   158.1   9.4  31.0   2.1  30.0     2       W

Max >=  27.0:  1
Max <=   0.0:  0
Min <=   0.0:  0
Min <= -18.0:  0
Max Rain: 11.6 on day 8
Days of Rain: 11 (>= 0.2 mm)  4 (>= 2.0 mm)  0 (>= 20.0 mm)
Heat Base: 18.3  Cool Base: 18.3  Method: Integration
:now::gauges::today::yesterday::this month::this year::records::monthly records::top 10::trends::NOAA records::garden::forum:


Page updated 15/11/2018 17:35:06
powered by Cumulus v3.0.0 (3042)