Spring weather

 Latitude N 54° 47' 06"    Longitude W 01° 35' 42"    Elevation 102 m

NOAA Style Reports for Spring Weather

Select a Year or Month report

Report for 2015 Jul
                   Monthly Climatological Summary for Jul 2015

Name: Spring weather   City: Durham   State: Co Durham
Elevation: 102 m  Lat: N 54 47 06   Lon: W 001 35 42

                  Temperature (C), Rain (mm), Wind Speed (mph)

                                      Heat  Cool        Avg
    Mean                              Deg   Deg         Wind                 Dom
Day Temp  High   Time   Low    Time   Days  Days  Rain  Speed High   Time    Dir
----------------------------------------------------------------------------------
 1  21.3  31.1   14:31  14.7   05:03   0.7   3.7   7.2   0.6  14.0   14:07    SE
 2  18.8  24.7   11:54  12.2   23:35   1.2   1.7   3.4   1.1  14.0   00:37   WSW
 3  16.4  24.1   13:47   8.6   05:14   3.3   1.3   0.0   0.8  11.0   14:53    SE
 4  16.7  24.3   15:14  13.1   03:35   2.6   1.0  13.8   1.9  21.0   18:28    SW
 5  14.7  21.4   16:58   9.4   04:11   4.1   0.5   7.0   0.8  17.0   18:21     S
 6  14.4  18.7   11:39   9.8   03:17   3.9   0.0   0.6   1.5  14.0   08:13   WSW
 7  16.1  19.8   16:15  12.7   00:00   2.3   0.1   0.4   3.4  23.0   17:57   WSW
 8  12.5  14.5   17:30  10.5   00:00   5.8   0.0   5.0   0.5  13.0   00:00     W
 9  13.3  20.2   17:30   6.3   05:00   5.1   0.1   0.0   0.5   8.0   15:30   WNW
10  18.5  26.1   17:30  11.8   03:30   2.3   2.4   0.0   0.6  11.0   12:00   SSW
11  16.7  20.7   13:00  14.3   05:00   1.9   0.3   1.6   2.3  18.0   16:00   WSW
12  16.4  19.8   15:00  13.7   05:00   2.1   0.2   0.4   2.2  17.0   15:30     W
13  14.7  17.7   17:00  11.7   02:30   3.6   0.0   2.8   0.2   7.0   21:30     S
14  14.4  18.3   14:00  11.6   00:00   3.9   0.0   4.6   0.1   6.0   14:00     W
15  14.2  18.8   15:00  10.6   02:00   3.9   0.0   0.0   0.4   8.0   10:00     W
16  11.4  11.4   00:00  11.4   00:00   6.9   0.0   0.0   0.0   0.0   00:00   ---
17  11.4  11.4   00:00  11.4   00:00   6.9   0.0   0.0   0.0   0.0   00:00   ---
18  11.4  11.4   00:00  11.4   00:00   6.9   0.0   0.0   0.0   0.0   00:00   ---
19  11.4  11.4   00:00  11.4   00:00   6.9   0.0   0.0   0.0   0.0   00:00   ---
20  14.5  19.6   13:30  11.4   00:00   3.7   0.1   1.8   1.0  18.0   19:14    SW
21  15.8  18.9   14:36  12.9   04:10   2.5   0.0   0.4   2.5  19.0   11:27   WSW
22  13.4  16.7   12:11   9.9   23:53   4.9   0.0   1.2   0.8  11.0   19:23     W
23  13.8  17.9   16:54   9.8   00:00   4.5   0.0   0.0   2.4  19.0   16:42   WSW
24  12.5  17.2   11:15   9.1   01:55   5.8   0.0   0.4   0.1   7.0   11:57     S
25  12.7  17.4   16:32   9.1   23:56   5.6   0.0   2.0   0.6   9.0   05:26   WNW
26  11.3  17.4   11:57   4.4   05:44   7.0   0.0   4.8   0.7  11.0   13:48    SE
27  12.3  13.7   12:01  10.4   22:00   6.0   0.0   9.2   0.2  11.0   07:33     S
28  11.2  12.7   15:52  10.1   23:56   7.1   0.0   3.4   0.1   5.0   10:46   WSW
29  12.1  16.1   15:11   8.9   05:31   6.2   0.0   3.8   1.1  12.0   08:45   WNW
30  11.9  16.6   15:01   8.3   23:45   6.4   0.0   0.8   0.3   9.0   11:39     W
31  12.2  17.8   15:40   6.5   04:48   6.1   0.0   0.0   0.8  12.0   16:27   WSW
----------------------------------------------------------------------------------
    14.1  31.1     1     4.4    26   140.1  11.4  74.6   0.9  23.0     7     WSW

Max >=  27.0:  1
Max <=   0.0:  0
Min <=   0.0:  0
Min <= -18.0:  0
Max Rain: 13.8 on day 4
Days of Rain: 21 (>= 0.2 mm)  12 (>= 2.0 mm)  0 (>= 20.0 mm)
Heat Base: 18.3  Cool Base: 18.3  Method: Integration
:now::gauges::today::yesterday::this month::this year::records::monthly records::trends::NOAA records::forum:


Page updated 25/02/2018 05:40:03
powered by Cumulus v3.0.0 (3042)