Spring weather

 Latitude N 54° 47' 06"    Longitude W 01° 35' 42"    Elevation 102 m

NOAA Style Reports for Spring Weather


Report for 2015 Sep
                   Monthly Climatological Summary for Sep 2015

Name: Spring weather   City: Duham   State: Co Durham
Elevation: 102 m  Lat: N 54° 47' 06"   Lon: W 001° 35' 42"

                  Temperature (°C), Rain (mm), Wind Speed (mph)

                                      Heat  Cool        Avg
    Mean                              Deg   Deg         Wind                 Dom
Day Temp  High   Time   Low    Time   Days  Days  Rain  Speed High   Time    Dir
----------------------------------------------------------------------------------
01  13.0  16.8   12:53  10.3   02:10   5.3   0.0   1.4   0.7   9.0   11:54   WNW
02  12.0  15.8   14:16   9.8   02:38   6.3   0.0   0.4   0.6   9.0   11:56   WNW
03  10.7  13.6   16:29   8.8   07:21   7.6   0.0   0.6   1.6  14.0   15:57   WNW
04  12.2  16.6   16:46   9.3   07:28   5.6   0.0   1.0   1.8  13.0   11:16   WNW
05  11.0  14.8   16:27   7.3   22:02   7.3   0.0   1.0   1.0  14.0   09:32   WNW
06  12.1  18.9   15:00   4.9   05:45   6.2   0.0   0.0   1.0  13.0   15:56   WNW
07  12.9  19.9   15:44   7.9   04:15   5.4   0.1   0.0   0.2   7.0   16:06     S
08  11.3  12.8   15:55  10.2   03:56   7.0   0.0   0.0   0.0   4.0   02:20    SE
09  12.1  15.2   16:42   9.5   06:42   6.2   0.0   0.0   0.6  10.0   17:04    SE
10  12.9  19.6   15:02   6.3   05:41   5.5   0.1   0.2   1.1  15.0   17:02   ESE
11  13.5  18.6   16:02   7.5   02:11   4.8   0.0   0.2   1.6  19.0   13:38   ESE
12  12.5  15.8   14:21   9.1   23:38   5.7   0.0   7.0   1.1  15.0   16:07   SSW
13  11.8  17.8   15:13   7.1   05:29   6.5   0.0   0.0   0.4   9.0   11:56   SSE
14  11.8  15.8   13:24   7.2   01:53   6.5   0.0   1.8   0.2   6.0   12:58    SE
15  12.1  15.0   17:15  10.2   23:56   6.2   0.0   6.8   0.5  10.0   09:34   WNW
16   9.9  15.4   14:09   3.9   07:06   8.4   0.0   0.0   0.2   8.0   13:59   SSW
17  11.7  15.5   15:38   8.3   07:08   6.6   0.0   0.0   0.8  10.0   16:04   WNW
18  12.1  16.1   14:02   8.2   23:58   6.2   0.0   1.4   0.1   7.0   14:05     S
19  11.8  19.4   16:00   4.9   06:51   6.1   0.1   0.2   0.4   9.0   15:56   WSW
20  11.9  15.7   15:07   7.6   01:26   6.0   0.0   0.2   0.7  12.0   14:15   WSW
21  12.1  15.5   17:21   9.1   21:57   6.2   0.0   7.0   0.3  11.0   17:27     W
22  10.6  15.3   13:33   5.9   06:12   7.7   0.0   0.4   0.8  10.0   14:08   WNW
23  12.1  16.3   16:03   8.6   04:55   6.2   0.0   0.0   1.7  15.0   14:48     W
24  11.5  15.1   15:07   8.3   07:28   6.8   0.0   0.0   2.4  20.0   16:06   WSW
25  11.6  16.1   14:44   8.2   05:51   6.7   0.0   0.0   2.0  16.0   06:22     W
26  11.7  16.4   15:13   7.2   23:46   6.4   0.0   0.0   0.0   5.0   11:45   WSW
27  10.3  17.7   15:58   3.4   07:26   7.9   0.0   0.0   0.2   7.0   12:00     N
28  10.1  16.8   16:00   4.6   07:44   8.2   0.0   0.2   0.4  11.0   12:43     S
29  11.7  17.5   15:49   6.7   23:45   6.6   0.0   0.2   0.4   9.0   12:55     S
30   9.2  17.4   14:00   2.9   06:39   9.1   0.0   0.2   0.2   8.0   14:24     S
----------------------------------------------------------------------------------
    11.7  19.9     7     2.9    30   197.2   0.3  30.2   0.8  20.0    24       W

Max >=  27.0  0
Max <=   0.0  0
Min <=   0.0  0
Min <= -18.0  0
Max Rain: 7.0 on day 12
Days of Rain: 18 (>= 0.2 mm)  3 (>= 2.0 mm)  0 (>= 20.0 mm)
Heat Base: 18.3  Cool Base: 18.3  Method: Integration


Page updated 29/11/2020 01:35:03
powered by Cumulus v3.9.1 (3096)
Valid HTML Valid CSS