Spring weather

 Latitude N 54° 47' 06"    Longitude W 01° 35' 42"    Elevation 102 m

NOAA Style Reports for Spring Weather

Select a Year or Month report

Report for 2015 Dec
                   Monthly Climatological Summary for Dec 2015

Name: Spring weather   City: Durham   State: Co Durham
Elevation: 102 m  Lat: N 54 47 06   Lon: W 001 35 42

                  Temperature (C), Rain (mm), Wind Speed (mph)

                                      Heat  Cool        Avg
    Mean                              Deg   Deg         Wind                 Dom
Day Temp  High   Time   Low    Time   Days  Days  Rain  Speed High   Time    Dir
----------------------------------------------------------------------------------
 1   7.0  12.3   20:06   1.6   00:26  11.3   0.0   4.0   3.5  28.0   23:19   WSW
 2  10.4  12.9   12:19   4.2   23:59   7.9   0.0   0.0   4.5  28.0   03:31   WSW
 3   5.6  10.4   20:38   2.7   02:10  12.7   0.0  11.0   1.3  22.0   22:11   WSW
 4   8.7  11.9   20:07   3.7   00:00   9.6   0.0   0.2   6.9  41.0   20:09   WSW
 5  11.6  12.7   23:07  10.6   03:17   6.7   0.0   3.6  12.2  41.0   01:45   WSW
 6   8.3  12.8   06:52   3.2   23:49  10.0   0.0   0.6   4.3  35.0   07:06   WSW
 7   7.7  11.3   19:03   3.2   00:33  10.6   0.0   0.4   1.5  19.0   18:54   SSW
 8   8.9  11.0   12:10   5.3   23:55   9.4   0.0   2.8   3.9  24.0   12:42    SW
 9   8.4  11.5   14:33   3.2   02:08   9.9   0.0   0.2   6.0  33.0   16:31    SW
10   6.7  11.4   00:05   4.3   20:59  11.6   0.0   3.4   3.3  24.0   00:28   WSW
11   4.7   6.6   19:28   1.7   08:11  13.6   0.0   0.8   5.7  30.0   12:47     W
12   2.9   5.5   00:03   0.6   14:13  15.4   0.0   7.2   1.0  16.0   00:10     W
13   1.2   2.8   23:58  -0.6   08:40  17.1   0.0   5.6   0.5   8.0   01:16     W
14   3.8   5.1   11:51   2.8   00:00  14.5   0.0   2.4   0.4   8.0   00:01    SW
15   7.1   9.6   23:52   4.2   00:00  11.2   0.0   1.2   0.6  10.0   21:33   SSE
16  11.8  14.0   13:46   9.6   00:00   6.5   0.0   0.0   2.3  20.0   13:50    SW
17  12.3  14.0   12:43  11.4   23:58   6.0   0.0   0.2   3.6  27.0   15:52    SW
18  11.7  12.7   18:13  10.6   05:50   6.6   0.0   0.0   4.8  22.0   10:05   WSW
19  13.7  15.9   11:31  11.3   20:04   4.6   0.0   8.6   3.5  21.0   10:50    SW
20   9.9  11.9   02:31   8.3   23:15   8.4   0.0   1.8   5.6  27.0   12:12   WSW
21   7.5   9.4   14:27   5.8   06:57  10.8   0.0   2.6   5.4  28.0   14:25   WSW
22   9.6  13.0   10:42   6.4   22:12   8.7   0.0   4.8   4.8  32.0   08:00    SW
23   7.2   8.6   01:47   5.6   07:33  11.1   0.0   0.6   5.8  29.0   10:46   WSW
24   7.4  10.7   08:34   2.7   18:59  10.9   0.0   1.6   6.5  29.0   13:37    SW
25   4.7   5.9   23:19   2.8   07:59  13.6   0.0  19.4   2.1  24.0   00:54   WSW
26   7.6  12.2   20:08   5.2   01:15  10.7   0.0  12.8   2.1  26.0   20:32   WSW
27   6.2   8.4   23:55   4.1   08:52  12.1   0.0   0.0   1.4  20.0   01:49   WSW
28   9.5  10.4   06:17   8.4   00:00   8.8   0.0   0.0   2.4  16.0   13:11   SSW
29   9.0  10.1   12:49   8.0   21:28   9.3   0.0   0.2   3.4  24.0   23:41   SSW
30  10.0  13.1   08:08   6.0   23:57   8.3   0.0   3.4   5.3  35.0   10:37   SSW
31   5.6   7.6   13:44   3.8   23:17  12.7   0.0   3.2   3.6  31.0   12:22    SW
----------------------------------------------------------------------------------
     8.0  15.9    19    -0.6    13   320.6   0.0 102.6   3.8  41.0     4      SW

Max >=  27.0:  0
Max <=   0.0:  0
Min <=   0.0:  1
Min <= -18.0:  0
Max Rain: 19.4 on day 25
Days of Rain: 26 (>= 0.2 mm)  15 (>= 2.0 mm)  0 (>= 20.0 mm)
Heat Base: 18.3  Cool Base: 18.3  Method: Integration
:now::gauges::today::yesterday::this month::this year::records::monthly records::trends::NOAA records::forum:


Page updated 24/05/2018 17:51:24
powered by Cumulus v3.0.0 (3042)