Spring weather

 Latitude N 54° 47' 06"    Longitude W 01° 35' 42"    Elevation 102 m

NOAA Style Reports for Spring Weather

Select a Year or Month report

Report for 2016 Feb
                   Monthly Climatological Summary for Feb 2016

Name: Spring weather   City: Durham   State: Co Durham
Elevation: 102 m  Lat: N 54 47 06   Lon: W 001 35 42

                  Temperature (C), Rain (mm), Wind Speed (mph)

                                      Heat  Cool        Avg
    Mean                              Deg   Deg         Wind                 Dom
Day Temp  High   Time   Low    Time   Days  Days  Rain  Speed High   Time    Dir
----------------------------------------------------------------------------------
 1   9.7  12.4   10:43   4.9   22:15   8.6   0.0   1.4  10.3  42.0   10:15   WSW
 2   5.8   7.3   14:14   3.6   22:11  12.5   0.0   0.0  10.1  39.0   13:39   WSW
 3   4.5   6.9   14:07   2.8   19:35  13.8   0.0   0.0   4.7  29.0   01:59     W
 4   7.8   9.6   13:04   3.9   03:32  10.5   0.0   0.6   2.8  19.0   10:13     W
 5   9.0  10.2   13:26   4.4   23:58   9.3   0.0   0.2   5.3  31.0   13:37   WSW
 6   5.3   8.1   20:13   2.6   03:59  13.0   0.0   5.0   1.8  17.0   19:05    SW
 7   5.3   7.9   12:49   3.6   06:55  13.0   0.0   1.8   5.1  37.0   13:18    SW
 8   6.4   8.5   12:44   4.7   04:14  11.9   0.0   0.4   5.0  27.0   01:54   WSW
 9   4.7   6.1   13:03   3.2   23:48  13.6   0.0   0.0   4.9  24.0   02:18   WSW
10   4.2   6.6   13:10   2.1   07:13  14.1   0.0   0.0   3.4  17.0   16:29     W
11   2.9   7.3   14:08  -1.4   23:48  15.4   0.0   0.0   1.4  15.0   12:14     W
12   1.6   6.3   15:04  -1.8   03:03  16.7   0.0   0.0   0.1   4.0   11:24   WSW
13   2.4   4.7   13:56   0.2   00:51  15.9   0.0   2.6   0.5  13.0   20:24    SE
14   1.6   4.3   13:20  -0.1   07:24  16.7   0.0   2.4   0.7  10.0   20:22    NW
15   1.3   4.6   14:42  -1.8   23:34  17.0   0.0   3.8   2.2  14.0   08:23   WNW
16   2.3   5.8   13:39  -2.2   03:21  16.0   0.0   0.4   3.0  23.0   13:38   SSW
17   3.5   5.0   00:31   2.1   23:16  14.8   0.0   8.4   1.8  18.0   00:14    SW
18   2.9   7.9   15:31  -1.0   07:48  15.4   0.0   0.0   1.7  16.0   16:28   WSW
19   4.2   9.2   20:48  -0.1   06:33  14.1   0.0   0.8   3.2  24.0   23:44    SW
20   7.0   8.7   14:20   5.3   02:04  11.3   0.0   0.6   7.5  32.0   02:27   WSW
21   7.5  11.5   14:07   4.4   23:11  10.8   0.0   0.0   4.6  22.0   15:34     W
22   5.1   8.3   15:03   3.4   04:10  13.2   0.0   0.0   5.2  28.0   04:35     W
23   3.1   7.0   14:15  -0.1   23:59  15.2   0.0   0.0   1.6  13.0   13:39   WNW
24   1.3   6.0   15:35  -2.6   05:10  17.0   0.0   0.0   1.0  11.0   11:11     W
25   1.9   5.7   13:25  -1.7   04:46  16.4   0.0   0.0   1.7  12.0   11:51     W
26   2.8   5.8   14:31   0.8   23:59  15.5   0.0   0.0   0.4  10.0   12:03   SSW
27   2.7   6.0   13:58  -0.1   07:46  15.6   0.0   0.0   0.2   8.0   14:03   SSE
28   2.5   7.1   13:59  -1.4   23:55  15.8   0.0   0.2   0.3   7.0   02:10    NE
29   2.3   6.0   15:38  -1.8   04:34  16.0   0.0   2.4   1.7  17.0   23:59   SSW
----------------------------------------------------------------------------------
     4.2  12.4     1    -2.6    24   409.1   0.0  31.0   3.2  42.0     1     WSW

Max >=  27.0:  0
Max <=   0.0:  0
Min <=   0.0: 13
Min <= -18.0:  0
Max Rain: 8.4 on day 17
Days of Rain: 15 (>= 0.2 mm)  6 (>= 2.0 mm)  0 (>= 20.0 mm)
Heat Base: 18.3  Cool Base: 18.3  Method: Integration
:now::gauges::today::yesterday::this month::this year::records::monthly records::trends::NOAA records::forum:


Page updated 25/02/2018 05:45:09
powered by Cumulus v3.0.0 (3042)