Spring weather

 Latitude N 54° 47' 06"    Longitude W 01° 35' 42"    Elevation 102 m

NOAA Style Reports for Spring Weather

Select a Year or Month report

Report for 2016 Mar
                   Monthly Climatological Summary for Mar 2016

Name: Spring weather   City: Durham   State: Co Durham
Elevation: 102 m  Lat: N 54 47 06   Lon: W 001 35 42

                  Temperature (C), Rain (mm), Wind Speed (mph)

                                      Heat  Cool        Avg
    Mean                              Deg   Deg         Wind                 Dom
Day Temp  High   Time   Low    Time   Days  Days  Rain  Speed High   Time    Dir
----------------------------------------------------------------------------------
 1   7.2  12.8   12:37   2.7   23:54  11.1   0.0   1.2   5.0  26.0   12:45   WSW
 2   3.9   6.6   13:53   1.8   03:48  14.4   0.0   2.0   3.8  25.0   22:08     W
 3   3.9   7.2   13:54  -0.6   07:22  14.4   0.0   0.4   1.6  12.0   01:41     W
 4   4.2   6.3   11:46   3.2   03:21  14.1   0.0  13.6   2.2  16.0   16:45   ENE
 5   3.9   6.8   13:23   2.2   23:46  14.4   0.0   2.0   1.5  11.0   10:29   NNW
 6   2.1   5.0   12:15  -0.4   06:43  16.2   0.0   0.2   1.4  11.0   23:43   WNW
 7   2.4   6.7   13:33  -1.2   23:58  15.9   0.0   0.0   2.1  12.0   04:27   WNW
 8   3.2   7.7   14:23  -2.1   01:59  15.1   0.0   0.2   1.2  17.0   13:06   WSW
 9   4.4   5.3   15:29   2.8   03:29  13.9   0.0  10.2   1.3  14.0   11:51   NNW
10   5.1   8.2   16:14   3.3   04:07  13.2   0.0   1.6   0.1   7.0   01:33    NW
11   6.3   9.2   15:24   4.2   07:05  12.0   0.0   0.0   1.3  12.0   13:55    SW
12   8.0  12.8   14:35   3.6   06:47  10.3   0.0   0.0   1.0  11.0   16:43    SW
13   8.6  13.8   14:31   4.8   23:52   9.7   0.0   0.0   0.3   8.0   13:38    SW
14   5.1  10.4   13:49  -0.3   07:38  13.2   0.0   0.2   0.4   8.0   13:03    SE
15   5.2   7.1   13:12   2.3   04:23  13.1   0.0   0.2   1.1  10.0   11:05   NNE
16   5.3   7.1   13:03   4.1   23:16  13.0   0.0   0.4   0.8   9.0   02:05   NNE
17   5.5  10.7   15:00   3.2   07:45  12.8   0.0   0.0   0.4   6.0   10:52    NW
18   5.4   7.4   14:14   3.2   01:42  12.9   0.0   0.2   1.0   9.0   20:33     N
19   5.9   7.1   11:10   4.9   23:36  12.4   0.0   0.0   0.9   9.0   10:32     N
20   7.6  11.3   14:11   2.7   05:53  10.7   0.0   0.0   1.1   9.0   08:43   WNW
21   7.6  12.0   15:45   2.3   03:39  10.7   0.0   0.0   3.0  16.0   15:13     W
22   7.7   9.7   15:16   4.0   06:06  10.6   0.0   0.0   1.4  11.0   00:16     W
23   6.9   8.5   12:01   3.7   23:05  11.4   0.0   0.0   1.6  12.0   10:39   WSW
24   7.8  11.1   15:37   4.3   00:00  10.5   0.0   0.0   3.3  23.0   12:22   WSW
25   8.9  13.4   12:19   5.4   06:14   9.4   0.0   0.0   4.2  21.0   12:44   WSW
26   8.6  12.4   15:49   5.6   22:06   9.7   0.0   4.2   5.5  25.0   17:38    SW
27   6.4  10.7   12:14   4.1   07:15  11.4   0.0   2.8   4.9  28.0   19:56    SW
28   6.0   9.6   16:06   4.2   03:04  12.3   0.0   3.6   3.6  25.0   16:46     W
29   6.1   9.9   16:48   3.0   06:55  12.2   0.0   0.2   2.2  18.0   15:22   WSW
30   5.3  10.2   15:59   0.7   05:38  13.0   0.0   0.2   1.7  13.0   09:52     W
31   5.8  11.6   16:52   1.0   07:29  12.5   0.0   0.0   0.7   9.0   17:32     W
----------------------------------------------------------------------------------
     5.8  13.8    13    -2.1     8   386.5   0.0  43.4   1.9  28.0    27       W

Max >=  27.0:  0
Max <=   0.0:  0
Min <=   0.0:  5
Min <= -18.0:  0
Max Rain: 13.6 on day 4
Days of Rain: 18 (>= 0.2 mm)  7 (>= 2.0 mm)  0 (>= 20.0 mm)
Heat Base: 18.3  Cool Base: 18.3  Method: Integration
:now::gauges::today::yesterday::this month::this year::records::monthly records::trends::NOAA records::forum:


Page updated 24/05/2018 17:51:24
powered by Cumulus v3.0.0 (3042)