Spring weather

 Latitude N 54° 47' 06"    Longitude W 01° 35' 42"    Elevation 102 m

NOAA Style Reports for Spring Weather

Select a Year or Month report

Report for 2016 Jun
                   Monthly Climatological Summary for Jun 2016

Name: Spring weather   City: Durham   State: Co Durham
Elevation: 102 m  Lat: N 54 47 06   Lon: W 001 35 42

                  Temperature (C), Rain (mm), Wind Speed (mph)

                                      Heat  Cool        Avg
    Mean                              Deg   Deg         Wind                 Dom
Day Temp  High   Time   Low    Time   Days  Days  Rain  Speed High   Time    Dir
----------------------------------------------------------------------------------
 1   9.7  11.1   18:41   8.3   23:04   8.6   0.0   0.4   1.5  16.0   06:41    NW
 2   9.5  13.9   16:07   7.4   23:56   8.8   0.0   0.0   0.9  10.0   11:14    NW
 3  11.4  16.6   15:50   5.4   03:13   6.9   0.0   0.0   0.3   7.0   08:43   WNW
 4  12.9  17.7   14:43   9.8   23:54   5.4   0.0   0.2   0.3   7.0   13:48   WSW
 5  12.8  18.8   15:59   8.6   05:43   5.5   0.0   0.0   0.3   8.0   13:11   SSE
 6  14.3  22.6   13:22   6.3   04:42   4.8   0.8   0.0   0.3   8.0   14:27   SSE
 7  17.4  26.8   13:10   8.8   04:44   3.0   2.1   0.0   0.0   6.0   13:13   WSW
 8  14.2  19.0   14:42  10.5   23:47   4.2   0.0   0.0   0.0   7.0   14:42     S
 9  14.5  21.5   13:31   9.6   05:26   4.3   0.5   0.0   0.2   9.0   14:47    SE
10  13.4  15.7   11:16  10.6   23:02   4.9   0.0   0.4   0.0   7.0   16:07    SE
11  11.6  13.6   15:19  10.3   03:52   6.7   0.0   1.6   0.0   5.0   15:20     S
12  12.8  14.9   16:52  11.3   00:00   5.5   0.0   2.0   0.0   6.0   16:34   SSE
13  12.4  13.1   13:34  11.6   23:20   5.9   0.0   0.6   0.1   6.0   15:53     S
14  14.2  18.8   15:12  11.1   05:34   4.1   0.0   0.4   0.3   8.0   12:39    SW
15  13.3  15.7   16:59  11.4   00:08   5.0   0.0   0.0   0.0   6.0   15:44   WNW
16  12.0  12.9   17:04  10.8   23:42   6.3   0.0   0.8   0.3   8.0   16:08   WNW
17  11.4  13.4   13:50  10.0   23:26   6.9   0.0   1.2   1.3  12.0   18:00   WNW
18  11.4  15.5   16:19   7.7   23:54   6.9   0.0   0.0   0.8  10.0   00:04   WNW
19  13.5  19.2   14:50   6.5   01:58   4.8   0.0   3.0   0.9  12.0   22:50   SSW
20  16.6  20.8   16:13  12.3   23:56   2.0   0.3   0.0   2.9  17.0   01:04     W
21  15.8  21.7   17:08  10.7   01:44   2.9   0.5   0.0   1.7  17.0   10:20   WSW
22  16.6  23.2   17:35  10.6   04:38   2.7   1.0   0.0   1.3  14.0   09:49   WSW
23  16.6  24.9   15:08   7.7   05:20   3.3   1.6   0.0   0.5  10.0   16:11   SSW
24  15.0  20.7   11:10   9.5   23:59   3.5   0.2   0.6   0.8  13.0   12:52   WSW
25  12.6  19.6   12:54   6.1   05:10   5.7   0.0   9.8   0.1   8.0   12:50   WNW
26  14.6  20.5   15:29  11.8   04:02   3.8   0.1   3.8   1.2  20.0   16:07     W
27  14.5  18.3   17:51  10.9   23:56   3.8   0.0   0.0   3.1  16.0   08:23   WNW
28  12.3  17.2   09:48   8.3   05:36   6.0   0.0   5.8   0.3  10.0   14:08    SW
29  11.6  14.7   16:29   9.3   04:53   6.7   0.0   7.4   0.6  11.0   17:44     W
30  12.7  17.3   13:35   7.9   05:22   5.6   0.0   5.8   1.5  14.0   10:25   WSW
----------------------------------------------------------------------------------
    13.4  26.8     7     5.4     3   154.5   7.1  43.8   0.7  20.0    26       W

Max >=  27.0:  0
Max <=   0.0:  0
Min <=   0.0:  0
Min <= -18.0:  0
Max Rain: 9.8 on day 25
Days of Rain: 16 (>= 0.2 mm)  7 (>= 2.0 mm)  0 (>= 20.0 mm)
Heat Base: 18.3  Cool Base: 18.3  Method: Integration
:now::gauges::today::yesterday::this month::this year::records::monthly records::trends::NOAA records::forum:


Page updated 25/02/2018 05:35:16
powered by Cumulus v3.0.0 (3042)