Spring weather

 Latitude N 54° 47' 06"    Longitude W 01° 35' 42"    Elevation 102 m

NOAA Style Reports for Spring Weather

Select a Year or Month report

Report for 2016 Jul
                   Monthly Climatological Summary for Jul 2016

Name: Spring weather   City: Durham   State: Co Durham
Elevation: 102 m  Lat: N 54 47 06   Lon: W 001 35 42

                  Temperature (C), Rain (mm), Wind Speed (mph)

                                      Heat  Cool        Avg
    Mean                              Deg   Deg         Wind                 Dom
Day Temp  High   Time   Low    Time   Days  Days  Rain  Speed High   Time    Dir
----------------------------------------------------------------------------------
 1  12.7  16.7   15:08   8.4   23:59   5.6   0.0   1.4   2.4  19.0   12:47   WSW
 2  12.4  16.8   16:56   7.1   04:52   5.9   0.0   0.0   3.9  29.0   13:05   WSW
 3  13.4  17.8   14:27   9.1   05:52   4.9   0.0   0.0   2.6  21.0   13:06     W
 4  14.5  20.2   13:17  11.2   04:57   4.0   0.1   5.4   0.6  13.0   14:09    SW
 5  14.1  17.8   13:23  10.6   23:57   4.2   0.0   0.2   2.1  14.0   19:02   WNW
 6  14.0  18.2   12:53   8.3   05:08   4.3   0.0   0.0   1.2  11.0   11:16     W
 7  16.9  20.3   18:46  14.3   02:38   1.7   0.3   0.0   2.4  16.0   02:58   WSW
 8  16.6  20.3   17:48  13.4   23:58   1.9   0.2   0.0   2.1  18.0   19:51   WNW
 9  16.5  20.4   16:40  12.1   01:36   2.0   0.2   2.0   1.3  18.0   16:49    SW
10  17.0  20.2   16:58  15.2   05:47   1.5   0.1   0.8   3.1  23.0   17:29   WSW
11  16.1  19.8   15:57  13.1   23:59   2.3   0.1   3.4   2.1  16.0   15:06   WNW
12  14.1  18.4   15:47   9.7   05:39   4.2   0.0   0.0   1.5  11.0   00:09   WNW
13  13.5  18.3   14:38  10.3   05:23   4.8   0.0   0.4   1.6  13.0   07:42   WNW
14  14.2  19.7   17:20   9.3   04:55   4.2   0.1   0.2   0.6   8.0   08:14     W
15  15.0  19.2   19:22   9.6   04:15   3.3   0.1   2.6   1.6  17.0   23:46    SW
16  17.7  21.5   15:52  14.9   04:43   1.2   0.6   0.0   3.1  19.0   00:23     W
17  17.3  22.0   14:30  14.7   06:41   1.6   0.7   0.0   1.9  15.0   12:29   WSW
18  20.4  25.9   17:48  15.0   00:11   0.8   2.9   0.0   1.5  13.0   10:49     W
19  23.1  31.4   16:33  13.5   05:00   1.1   5.9   0.0   0.3  10.0   12:18   SSE
20  20.8  24.2   16:44  17.0   23:59   0.0   2.5   2.6   0.5  10.0   10:08   WNW
21  18.2  24.1   16:46  12.6   05:00   1.5   1.3   0.0   1.3  14.0   16:11   WSW
22  19.9  25.7   17:37  15.3   06:30   0.8   2.3   0.0   0.7  11.0   18:11    SW
23  18.9  22.3   16:25  16.2   06:49   0.6   1.1   0.0   1.0  12.0   11:31   WSW
24  18.2  21.3   11:08  15.7   02:13   0.9   0.8   2.0   0.3  11.0   19:31    SW
25  16.2  19.2   10:39  12.4   23:56   2.2   0.1   0.0   2.5  20.0   11:11   WSW
26  15.4  19.7   14:20  10.6   03:22   3.0   0.1   0.6   1.3  14.0   16:57   WSW
27  16.3  20.7   16:13  12.0   23:57   2.2   0.3   4.6   1.9  14.0   13:10   WNW
28  13.5  15.8   16:00   9.9   05:20   4.8   0.0   4.2   0.1  11.0   16:00     N
29  15.9  19.8   15:30  14.3   00:00   2.5   0.1   1.4   0.1   7.0   13:00     N
30  15.0  19.5   16:30  10.1   06:00   3.4   0.1   0.2   1.4  15.0   18:30   NNE
31  14.3  18.9   13:30  10.1   03:00   4.0   0.0   0.0   2.1  15.0   17:00   NNE
----------------------------------------------------------------------------------
    16.2  31.4    19     7.1     2    85.4  20.0  32.0   1.6  29.0     2       W

Max >=  27.0:  1
Max <=   0.0:  0
Min <=   0.0:  0
Min <= -18.0:  0
Max Rain: 5.4 on day 4
Days of Rain: 16 (>= 0.2 mm)  8 (>= 2.0 mm)  0 (>= 20.0 mm)
Heat Base: 18.3  Cool Base: 18.3  Method: Integration
:now::gauges::today::yesterday::this month::this year::records::monthly records::trends::NOAA records::forum:


Page updated 25/02/2018 05:45:09
powered by Cumulus v3.0.0 (3042)