Spring weather

 Latitude N 54° 47' 06"    Longitude W 01° 35' 42"    Elevation 102 m

NOAA Style Reports for Spring Weather

Select a Year or Month report

Report for 2016 Nov
                   Monthly Climatological Summary for Nov 2016

Name: Spring weather   City: Duham   State: Co Durham
Elevation: 102 m  Lat: N 54 47 06   Lon: W 001 35 42

                  Temperature (C), Rain (mm), Wind Speed (mph)

                                      Heat  Cool        Avg
    Mean                              Deg   Deg         Wind                 Dom
Day Temp  High   Time   Low    Time   Days  Days  Rain  Speed High   Time    Dir
----------------------------------------------------------------------------------
01   7.3  10.2   00:00   3.3   19:42  11.0   0.0   1.2   0.4  12.0   23:52   WNW
02   5.0   9.2   14:38   1.5   22:52  13.3   0.0   0.0   1.8  12.0   11:10   WNW
03   5.3   8.2   23:18   1.2   00:36  13.0   0.0   0.8   0.3   7.0   12:45    SW
04   6.5   9.2   13:05   3.5   23:26  11.8   0.0   0.6   1.0  13.0   12:48     W
05   4.8   6.1   01:56   3.6   23:01  13.5   0.0   5.4   3.4  21.0   01:51   WNW
06   4.7   6.3   13:42   2.7   06:17  13.6   0.0   6.2   1.8  18.0   03:25   WNW
07   4.0   5.4   11:48   2.7   23:53  14.3   0.0   3.8   1.2  12.0   13:53   WNW
08   3.5   5.6   12:20   1.8   07:46  14.8   0.0   0.0   0.4   9.0   02:49     W
09   1.9   4.0   15:17  -0.5   22:18  16.4   0.0   5.0   0.3   8.0   00:19   SSE
10   4.1   7.4   11:51   0.4   00:00  14.2   0.0   1.8   1.6  16.0   17:58   WNW
11   5.9   8.8   12:40   3.6   05:23  12.4   0.0   1.2   1.5  22.0   22:26   SSW
12   7.1   9.7   14:21   4.9   00:39  11.2   0.0   3.8   2.1  20.0   05:03    SW
13   7.1   9.8   23:14   3.7   07:03  11.2   0.0   3.4   0.9   8.0   04:45     W
14  12.3  14.8   14:04   9.7   00:00   6.0   0.0   0.4   1.6  15.0   11:42   WSW
15  11.0  15.2   02:50   6.3   21:05   7.3   0.0   0.0   3.2  21.0   05:21     W
16   8.2  10.7   09:28   4.4   19:15  10.1   0.0   0.4   5.1  26.0   11:52   WSW
17   3.9   5.9   12:05   0.8   21:52  14.5   0.0   3.4   2.1  21.0   00:44   WSW
18   2.4   5.6   12:20  -0.1   07:57  15.9   0.0   0.4   1.3  15.0   09:42   WSW
19   1.7   6.2   12:30  -0.8   04:09  16.6   0.0   0.2   0.7  11.0   11:49    SW
20   1.6   5.7   13:47  -1.4   01:45  16.7   0.0   0.8   1.0  10.0   08:53    NW
21   3.1   6.4   13:44  -1.7   01:41  15.2   0.0  19.0   1.8  24.0   19:23    NE
22   6.2   7.4   10:08   4.6   00:00  11.2   0.0   2.4   2.4  16.0   00:32    NW
23   4.8   7.3   14:31   2.4   09:23  13.5   0.0   0.0   0.4   9.0   00:35    NW
24   4.2   6.2   15:14   0.9   08:24  14.1   0.0   0.0   0.0   4.0   00:11   NNW
25   1.9   6.9   14:55  -1.7   22:42  16.4   0.0   0.0   0.3   8.0   13:25    SW
26   2.5   8.3   13:15  -3.3   06:11  15.8   0.0   0.4   0.1   5.0   23:47   WSW
27   6.8   8.2   13:22   5.3   08:19  11.5   0.0   0.2   0.1   8.0   14:04    NE
28   4.4   8.1   12:05  -0.9   22:41  13.9   0.0   0.0   0.0   8.0   00:01    SE
29   1.7   5.2   12:55  -1.4   03:23  16.6   0.0   0.2   0.5  10.0   12:31    SW
30   7.3   9.4   13:23   3.9   00:00  11.0   0.0   0.0   1.9  17.0   21:36     W
----------------------------------------------------------------------------------
     5.0  15.2    15    -3.3    26   397.0   0.0  61.0   1.3  26.0    16       W

Max >=  27.0  0
Max <=   0.0  0
Min <=   0.0  9
Min <= -18.0  0
Max Rain: 19.0 on day 21
Days of Rain: 22 (>= 0.2 mm)  9 (>= 2.0 mm)  0 (>= 20.0 mm)
Heat Base: 18.3  Cool Base: 18.3  Method: Integration
:now::gauges::today::yesterday::this month::this year::records::monthly records::trends::NOAA records::forum:


Page updated 25/02/2018 05:50:16
powered by Cumulus v3.0.0 (3042)