Spring weather

 Latitude N 54° 47' 06"    Longitude W 01° 35' 42"    Elevation 102 m

NOAA Style Reports for Spring Weather


Report for 2017 Feb
                   Monthly Climatological Summary for Feb 2017

Name: Spring weather   City: Duham   State: Co Durham
Elevation: 102 m  Lat: N 54 47 06   Lon: W 001 35 42

                  Temperature (C), Rain (mm), Wind Speed (mph)

                                      Heat  Cool        Avg
    Mean                              Deg   Deg         Wind                 Dom
Day Temp  High   Time   Low    Time   Days  Days  Rain  Speed High   Time    Dir
----------------------------------------------------------------------------------
01   6.7   8.5   23:15   5.4   05:19  11.6   0.0   2.0   1.5  16.0   18:51   SSW
02   9.6  10.8   15:59   7.3   03:39   8.7   0.0   0.2   3.4  22.0   16:44     S
03   8.2  10.2   02:07   6.6   09:10  10.1   0.0   0.0   3.4  22.0   02:01     S
04   4.4   7.9   13:34  -0.3   23:52  13.9   0.0   3.6   1.7  15.0   13:50    SW
05   2.7   7.2   14:02  -1.1   23:53  15.6   0.0   0.0   0.3   6.0   07:05   SSW
06   1.1   4.8   18:10  -3.6   08:02  17.2   0.0   3.4   1.1  18.0   20:39     S
07   4.7   7.0   14:52   3.0   00:50  13.6   0.0   3.0   1.6  16.0   01:33   SSW
08   3.3   5.0   00:00   1.4   23:54  15.0   0.0   1.0   0.5  11.0   12:41   ESE
09   1.7   3.1   13:50   0.6   22:17  16.6   0.0   0.2   0.4  11.0   15:53   ESE
10   1.9   2.9   12:58   0.7   00:05  16.4   0.0   0.4   0.6  12.0   23:20   ENE
11   3.2   4.3   22:24   1.3   01:08  15.1   0.0  12.0   1.8  13.0   13:39    NE
12   3.1   4.4   22:59   1.7   06:31  15.2   0.0   5.2   3.1  22.0   19:08     E
13   4.9   5.7   13:31   4.1   05:20  13.4   0.0   0.0   2.2  15.0   02:30     E
14   5.3   8.0   15:19   3.0   06:40  13.0   0.0   0.0   1.1  10.0   10:24    SE
15   7.1  10.5   12:56   4.9   05:11  11.2   0.0   0.0   1.2  11.0   11:30   SSW
16   8.2  10.6   15:18   6.5   06:54  10.1   0.0   0.2   4.6  27.0   12:22   WSW
17   7.4  11.4   12:27   2.7   07:56  10.9   0.0   0.0   1.0  10.0   23:41   WSW
18   8.9  12.6   12:32   6.5   05:02   9.4   0.0   0.2   3.5  26.0   11:52    SW
19   9.6  12.5   23:03   7.1   06:04   8.7   0.0   0.0   3.3  22.0   01:21   WSW
20  11.4  13.7   08:38   7.9   23:52   6.9   0.0   0.0   5.4  27.0   15:16   WSW
21   9.0  12.6   20:25   5.1   07:50   9.3   0.0   0.0   5.0  35.0   22:40   WSW
22   7.5  10.9   00:00   5.7   23:57  10.8   0.0   0.6   7.7  33.0   10:05     W
23   4.6   8.2   11:23   1.9   15:59  10.6   0.0  17.8   2.1  24.0   14:34     W
24   4.7   7.7   13:56   2.0   07:09   8.3   0.0   0.8   2.4  13.0   05:30     W
25   9.0  11.6   12:58   4.6   00:00   5.7   0.0   1.0   6.3  32.0   06:39   WSW
26   7.8  10.9   13:24   4.9   03:32   6.4   0.0   1.6   4.7  31.0   15:26    SW
27   4.3   7.9   13:51   1.7   23:59   8.6   0.0   3.4   0.9  13.0   16:43    SW
28   3.4   7.9   14:09   0.1   03:52   9.2   0.0   0.2   1.3  14.0   10:36     W
----------------------------------------------------------------------------------
     5.8  13.7    20    -3.6     6   321.5   0.0  56.8   2.5  35.0    21      SW

Max >=  27.0  0
Max <=   0.0  0
Min <=   0.0  3
Min <= -18.0  0
Max Rain: 17.8 on day 23
Days of Rain: 19 (>= 0.2 mm)  8 (>= 2.0 mm)  0 (>= 20.0 mm)
Heat Base: 18.3  Cool Base: 18.3  Method: Integration
:now::gauges::today::yesterday::this month::this year::records::monthly records::top 10::trends::NOAA records::garden::forum:


Page updated 20/08/2018 00:15:02
powered by Cumulus v3.0.0 (3042)