Spring weather

 Latitude N 54° 47' 06"    Longitude W 01° 35' 42"    Elevation 102 m

NOAA Style Reports for Spring Weather


Report for 2017 Mar
                   Monthly Climatological Summary for Mar 2017

Name: Spring weather   City: Duham   State: Co Durham
Elevation: 102 m  Lat: N 54° 47' 06"   Lon: W 001° 35' 42"

                  Temperature (°C), Rain (mm), Wind Speed (mph)

                                      Heat  Cool        Avg
    Mean                              Deg   Deg         Wind                 Dom
Day Temp  High   Time   Low    Time   Days  Days  Rain  Speed High   Time    Dir
----------------------------------------------------------------------------------
01   3.5   8.6   13:37  -0.5   03:54   9.1   0.0   0.2   2.0  17.0   10:48   WSW
02   4.7   9.0   13:44   1.5   02:15   8.4   0.0   0.0   4.3  25.0   14:19   WSW
03   5.4   7.2   13:35   3.7   00:19   7.9   0.0   8.0   0.8  14.0   16:59   SSE
04   6.8   9.7   16:24   4.4   21:29   7.1   0.0   2.2   0.3   9.0   15:03   SSE
05   5.7   9.6   13:09   2.7   23:35   7.8   0.0   0.0   1.1  10.0   04:21     S
06   5.5   9.4   12:42   2.6   04:49   7.9   0.0   0.4   1.0  10.0   09:26   WNW
07   6.3  10.9   15:23   2.1   07:13   7.3   0.0   1.4   1.9  11.0   10:03   WSW
08   8.3  13.5   13:34   5.1   01:12   6.2   0.0   6.0   4.0  26.0   16:08   WSW
09   8.4  12.1   13:38   3.8   23:57   6.1   0.0   0.0   3.6  32.0   09:02     W
10   7.2  11.8   14:28   2.6   02:09   6.9   0.0   0.4   0.9  10.0   11:07   SSW
11   9.7  11.4   13:40   8.6   02:50   5.2   0.0   3.0   0.3   7.0   02:04    SW
12  10.1  13.1   12:09   6.4   00:00   5.1   0.0   0.8   1.9  15.0   10:47     W
13   8.6  13.7   15:20   3.6   05:53   6.0   0.0   0.0   2.5  19.0   09:10   WSW
14  10.9  14.6   11:05   7.5   23:27   4.6   0.0   0.0   4.7  28.0   05:22   WSW
15   8.4  13.1   15:19   4.7   06:45   6.1   0.0   0.0   2.0  16.0   12:51    SW
16   8.4  11.6   10:52   3.9   23:12   6.1   0.0   0.6   4.5  23.0   11:46   WSW
17   7.8  11.3   21:22   4.4   01:47   6.4   0.0   0.2   6.3  28.0   14:16   WSW
18  10.2  13.2   12:54   7.3   07:38   5.0   0.0   1.0   3.5  21.0   00:00     W
19  11.3  14.3   11:31   6.6   23:56   4.3   0.0   0.0   6.0  24.0   14:06   WSW
20   7.7  10.6   14:01   3.3   19:49   6.5   0.0   0.4   4.6  25.0   14:24   WSW
21   4.5   8.4   15:10   1.7   07:04   8.5   0.0   0.2   5.7  31.0   08:07   WSW
22   4.9   8.1   13:34   1.7   00:26   8.3   0.0   9.4   1.7  18.0   18:39     E
23   6.3   7.9   13:33   5.1   23:45   7.3   0.0   1.2   1.3  12.0   06:02   ENE
24   6.7  12.8   16:09   1.4   06:29   7.1   0.0   0.0   0.2   7.0   12:31     S
25   7.7  18.0   15:38  -0.6   06:35   6.5   0.0   0.0   0.4   7.0   16:48     S
26   6.5  13.0   12:42   0.0   07:04   7.0   0.0   0.0   0.5  10.0   16:11   ESE
27   6.6  11.9   13:43   3.0   04:52   7.2   0.0   0.0   0.4  10.0   17:07    SE
28   7.7  10.7   14:00   5.3   07:57   6.5   0.0   0.0   1.5  12.0   14:00   SSW
29  10.4  14.4   15:52   6.1   07:17   4.7   0.0   0.4   0.9  13.0   15:35    SW
30  13.8  16.3   13:30  11.7   03:52   3.9   0.0   0.2   3.0  22.0   16:30    SW
31  12.7  14.8   15:00  10.6   00:00   5.6   0.0   0.2   3.4  29.0   14:30    SW
----------------------------------------------------------------------------------
     7.8  18.0    25    -0.6    25   202.6   0.0  36.2   2.5  32.0     9     WSW

Max >=  27.0  0
Max <=   0.0  0
Min <=   0.0  3
Min <= -18.0  0
Max Rain: 9.4 on day 22
Days of Rain: 19 (>= 0.2 mm)  5 (>= 2.0 mm)  0 (>= 20.0 mm)
Heat Base: 18.3  Cool Base: 18.3  Method: Integration


Page updated 27/11/2020 19:25:01
powered by Cumulus v3.9.1 (3096)
Valid HTML Valid CSS