Spring weather

 Latitude N 54° 47' 06"    Longitude W 01° 35' 42"    Elevation 102 m

NOAA Style Reports for Spring Weather

Select a Year or Month report

Report for 2017 Apr
                   Monthly Climatological Summary for Apr 2017

Name: Spring weather   City: Duham   State: Co Durham
Elevation: 102 m  Lat: N 54 47 06   Lon: W 001 35 42

                  Temperature (C), Rain (mm), Wind Speed (mph)

                                      Heat  Cool        Avg
    Mean                              Deg   Deg         Wind                 Dom
Day Temp  High   Time   Low    Time   Days  Days  Rain  Speed High   Time    Dir
----------------------------------------------------------------------------------
01  10.7  15.4   12:30   7.8   00:00   7.6   0.0   0.4   1.2  11.0   18:00   WSW
02  10.0  16.2   17:00   5.9   00:00   8.3   0.0   0.0   1.5  11.0   17:30   WSW
03   9.9  16.0   15:00   4.1   05:30   8.4   0.0   0.2   2.1  19.0   14:30    SW
04  10.4  14.2   16:00   7.7   23:00   7.9   0.0   0.0   2.7  17.0   17:00     W
05   9.7  12.9   16:30   7.1   00:00   8.6   0.0   0.0   4.1  22.0   11:30     W
06   8.5  13.5   16:00   2.4   06:30   9.8   0.0   0.0   2.8  17.0   15:00     W
07   8.4  11.5   17:30   4.1   00:00   9.9   0.0   0.0   1.8  14.0   08:30     W
08   9.1  19.0   17:12  -0.6   06:30   9.0   0.0   0.0   0.9  10.0   16:22    SW
09  11.5  20.3   13:32   5.4   04:38   6.9   0.1   0.0   3.2  25.0   14:21   WSW
10   8.8  13.2   12:37   5.6   04:50   9.5   0.0   0.0   3.8  24.0   07:02     W
11   9.1  11.4   11:40   4.3   04:01   9.2   0.0   0.0   4.8  25.0   15:51     W
12  10.2  13.7   13:20   6.4   23:58   8.1   0.0   0.0   6.7  24.0   11:57     W
13   8.3  12.2   13:20   5.1   06:29  10.0   0.0   0.0   4.3  20.0   10:58     W
14   9.0  14.0   13:36   5.8   00:32   9.3   0.0   0.0   2.3  16.0   13:27     W
15   8.0  12.3   14:59   5.1   03:52  10.3   0.0   0.0   6.0  26.0   09:42     W
16   6.0   8.9   13:12   4.4   05:56  12.3   0.0   4.8   2.1  14.0   00:23     W
17   6.2  10.8   17:02   2.3   23:59  12.1   0.0   1.8   0.5  10.0   20:25   NNW
18   5.3  10.2   14:03  -0.4   05:23  13.0   0.0   0.0   0.7   8.0   09:03     E
19   8.1  12.6   17:33   4.5   05:14  10.2   0.0   0.0   1.5  13.0   15:39    SW
20  12.1  16.7   14:44   7.8   00:00   6.2   0.0   0.0   3.0  20.0   15:39     W
21  10.8  14.6   11:15   7.3   23:49   7.5   0.0   2.6   3.0  22.0   10:07     W
22   7.7  11.2   15:36   5.3   07:42  10.6   0.0   0.4   0.5  12.0   13:11     N
23   9.3  15.3   15:39   4.2   04:42   9.0   0.0   0.0   1.6  15.0   17:54   WSW
24   6.9  10.8   12:59   0.7   23:52  11.4   0.0   1.6   3.5  24.0   16:35     W
25   3.9   9.1   14:01  -0.3   04:55  14.4   0.0   6.6   2.9  19.0   09:23    NW
26   4.9   8.6   15:12   0.9   05:52  13.4   0.0   0.8   1.6  15.0   08:02    NW
27   7.5  11.7   14:27   4.2   01:41  10.8   0.0   2.0   1.9  16.0   10:04     W
28   7.1  11.9   14:08   1.9   04:49  11.2   0.0   0.0   0.7   8.0   16:07   WNW
29   9.6  13.4   15:39   6.2   05:30   8.7   0.0   0.0   0.7  11.0   19:20   SSE
30   9.8  12.3   10:35   7.2   05:08   8.5   0.0   0.0   2.6  24.0   13:03   ESE
----------------------------------------------------------------------------------
     8.6  20.3     9    -0.6     8   292.1   0.1  21.2   2.5  26.0    15       W

Max >=  27.0  0
Max <=   0.0  0
Min <=   0.0  3
Min <= -18.0  0
Max Rain: 6.6 on day 25
Days of Rain: 10 (>= 0.2 mm)  4 (>= 2.0 mm)  0 (>= 20.0 mm)
Heat Base: 18.3  Cool Base: 18.3  Method: Integration
:now::gauges::today::yesterday::this month::this year::records::monthly records::trends::NOAA records::forum:


Page updated 25/02/2018 05:40:03
powered by Cumulus v3.0.0 (3042)