Spring weather

 Latitude N 54° 47' 06"    Longitude W 01° 35' 42"    Elevation 102 m

NOAA Style Reports for Spring Weather

Select a Year or Month report

Report for 2017 Jun
                   Monthly Climatological Summary for Jun 2017

Name: Spring weather   City: Duham   State: Co Durham
Elevation: 102 m  Lat: N 54 47 06   Lon: W 001 35 42

                  Temperature (C), Rain (mm), Wind Speed (mph)

                                      Heat  Cool        Avg
    Mean                              Deg   Deg         Wind                 Dom
Day Temp  High   Time   Low    Time   Days  Days  Rain  Speed High   Time    Dir
----------------------------------------------------------------------------------
01  17.3  22.5   15:43  12.3   05:15   2.0   1.0   0.0   1.7  16.0   13:29    SW
02  15.1  17.7   15:46  12.8   07:28   3.2   0.0   2.2   0.2   6.0   01:26   WSW
03  14.8  20.1   15:57   9.0   05:32   3.7   0.2   0.0   1.6  16.0   16:41   WSW
04  13.5  18.6   14:43   7.9   03:58   4.8   0.0   0.0   2.3  19.0   15:10   WSW
05  11.7  15.7   16:44   9.1   01:38   6.6   0.0  10.0   1.0  13.0   14:58     S
06  12.0  15.2   11:41   9.9   23:48   6.3   0.0  19.2   2.9  21.0   23:17   WNW
07  12.5  17.1   15:18   9.0   06:39   5.8   0.0   5.6   5.4  24.0   02:34   WNW
08  13.6  17.9   17:41  10.4   02:59   4.7   0.0   3.8   1.7  22.0   19:55    SW
09  14.7  20.0   16:20  10.2   03:48   3.7   0.2   0.0   2.8  17.0   12:33   WSW
10  14.5  19.2   18:31  11.7   06:54   3.9   0.1   5.6   1.8  18.0   17:01   SSW
11  15.0  17.9   12:39  12.9   23:59   3.3   0.0   0.4   3.7  28.0   15:08   WSW
12  13.9  16.8   14:34  11.5   23:21   4.4   0.0   0.0   3.5  21.0   11:03     W
13  14.6  19.9   18:06   9.1   05:16   3.8   0.1   0.0   2.0  14.0   14:23   WSW
14  17.8  23.5   15:24  11.7   02:45   2.1   1.6   0.0   0.6  11.0   08:56     S
15  15.7  19.4   16:29  12.3   05:25   2.6   0.0   0.0   3.1  24.0   16:05   WSW
16  15.7  20.4   17:23  11.9   00:50   2.7   0.1   0.0   2.6  16.0   08:42     W
17  20.6  26.9   15:02  14.4   05:39   1.0   3.3   0.0   1.8  16.0   17:51   WSW
18  20.7  28.9   16:18  10.5   05:07   1.8   4.2   0.0   1.0  14.0   13:28   WSW
19  20.7  27.7   13:32  12.6   05:23   1.4   3.8   0.0   0.5  10.0   20:36   WNW
20  16.5  19.5   11:31  14.5   05:51   1.9   0.1   0.0   0.5  10.0   18:11    SE
21  17.7  24.3   17:51  13.3   06:32   2.1   1.5   4.6   0.6   9.0   08:47     S
22  18.3  21.7   17:49  14.1   23:57   0.6   0.6   0.2   1.3  13.0   13:22   WNW
23  15.5  18.8   14:48  13.7   03:56   2.8   0.0   0.8   2.8  24.0   13:58   WSW
24  15.1  19.5   15:15  10.7   05:10   3.3   0.1   0.0   3.9  25.0   10:18     W
25  14.2  18.3   14:08  10.3   23:52   4.1   0.0   0.0   2.9  21.0   09:57   WNW
26  13.3  17.2   15:21   8.2   05:04   5.0   0.0   0.6   0.7   9.0   07:01   WNW
27  11.7  13.3   15:11  10.5   03:37   6.6   0.0   6.8   0.6  10.0   14:09    SE
28  11.0  12.2   12:32   9.4   22:20   7.3   0.0   7.2   0.7  12.0   12:46   WSW
29  12.2  13.8   18:56  10.4   00:00   6.1   0.0  11.0   1.1  13.0   07:22   WNW
30  13.3  14.5   13:16  11.9   23:04   5.0   0.0   1.6   0.3   9.0   15:36    NW
----------------------------------------------------------------------------------
    15.1  28.9    18     7.9     4   112.6  16.9  79.6   1.8  28.0    11     WSW

Max >=  27.0  2
Max <=   0.0  0
Min <=   0.0  0
Min <= -18.0  0
Max Rain: 19.2 on day 6
Days of Rain: 15 (>= 0.2 mm)  10 (>= 2.0 mm)  0 (>= 20.0 mm)
Heat Base: 18.3  Cool Base: 18.3  Method: Integration
:now::gauges::today::yesterday::this month::this year::records::monthly records::trends::NOAA records::forum:


Page updated 25/02/2018 05:40:03
powered by Cumulus v3.0.0 (3042)