Spring weather

 Latitude N 54° 47' 06"    Longitude W 01° 35' 42"    Elevation 102 m

NOAA Style Reports for Spring Weather


Report for 2017 Jul
                   Monthly Climatological Summary for Jul 2017

Name: Spring weather   City: Duham   State: Co Durham
Elevation: 102 m  Lat: N 54 47 06   Lon: W 001 35 42

                  Temperature (C), Rain (mm), Wind Speed (mph)

                                      Heat  Cool        Avg
    Mean                              Deg   Deg         Wind                 Dom
Day Temp  High   Time   Low    Time   Days  Days  Rain  Speed High   Time    Dir
----------------------------------------------------------------------------------
01  15.3  20.4   13:59  11.8   05:04   3.2   0.2   0.0   1.6  18.0   16:16   WSW
02  14.9  19.6   16:00  10.9   04:35   3.5   0.1   0.0   3.1  18.0   15:09     W
03  15.5  19.4   15:07  11.6   23:55   2.8   0.0   0.0   2.2  17.0   00:46   WNW
04  12.6  15.7   18:40  11.0   03:16   5.7   0.0  11.6   0.0   5.0   13:48   ESE
05  12.6  14.0   17:39  11.4   05:30   5.7   0.0   1.0   0.1   8.0   22:35   SSE
06  16.5  23.7   16:35  12.4   00:00   2.7   1.0   2.4   0.1   7.0   17:44   SSE
07  16.6  20.7   12:18  12.5   23:59   2.1   0.4   1.4   1.4  18.0   15:32   WSW
08  14.5  21.7   17:33   7.6   05:46   4.3   0.4   0.0   1.6  13.0   18:52     W
09  15.9  19.9   17:13  10.4   03:07   2.6   0.2   0.0   1.8  17.0   13:35   WSW
10  14.6  17.2   13:16  12.1   23:59   3.7   0.0   7.8   0.1   9.0   14:33     W
11  12.5  15.1   18:30  10.3   05:49   5.8   0.0   2.0   0.0   8.0   18:15     S
12  14.0  20.1   16:32   9.6   05:10   4.4   0.1   0.0   0.3   7.0   10:25   SSE
13  15.6  21.6   13:57   9.2   06:02   3.4   0.7   0.6   2.1  19.0   14:14   WSW
14  14.8  19.8   16:25  11.2   05:24   3.5   0.1   1.2   2.6  13.0   08:29   WNW
15  16.1  20.1   19:30  12.2   00:00   2.4   0.3   1.4   2.3  20.0   19:33   WSW
16  16.7  20.6   16:09  12.2   23:59   1.9   0.4   0.0   2.4  16.0   01:11   WNW
17  17.4  24.2   14:33   9.7   05:06   2.7   1.9   0.0   1.1  12.0   11:36   WNW
18  17.5  24.6   13:42  10.3   04:57   2.6   1.8   0.0   0.9  13.0   14:23    SE
19  16.3  22.0   16:20  13.7   00:31   2.2   0.2   0.2   0.8  12.0   07:52   ESE
20  14.6  16.4   18:05   9.9   23:56   3.7   0.0   4.0   1.1  12.0   19:52     W
21  14.7  19.6   14:30   8.4   02:31   3.7   0.2   0.0   1.1  15.0   12:30    SE
22  15.6  19.4   17:46  12.6   23:51   2.7   0.0   3.8   0.5  11.0   21:52    SE
23  14.4  19.3   10:50  10.4   06:08   4.0   0.0  10.6   0.7  11.0   23:33   WNW
24  13.5  15.3   16:38  12.0   06:52   4.8   0.0   0.4   1.0  15.0   09:08   WNW
25  14.4  18.4   15:17  11.6   23:26   3.9   0.0   0.0   0.2   8.0   02:58     W
26  15.3  20.8   16:13  11.8   00:00   3.2   0.1   5.0   1.7  18.0   15:46    SW
27  13.8  17.8   18:02  10.6   05:03   4.5   0.0   0.8   1.9  15.0   16:33   WSW
28  15.0  19.3   14:17  11.7   04:43   3.3   0.0   3.6   2.2  23.0   10:58   WSW
29  15.2  19.6   18:13  11.1   03:15   3.2   0.0   0.4   2.6  23.0   12:51   WSW
30  15.5  20.3   16:14  12.1   04:30   2.9   0.1   0.0   2.2  19.0   16:06   WSW
31  15.1  19.8   15:38  11.6   06:24   3.4   0.1   2.0   2.6  20.0   16:51   WSW
----------------------------------------------------------------------------------
    15.1  24.6    18     7.6     8   108.5   8.3  60.2   1.4  23.0    28     WSW

Max >=  27.0  0
Max <=   0.0  0
Min <=   0.0  0
Min <= -18.0  0
Max Rain: 11.6 on day 4
Days of Rain: 19 (>= 0.2 mm)  10 (>= 2.0 mm)  0 (>= 20.0 mm)
Heat Base: 18.3  Cool Base: 18.3  Method: Integration
:now::gauges::today::yesterday::this month::this year::records::monthly records::top 10::trends::NOAA records::garden::forum:


Page updated 20/08/2018 00:15:02
powered by Cumulus v3.0.0 (3042)