Spring weather

 Latitude N 54° 47' 06"    Longitude W 01° 35' 42"    Elevation 102 m

NOAA Style Reports for Spring Weather

Select a Year or Month report

Report for 2017 Aug
                   Monthly Climatological Summary for Aug 2017

Name: Spring weather   City: Duham   State: Co Durham
Elevation: 102 m  Lat: N 54 47 06   Lon: W 001 35 42

                  Temperature (C), Rain (mm), Wind Speed (mph)

                                      Heat  Cool        Avg
    Mean                              Deg   Deg         Wind                 Dom
Day Temp  High   Time   Low    Time   Days  Days  Rain  Speed High   Time    Dir
----------------------------------------------------------------------------------
01  14.8  20.2   17:09  10.3   04:14   3.7   0.2   0.0   1.8  16.0   15:28   WSW
02  15.3  18.4   10:55  11.4   04:44   3.0   0.0   6.8   0.9  12.0   21:46   SSE
03  15.6  20.0   16:31  11.5   05:01   2.8   0.1   2.0   2.4  20.0   14:19   WSW
04  16.0  20.2   16:19  12.6   23:58   2.4   0.1   0.0   3.2  20.0   10:38     W
05  14.1  18.6   16:09   9.6   03:24   4.2   0.0   0.2   1.6  16.0   17:11   WNW
06  13.1  17.5   10:58   7.7   05:51   5.2   0.0   2.4   1.0  15.0   11:20    SW
07  14.6  19.1   17:29  11.1   06:20   3.7   0.0   3.2   1.4  14.0   09:43   WSW
08  11.9  15.7   11:38   7.7   04:21   6.4   0.0  15.2   0.0   7.0   16:34   WSW
09  14.1  18.0   16:59   9.8   23:56   4.2   0.0   0.2   0.8  13.0   06:11   WNW
10  14.2  22.0   15:59   6.4   05:49   4.7   0.6   0.0   0.7  13.0   16:53   WSW
11  14.3  18.2   15:50   9.3   03:37   4.0   0.0   0.4   1.8  21.0   14:38   WSW
12  14.1  18.2   12:27  10.7   23:59   4.2   0.0   4.4   0.5  10.0   12:06   WNW
13  13.6  18.9   14:13   7.7   06:13   4.7   0.0   0.0   0.6   9.0   11:46   WNW
14  15.6  21.4   15:43  11.9   04:22   3.0   0.3   1.4   0.8  14.0   11:01     S
15  16.2  20.1   14:07  12.6   23:58   2.3   0.3   1.2   1.9  17.0   14:31   WSW
16  15.9  21.3   16:20  10.4   06:03   2.9   0.5   0.0   1.4  16.0   14:57   SSW
17  17.8  23.3   14:49  14.1   05:24   1.6   1.1   3.4   1.7  16.0   14:06    SW
18  14.3  17.9   13:22  11.8   23:20   4.0   0.0   1.8   2.9  19.0   15:44   WSW
19  14.4  18.2   14:48  11.8   00:33   3.9   0.0   0.2   3.7  22.0   11:42     W
20  15.0  19.2   13:32  10.1   23:58   3.3   0.0   0.0   1.9  14.0   09:36   WNW
21  14.4  21.7   15:05   6.3   06:03   4.5   0.6   0.2   0.4  10.0   12:16   SSE
22  17.8  21.3   13:37  15.5   02:58   1.2   0.6   0.6   0.1   6.0   20:09   SSE
23  16.7  19.7   14:29  12.4   23:50   1.8   0.2   1.2   0.5  11.0   17:54    SW
24  14.7  18.3   12:04  10.6   06:21   3.6   0.0   1.0   1.1  13.0   13:09   WSW
25  15.9  19.4   12:21  13.2   00:53   2.5   0.0   0.2   1.4  16.0   12:34   WSW
26  15.9  20.9   16:31  10.8   23:59   2.8   0.4   0.0   1.1  13.0   16:37   WNW
27  15.9  21.9   17:16  10.3   02:00   3.1   0.7   0.0   1.1  15.0   14:12   WSW
28  17.2  22.1   16:15  14.1   05:53   1.6   0.5   0.0   2.3  21.0   11:31   WSW
29  14.0  17.3   00:00   9.9   23:27   4.3   0.0   0.0   0.8  12.0   12:49   WNW
30  13.1  18.4   16:27   8.7   05:56   5.2   0.0   0.0   0.8  13.0   16:39   WNW
31  13.0  18.8   17:17   8.7   04:52   5.3   0.0   0.4   0.4   8.0   16:10   WSW
----------------------------------------------------------------------------------
    15.0  23.3    17     6.3    21   110.1   6.2  46.4   1.3  22.0    19     WSW

Max >=  27.0  0
Max <=   0.0  0
Min <=   0.0  0
Min <= -18.0  0
Max Rain: 15.2 on day 8
Days of Rain: 20 (>= 0.2 mm)  7 (>= 2.0 mm)  0 (>= 20.0 mm)
Heat Base: 18.3  Cool Base: 18.3  Method: Integration
:now::gauges::today::yesterday::this month::this year::records::monthly records::trends::NOAA records::forum:


Page updated 24/05/2018 17:51:24
powered by Cumulus v3.0.0 (3042)