Spring weather

 Latitude N 54° 47' 06"    Longitude W 01° 35' 42"    Elevation 102 m

NOAA Style Reports for Spring Weather


Report for 2017 Sep
                   Monthly Climatological Summary for Sep 2017

Name: Spring weather   City: Duham   State: Co Durham
Elevation: 102 m  Lat: N 54° 47' 06"   Lon: W 001° 35' 42"

                  Temperature (°C), Rain (mm), Wind Speed (mph)

                                      Heat  Cool        Avg
    Mean                              Deg   Deg         Wind                 Dom
Day Temp  High   Time   Low    Time   Days  Days  Rain  Speed High   Time    Dir
----------------------------------------------------------------------------------
01  12.3  17.6   14:49   6.8   06:47   6.0   0.0   0.6   0.2   8.0   10:18     W
02  12.9  19.8   15:06   4.8   06:29   5.6   0.2   0.0   0.3   8.0   13:56    SW
03  13.9  17.8   13:36   9.4   02:02   4.4   0.0   0.2   1.1  16.0   13:06   SSE
04  15.6  20.1   14:15  12.7   06:07   2.9   0.2   3.8   0.8  12.0   08:12   SSW
05  15.4  18.0   16:27  11.7   23:05   2.9   0.0   6.0   0.8  10.0   11:54     W
06  13.1  17.7   14:55   8.8   06:14   5.2   0.0   0.0   1.7  16.0   13:25   WNW
07  13.5  15.4   16:11  11.5   05:59   4.8   0.0   1.2   1.0  19.0   13:31   WSW
08  13.3  16.8   16:12  10.4   06:10   5.0   0.0   0.4   1.8  17.0   11:39     W
09  11.5  15.2   16:00   8.1   23:58   6.8   0.0   6.0   0.1   8.0   16:11   WSW
10  11.3  16.4   15:04   7.6   02:15   7.0   0.0   4.2   1.5  19.0   17:59    SW
11  12.6  17.3   14:26   9.4   00:59   5.7   0.0   4.2   2.4  18.0   13:44   WNW
12  12.5  16.6   13:08   9.8   23:08   5.8   0.0   9.6   3.1  19.0   05:22   WNW
13  10.9  15.1   15:09   8.0   07:04   7.4   0.0  15.2   2.4  18.0   14:24   WNW
14  10.8  15.1   15:41   8.7   04:43   7.5   0.0   4.2   1.6  19.0   10:03   WNW
15  11.4  14.8   16:51   9.1   00:00   6.9   0.0   3.0   1.3  13.0   09:30   WNW
16  10.6  13.2   13:55   9.2   07:51   7.7   0.0   3.6   0.9  14.0   04:13   WNW
17  12.2  15.4   14:23  10.0   00:51   6.1   0.0   4.2   0.2   8.0   00:20   WNW
18  10.3  13.2   12:22   6.9   23:23   8.0   0.0   0.8   0.3   9.0   11:56   WNW
19  10.0  16.2   16:39   3.8   07:12   8.3   0.0   0.2   0.2   8.0   16:44   WNW
20  13.1  17.7   13:59   7.9   03:35   5.2   0.0   0.0   0.8  17.0   13:04    SW
21  13.8  16.6   13:06   8.4   23:30   4.5   0.0   0.0   1.3  12.0   06:47   SSW
22  10.6  16.1   12:42   5.5   05:48   7.7   0.0   0.8   0.5  13.0   12:20     S
23  14.0  17.0   13:11  11.3   05:55   4.3   0.0   0.0   0.5  12.0   11:10     S
24  14.6  18.1   14:20  11.2   07:56   3.7   0.0   0.0   0.6   9.0   08:55   SSE
25  14.1  16.3   15:20  12.9   02:25   4.2   0.0   1.8   0.0   5.0   14:54   SSE
26  13.9  18.6   15:54  11.3   05:09   4.4   0.0   0.2   0.2   7.0   12:21    SE
27  14.2  16.6   15:12  11.7   07:26   4.1   0.0   3.4   1.0  14.0   15:56    SE
28  15.0  19.4   13:00  12.2   00:00   3.5   0.1   3.0   0.6   9.0   00:05    SW
29  12.8  16.4   16:30   9.3   23:30   5.5   0.0   3.2   1.1  15.0   16:30    SW
30  11.4  14.8   16:51   9.1   00:00   6.9   0.0   3.0   0.0  13.0   09:30   WNW
----------------------------------------------------------------------------------
    12.7  20.1     4     3.8    19   168.0   0.5  82.8   1.0  19.0     7       W

Max >=  27.0  0
Max <=   0.0  0
Min <=   0.0  0
Min <= -18.0  0
Max Rain: 15.2 on day 13
Days of Rain: 24 (>= 0.2 mm)  15 (>= 2.0 mm)  0 (>= 20.0 mm)
Heat Base: 18.3  Cool Base: 18.3  Method: Integration


Page updated 29/11/2020 01:35:03
powered by Cumulus v3.9.1 (3096)
Valid HTML Valid CSS