Spring weather

 Latitude N 54° 47' 06"    Longitude W 01° 35' 42"    Elevation 102 m

NOAA Style Reports for Spring Weather

Select a Year or Month report

Report for 2017 Nov
                   Monthly Climatological Summary for Nov 2017

Name: Spring weather   City: Duham   State: Co Durham
Elevation: 102 m  Lat: N 54 47 06   Lon: W 001 35 42

                  Temperature (C), Rain (mm), Wind Speed (mph)

                                      Heat  Cool        Avg
    Mean                              Deg   Deg         Wind                 Dom
Day Temp  High   Time   Low    Time   Days  Days  Rain  Speed High   Time    Dir
----------------------------------------------------------------------------------
01  11.8  13.0   13:47  10.0   20:37   6.5   0.0   0.0   2.2  17.0   07:33   WSW
02   8.9  11.0   12:18   5.2   23:59   9.4   0.0   0.2   0.5   9.0   03:46   WNW
03   7.8  10.2   13:53   4.6   00:47  10.5   0.0   0.0   0.8  11.0   15:57   WSW
04   8.0  10.7   14:33   3.8   23:52  10.3   0.0   0.4   1.7  15.0   19:06     W
05   4.8   9.0   13:05   0.3   23:57  13.5   0.0   0.0   1.7  16.0   10:21   WNW
06   4.3   9.3   14:01  -2.4   06:15  14.0   0.0   0.0   1.3  18.0   20:48   SSW
07   8.0  11.1   10:59   4.9   23:57  10.3   0.0   0.2   2.2  20.0   06:58    SW
08   5.8   9.6   12:34   0.9   07:51  12.5   0.0   0.4   1.2  15.0   21:47   WSW
09  10.2  12.3   06:48   7.9   23:59   8.1   0.0   0.0   4.4  23.0   18:18     W
10   6.9   9.6   04:27   3.0   23:20  11.4   0.0   0.0   4.0  21.0   09:20     W
11   4.6   8.1   12:21   2.1   22:02  13.7   0.0   0.0   1.2  11.0   11:01     W
12   4.5   7.4   14:01   2.7   07:25  13.8   0.0   0.0   3.5  25.0   09:43   WNW
13   4.2   9.4   23:53   1.1   06:31  14.1   0.0   0.0   2.8  22.0   22:58     W
14  10.2  12.5   12:01   8.8   20:58   8.1   0.0   0.0   1.6  17.0   00:48     W
15   6.3   9.7   12:11   2.2   07:06  12.0   0.0   0.0   0.2   8.0   19:07     W
16   7.2  10.4   08:15   1.9   23:40  11.1   0.0   0.6   2.1  19.0   07:41     W
17   4.4   8.2   14:58   0.2   06:33  13.9   0.0   0.2   1.8  19.0   23:41   WSW
18   5.8   8.1   01:08   2.4   23:19  12.5   0.0   0.0   3.7  27.0   02:00     W
19   3.6   6.8   13:19   1.0   05:51  14.7   0.0   1.0   1.4   9.0   04:00     W
20   7.7  12.4   14:24   3.6   00:20  10.6   0.0   4.0   1.2  17.0   14:06     W
21  11.0  13.3   21:44   9.2   00:00   7.3   0.0   4.4   2.6  25.0   23:36   WSW
22  11.4  13.9   14:00   8.4   23:53   6.9   0.0  26.8   3.3  26.0   13:22    SW
23   5.3   8.4   00:00   2.6   23:08  13.0   0.0   1.4   3.6  20.0   11:40     W
24   2.5   6.4   13:02  -0.2   06:18  15.8   0.0   0.0   1.0  15.0   13:11   WSW
25   2.7   4.6   12:00  -0.4   07:14  15.6   0.0   0.2   3.8  22.0   19:18     W
26   4.2   6.2   12:59   2.9   06:50  14.1   0.0   0.2   4.3  21.0   00:13     W
27   5.7   8.5   02:46   3.8   22:23  12.6   0.0   0.6   5.2  24.0   11:18     W
28   3.2   4.5   12:23   2.1   05:37  15.1   0.0   7.0   2.9  21.0   19:06   WNW
29   2.3   4.1   14:18   0.3   22:18  16.0   0.0   9.0   3.2  18.0   18:04   WNW
30   1.0   2.2   11:00  -0.2   05:07  17.3   0.0   4.4   3.7  21.0   16:50   WNW
----------------------------------------------------------------------------------
     6.1  13.9    22    -2.4     6   364.7   0.0  61.0   2.4  27.0    18       W

Max >=  27.0  0
Max <=   0.0  0
Min <=   0.0  4
Min <= -18.0  0
Max Rain: 26.8 on day 22
Days of Rain: 17 (>= 0.2 mm)  6 (>= 2.0 mm)  1 (>= 20.0 mm)
Heat Base: 18.3  Cool Base: 18.3  Method: Integration
:now::gauges::today::yesterday::this month::this year::records::monthly records::trends::NOAA records::forum:


Page updated 25/02/2018 05:45:09
powered by Cumulus v3.0.0 (3042)