Spring weather

 Latitude N 54° 47' 06"    Longitude W 01° 35' 42"    Elevation 102 m

NOAA Style Reports for Spring Weather


Report for 2018 Apr
                   Monthly Climatological Summary for Apr 2018

Name: Spring weather   City: Duham   State: Co Durham
Elevation: 102 m  Lat: N 54 47 06   Lon: W 001 35 42

                  Temperature (C), Rain (mm), Wind Speed (mph)

                                      Heat  Cool        Avg
    Mean                              Deg   Deg         Wind                 Dom
Day Temp  High   Time   Low    Time   Days  Days  Rain  Speed High   Time    Dir
----------------------------------------------------------------------------------
01   3.6   6.1   17:10   1.8   02:55  14.7   0.0   1.8   0.6  10.0   00:18    NE
02   2.8   4.4   23:23   1.3   09:28  15.5   0.0  12.6   1.5  16.0   12:13     E
03   6.0  10.2   17:30   3.3   03:28  12.3   0.0   4.6   0.4  11.0   17:00    SW
04   5.4  10.3   14:30   1.0   19:34  12.9   0.0  15.2   1.1  16.0   23:31   NNW
05   5.4  11.1   17:02   0.1   07:13  12.9   0.0   0.8   3.0  18.0   12:27     W
06   8.5  12.5   17:00   4.6   07:21   9.8   0.0   0.0   2.1  19.0   13:48     S
07   7.9  10.7   11:49   5.2   07:05  10.4   0.0   3.4   0.2   7.0   20:31   WNW
08   8.9  13.2   15:51   4.9   07:03   9.4   0.0   0.0   0.3   6.0   11:52   WNW
09   7.8  14.7   15:06   3.5   03:49  10.5   0.0   0.0   0.8   9.0   15:10   SSE
10   5.9   6.2   00:00   5.6   06:29  12.4   0.0   8.6   1.1  12.0   12:03    NE
11   5.4   6.0   00:00   4.8   19:42  12.9   0.0   0.4   0.9   9.0   09:23   ENE
12   5.0   5.4   05:13   4.7   16:31  13.3   0.0   3.4   0.8   9.0   12:43   ESE
13   6.5   8.1   17:35   5.1   00:00  11.8   0.0   3.4   0.3   8.0   22:30   NNW
14   9.7  14.7   16:52   5.4   04:12   8.6   0.0   0.2   0.9  11.0   14:23   WSW
15   8.5  15.7   15:45   2.1   06:19   9.8   0.0   0.6   0.6  14.0   11:47    SE
16  11.2  15.1   16:29   8.3   07:02   7.1   0.0   0.0   2.9  22.0   11:11    SW
17  12.0  14.6   17:19   9.1   05:40   6.3   0.0   0.0   4.3  23.0   12:43   SSW
18  15.6  20.8   17:52   9.3   02:39   3.1   0.4   0.0   2.2  23.0   11:25   SSW
19  17.5  24.3   14:02  11.4   06:16   2.6   1.7   0.0   2.1  14.0   00:12    SW
20  13.5  19.5   15:17   8.5   23:59   4.9   0.1   0.0   1.9  17.0   17:06     W
21  13.0  20.5   16:43   4.3   06:17   5.6   0.3   0.0   1.0  11.0   16:48     S
22  12.6  17.2   09:11   9.4   23:10   5.7   0.0   0.8   3.6  21.0   09:58    SW
23  10.7  14.1   14:12   8.1   03:05   7.6   0.0   0.2   5.5  24.0   23:54   WSW
24   9.8  14.2   12:03   5.6   23:57   8.5   0.0   3.0   3.7  26.0   05:38   WSW
25   9.0  13.3   12:33   5.3   01:28   9.3   0.0   0.0   3.6  21.0   10:25   WSW
26   9.3  13.6   15:22   6.4   05:24   9.0   0.0   0.0   5.2  25.0   13:37   WSW
27   8.0  11.8   12:54   3.6   23:58  10.3   0.0   0.0   0.8  13.0   00:48   WSW
28   6.1  10.1   13:39   1.9   02:01  12.2   0.0   0.8   0.5   9.0   11:11     E
29   6.3   9.8   14:35   3.3   04:03  12.0   0.0   0.2   0.8  11.0   10:52   ENE
30   6.3   9.9   16:34   2.6   23:17  12.0   0.0   0.4   1.8  18.0   12:45     N
----------------------------------------------------------------------------------
     8.6  24.3    19     0.1     5   293.4   2.5  60.4   1.8  26.0    24     WSW

Max >=  27.0  0
Max <=   0.0  0
Min <=   0.0  0
Min <= -18.0  0
Max Rain: 15.2 on day 4
Days of Rain: 18 (>= 0.2 mm)  8 (>= 2.0 mm)  0 (>= 20.0 mm)
Heat Base: 18.3  Cool Base: 18.3  Method: Integration
:now::gauges::today::yesterday::this month::this year::records::monthly records::top 10::trends::NOAA records::garden::forum:


Page updated 15/11/2018 17:15:10
powered by Cumulus v3.0.0 (3042)