Spring weather

 Latitude N 54° 47' 06"    Longitude W 01° 35' 42"    Elevation 102 m

NOAA Style Reports for Spring Weather


Report for 2018 Jun
                   Monthly Climatological Summary for Jun 2018

Name: Spring weather   City: Duham   State: Co Durham
Elevation: 102 m  Lat: N 54 47 06   Lon: W 001 35 42

                  Temperature (C), Rain (mm), Wind Speed (mph)

                                      Heat  Cool        Avg
    Mean                              Deg   Deg         Wind                 Dom
Day Temp  High   Time   Low    Time   Days  Days  Rain  Speed High   Time    Dir
----------------------------------------------------------------------------------
01  18.3  25.0   15:13  12.1   04:14   1.9   1.9   0.0   0.4   8.0   16:44    SE
02  16.2  21.0   14:07  12.6   03:42   2.6   0.5  15.8   0.0   7.0   16:23    NE
03  15.0  16.7   13:37  12.4   23:43   3.3   0.0   0.2   0.0   6.0   08:37    NW
04  12.7  15.3   16:02  10.5   23:52   5.6   0.0   0.2   0.1   6.0   14:50   WSW
05  12.7  17.1   16:21   9.7   05:43   5.6   0.0   0.0   0.3   9.0   08:59   WSW
06  12.2  15.7   17:44   8.7   23:59   6.1   0.0   0.0   0.3   8.0   04:32   WNW
07  13.3  18.9   15:31   8.6   00:05   5.0   0.0   0.0   0.3   9.0   16:23   WSW
08  12.7  16.2   16:14  10.8   01:17   5.6   0.0   0.0   0.0   6.0   08:40    SE
09  13.2  18.1   16:29  10.1   23:57   5.1   0.0   0.0   0.1   7.0   15:24    SE
10  14.3  22.6   14:19   7.1   03:52   4.6   0.6   2.4   0.3   8.0   15:10   ESE
11  14.6  20.1   14:00  10.2   05:51   3.8   0.2   0.0   0.4   9.0   10:27   WSW
12  14.4  18.4   13:42  10.8   06:41   3.9   0.0   0.0   0.2  10.0   11:47     S
13  14.2  18.1   14:43   8.1   05:54   4.1   0.0   2.2   1.7  16.0   14:43   WSW
14  15.4  18.1   15:56  11.2   23:57   2.9   0.0   0.2   5.4  37.0   09:00   WSW
15  12.5  14.6   14:05   9.1   23:56   5.8   0.0   0.0   1.8  17.0   12:46   WSW
16  12.2  16.5   14:20   8.1   04:58   6.1   0.0   2.6   0.9  14.0   17:33    SW
17  13.4  17.7   12:29   7.2   02:44   4.9   0.0   0.0   1.5  15.0   11:37    SW
18  15.6  19.3   15:25  13.2   06:36   2.8   0.0   0.2   3.4  20.0   17:03   WSW
19  14.1  17.4   23:39  10.2   05:55   4.2   0.0   0.4   1.6  21.0   23:51   WSW
20  15.9  19.2   12:26   9.5   23:48   2.5   0.0   1.0   3.6  27.0   02:58   WSW
21  13.2  18.8   15:58   8.2   04:45   5.1   0.0   0.0   2.3  20.0   03:38   WNW
22  14.1  20.8   14:36   7.4   05:17   4.5   0.3   0.0   0.8  12.0   13:47     W
23  13.9  18.3   13:57   9.2   04:53   4.4   0.0   0.0   1.1  12.0   13:18   WNW
24  17.5  26.4   16:55   8.3   05:32   3.2   2.4   0.0   0.4  10.0   15:29     W
25  18.6  25.8   12:15  10.1   05:29   2.3   2.7   0.0   0.5  16.0   12:42   WSW
26  16.9  26.7   15:09   9.1   05:03   3.4   2.0   0.0   0.2   8.0   15:28   SSE
27  17.8  25.7   12:44   9.8   05:25   3.0   2.5   0.0   0.4   8.0   13:49   SSE
28  18.0  26.8   13:19   7.8   04:42   3.2   2.8   0.0   0.3   7.0   15:41   SSE
29  15.9  21.9   10:57   9.1   04:01   3.3   0.9   0.0   0.3   8.0   12:01     S
30  16.2  21.1   14:50  11.3   02:47   2.8   0.7   0.0   0.5  10.0   17:04   SSE
----------------------------------------------------------------------------------
    14.8  26.8    28     7.1    10   121.6  17.5  25.2   1.0  37.0    14     WSW

Max >=  27.0  0
Max <=   0.0  0
Min <=   0.0  0
Min <= -18.0  0
Max Rain: 15.8 on day 2
Days of Rain: 10 (>= 0.2 mm)  4 (>= 2.0 mm)  0 (>= 20.0 mm)
Heat Base: 18.3  Cool Base: 18.3  Method: Integration
:now::gauges::today::yesterday::this month::this year::records::monthly records::top 10::trends::NOAA records::garden::forum:


Page updated 15/11/2018 17:35:06
powered by Cumulus v3.0.0 (3042)