Spring weather

 Latitude N 54° 47' 06"    Longitude W 01° 35' 42"    Elevation 102 m

NOAA Style Reports for Spring Weather

Select a Year or Month report

Report for 2018 Jul
                   Monthly Climatological Summary for Jul 2018

Name: Spring weather   City: Duham   State: Co Durham
Elevation: 102 m  Lat: N 54 47 06   Lon: W 001 35 42

                  Temperature (C), Rain (mm), Wind Speed (mph)

                                      Heat  Cool        Avg
    Mean                              Deg   Deg         Wind                 Dom
Day Temp  High   Time   Low    Time   Days  Days  Rain  Speed High   Time    Dir
----------------------------------------------------------------------------------
01  18.2  24.8   12:43  12.2   04:30   2.0   2.0   0.0   0.5  11.0   12:42    SE
02  16.6  22.5   12:25   9.8   05:01   2.8   1.1   0.0   0.5   9.0   14:53   SSE
03  16.5  20.9   14:35  12.6   23:58   2.5   0.7   0.0   0.4   8.0   13:38   SSE
04  17.3  25.1   17:36  11.2   04:57   2.5   1.5   0.0   0.4   8.0   13:30   SSE
05  17.8  24.7   10:41  12.3   05:16   1.9   1.4   0.0   0.4  11.0   10:48   SSE
06  18.9  25.3   16:14  14.1   05:34   1.4   2.0   0.0   0.8  11.0   12:16   WNW
07  20.7  26.2   13:57  15.2   06:23   0.8   3.2   0.0   0.5  10.0   13:37    SW
08  21.0  26.8   15:20  14.8   05:20   0.6   3.3   0.0   1.0  11.0   16:19   WNW
09  15.7  17.8   00:00  12.7   23:58   2.6   0.0   0.0   0.1   6.0   02:49     W
10  15.4  19.8   16:55  11.6   23:57   3.0   0.1   0.0   0.4  10.0   13:46     S
11  15.3  20.9   16:03  10.3   02:17   3.4   0.4   0.0   0.2  10.0   15:21   SSE
12  16.2  20.1   15:48  13.4   01:09   2.3   0.2   0.0   0.2   7.0   17:58   SSE
13  17.4  22.8   17:21  12.5   04:48   2.1   1.2   0.0   0.4   9.0   13:38   SSW
14  20.1  26.7   16:52  13.5   05:55   1.1   2.9   0.0   1.3  13.0   14:14   WSW
15  20.0  26.4   15:45  13.1   06:00   1.3   3.0   0.0   1.6  17.0   14:34   WSW
16  17.7  21.8   17:34  13.4   23:57   1.2   0.5   0.0   0.3  10.0   10:46   WSW
17  15.9  20.4   16:56  13.1   03:30   2.6   0.2   0.6   0.8  12.0   16:34     W
18  16.5  22.8   12:23   8.7   05:35   3.0   1.2   0.0   0.4   9.0   13:09    SW
19  18.7  25.2   16:57  12.9   23:58   1.7   2.2   0.0   0.9  13.0   17:40   WSW
20  14.6  19.9   09:29   9.1   05:35   3.8   0.1   2.2   0.9  15.0   11:15   WSW
21  17.8  22.4   17:53  14.5   01:44   1.3   0.8   0.2   0.6   9.0   18:38     W
22  21.2  26.8   15:14  15.8   03:33   0.7   3.6   0.0   1.2  12.0   10:49   WNW
23  20.8  25.3   12:39  16.2   03:59   0.4   2.8   0.0   1.2  15.0   08:24   WSW
24  19.3  22.4   13:33  13.8   23:58   0.3   1.4   0.0   0.3  10.0   13:46   WSW
25  17.7  23.9   14:01  11.2   02:07   2.4   1.8   0.0   0.4   9.0   15:58   SSE
26  19.9  28.0   17:17   9.6   04:33   2.5   4.1   0.0   0.4   9.0   16:36   SSE
27  20.8  25.9   14:07  16.8   06:06   0.2   2.7   5.6   0.4  11.0   14:03    SE
28  15.9  19.4   12:49  10.3   22:31   2.4   0.0   7.2   1.9  23.0   14:00    SW
29  14.7  20.4   18:57  10.2   02:58   3.7   0.1   4.2   1.8  17.0   12:30     S
30  16.2  22.3   16:48  11.4   23:45   2.9   0.8   7.2   1.0  15.0   19:15   SSW
31  15.9  21.2   15:07  10.8   01:16   2.9   0.5   0.0   2.1  19.0   15:53   WSW
----------------------------------------------------------------------------------
    17.8  28.0    26     8.7    18    62.3  45.8  27.2   0.8  23.0    28      SW

Max >=  27.0  1
Max <=   0.0  0
Min <=   0.0  0
Min <= -18.0  0
Max Rain: 7.2 on day 28
Days of Rain: 7 (>= 0.2 mm)  5 (>= 2.0 mm)  0 (>= 20.0 mm)
Heat Base: 18.3  Cool Base: 18.3  Method: Integration
:now::gauges::today::yesterday::this month::this year::records::monthly records::top 10::trends::NOAA records::garden::forum:


Page updated 20/01/2019 10:55:02
powered by Cumulus v3.0.0 (3042)