Spring weather

 Latitude N 54° 47' 06"    Longitude W 01° 35' 42"    Elevation 102 m

NOAA Style Reports for Spring Weather


Report for 2018 Aug
                   Monthly Climatological Summary for Aug 2018

Name: Spring weather   City: Duham   State: Co Durham
Elevation: 102 m  Lat: N 54 47 06   Lon: W 001 35 42

                  Temperature (C), Rain (mm), Wind Speed (mph)

                                      Heat  Cool        Avg
    Mean                              Deg   Deg         Wind                 Dom
Day Temp  High   Time   Low    Time   Days  Days  Rain  Speed High   Time    Dir
----------------------------------------------------------------------------------
01  16.9  22.1   12:43  12.9   04:08   2.1   0.7   1.4   1.2  14.0   10:23    SW
02  19.7  25.3   15:06  15.2   01:24   0.9   2.3   0.2   1.8  17.0   12:13   WSW
03  19.2  24.2   17:10  16.7   23:58   0.1   1.1   2.8   0.5  10.0   01:03   WSW
04  17.5  23.1   14:55  12.6   05:16   1.9   1.1   0.0   0.9  12.0   14:29   WNW
05  19.1  25.2   14:33  12.8   06:41   1.5   2.3   0.0   1.1  15.0   16:54   WSW
06  18.3  21.6   13:24  15.6   01:07   0.8   0.9   0.0   1.4  13.0   09:36   WSW
07  17.9  24.4   11:06  12.8   06:02   1.7   1.4   0.0   1.1  14.0   13:30   WSW
08  15.1  20.3   13:27   9.3   05:40   3.5   0.3   0.0   1.7  19.0   15:06   WSW
09  14.9  20.7   15:29   9.6   04:42   3.7   0.3   0.0   0.6  11.0   11:00     W
10  13.3  17.8   17:14   8.7   02:50   5.0   0.0   0.2   1.1  16.0   16:03   WNW
11  15.5  23.1   17:26   8.2   05:57   3.4   0.6   0.0   1.0  11.0   09:44     W
12  17.4  21.3   15:23  15.2   01:11   1.4   0.5  18.6   0.1   7.0   17:13     S
13  17.2  20.0   14:43  15.9   06:02   1.3   0.2   5.6   0.0   5.0   19:05   SSE
14  16.7  19.9   13:31  12.7   05:30   1.9   0.3   1.2   1.2  15.0   13:49   WSW
15  18.2  20.4   13:05  15.4   23:51   0.6   0.5   2.2   2.6  21.0   14:33   WSW
16  15.4  18.2   15:22  12.1   23:55   2.9   0.0   0.4   2.5  18.0   15:45   WSW
17  14.4  17.3   13:36  10.9   05:54   3.9   0.0   1.8   2.7  18.0   14:59   WSW
18  17.6  20.3   16:08  15.8   05:29   1.0   0.3   0.0   3.2  19.0   16:55   WSW
19  17.8  21.0   14:30  14.7   23:47   1.0   0.5   7.8   1.0  12.0   11:44   WSW
20  15.6  19.7   14:11  13.6   05:37   2.8   0.2   7.0   0.0   5.0   10:39   ESE
21  17.5  22.6   15:35  14.8   00:14   1.6   0.8   0.2   0.8  15.0   19:02    SW
22  17.6  20.7   14:28  11.5   23:56   1.2   0.5   0.0   2.7  18.0   09:57   WSW
23  12.0  17.2   14:20   8.5   06:35   6.3   0.0   0.8   1.1  14.0   13:51   WSW
24  11.6  15.4   11:37   9.6   23:58   6.7   0.0   1.4   2.2  19.0   08:47   WNW
25  11.9  17.3   15:14   7.6   05:43   6.4   0.0   0.0   1.0  10.0   11:06   WNW
26  10.7  13.2   23:59   8.4   01:44   7.6   0.0   1.6   0.7  12.0   14:03     S
27  14.3  17.4   16:23  10.1   06:07   4.0   0.0   0.2   1.9  16.0   09:15     W
28  14.6  19.3   14:47   9.2   05:47   3.9   0.1   0.0   1.1  16.0   12:31   WSW
29  14.8  19.6   15:54  10.4   23:52   3.5   0.1   0.0   1.2  13.0   15:53   WNW
30  12.2  17.3   17:02   7.0   05:44   6.1   0.0   0.0   0.4   9.0   09:48   WNW
31  12.2  20.7   14:58   4.0   06:15   6.3   0.2   0.0   0.5  10.0   13:47   SSE
----------------------------------------------------------------------------------
    15.7  25.3     2     4.0    31    95.0  15.2  53.4   1.3  21.0    15     WSW

Max >=  27.0  0
Max <=   0.0  0
Min <=   0.0  0
Min <= -18.0  0
Max Rain: 18.6 on day 12
Days of Rain: 17 (>= 0.2 mm)  6 (>= 2.0 mm)  0 (>= 20.0 mm)
Heat Base: 18.3  Cool Base: 18.3  Method: Integration
:now::gauges::today::yesterday::this month::this year::records::monthly records::top 10::trends::NOAA records::garden::forum:


Page updated 15/11/2018 16:30:08
powered by Cumulus v3.0.0 (3042)