Spring weather

 Latitude N 54° 47' 06"    Longitude W 01° 35' 42"    Elevation 102 m

NOAA Style Reports for Spring Weather


Report for 2018 Sep
                   Monthly Climatological Summary for Sep 2018

Name: Spring weather   City: Duham   State: Co Durham
Elevation: 102 m  Lat: N 54 47 06   Lon: W 001 35 42

                  Temperature (C), Rain (mm), Wind Speed (mph)

                                      Heat  Cool        Avg
    Mean                              Deg   Deg         Wind                 Dom
Day Temp  High   Time   Low    Time   Days  Days  Rain  Speed High   Time    Dir
----------------------------------------------------------------------------------
01  16.3  24.3   16:08   8.9   06:29   3.3   1.3   0.0   0.7  11.0   14:09    SW
02  19.9  25.3   15:49  16.3   03:56   0.6   2.2   0.0   0.9  14.0   12:54    SW
03  13.5  18.7   10:32  10.7   23:16   4.8   0.0   1.6   0.2   8.0   16:35   WNW
04  12.7  16.7   15:31  10.2   05:15   5.6   0.0   0.2   0.4   9.0   08:39   WNW
05  13.4  20.1   15:59   8.9   23:59   5.0   0.1   0.0   0.1   6.0   09:12     W
06  11.2  15.8   13:10   7.4   23:49   7.1   0.0   0.2   0.5  11.0   11:36   WNW
07  10.1  15.6   17:36   4.5   06:14   8.2   0.0   3.2   1.4  14.0   10:36   WNW
08  12.7  17.7   18:06   7.8   02:37   5.6   0.0   2.0   0.5  12.0   17:17    SW
09  15.1  18.9   11:45  12.1   22:36   3.2   0.0   0.0   2.9  27.0   10:55   WSW
10  12.8  15.2   13:47  10.8   05:14   5.5   0.0   0.8   2.6  19.0   13:12    SW
11  14.1  17.9   15:29  11.2   07:10   4.2   0.0   2.0   3.1  20.0   10:56   WSW
12  13.3  17.4   14:53   9.4   23:50   5.0   0.0   0.0   2.6  20.0   10:30     W
13  13.1  17.1   14:39   9.4   00:00   5.2   0.0   0.0   3.0  26.0   13:30   WSW
14  13.5  17.2   15:26  10.2   22:36   4.8   0.0   0.4   2.6  19.0   17:40   WSW
15  11.8  16.3   13:28   7.1   05:20   6.5   0.0   0.2   0.6  12.0   14:23    SW
16  15.4  19.2   13:08  11.7   23:56   3.0   0.1   0.0   2.4  20.0   09:42    SW
17  15.1  20.8   17:51   9.7   05:22   3.6   0.4   0.0   0.6  12.0   17:13   SSW
18  16.6  19.6   13:24  13.4   05:07   1.8   0.1   0.8   3.4  27.0   14:23    SW
19  14.7  18.8   11:32  11.1   23:41   3.7   0.0   0.2   6.1  41.0   16:43    SW
20  11.2  15.6   12:39   8.9   22:07   7.1   0.0  14.4   1.7  19.0   10:57    SW
21   9.7  13.9   16:59   4.8   04:11   8.6   0.0   7.8   3.6  23.0   09:07     W
22   9.6  13.9   17:04   6.3   23:23   8.7   0.0   0.0   1.4  14.0   00:02     W
23   8.4  13.7   15:07   4.7   03:25   9.9   0.0   0.2   0.5  16.0   14:22   WNW
24   9.2  14.6   16:48   4.7   07:23   9.1   0.0   0.0   1.5  17.0   10:36   WNW
25  10.5  15.3   15:50   4.8   04:47   7.8   0.0   0.0   2.8  22.0   14:24    SW
26  16.8  22.0   15:59  12.8   00:18   2.2   0.8   0.0   5.9  28.0   14:31   WSW
27  15.0  19.8   13:33   7.1   23:47   3.4   0.1   0.0   2.5  21.0   11:05   WSW
28   8.8  14.9   16:26   4.4   06:31   9.5   0.0   0.0   0.5   8.0   10:17   WNW
29   9.1  15.9   15:42   2.9   04:31   9.2   0.0   0.0   1.5  15.0   14:08   WSW
30  10.2  13.4   14:52   7.6   22:17   8.1   0.0   0.0   2.0  16.0   12:45   WNW
----------------------------------------------------------------------------------
    12.8  25.3     2     2.9    29   170.3   5.1  34.0   1.9  41.0    19     WSW

Max >=  27.0  0
Max <=   0.0  0
Min <=   0.0  0
Min <= -18.0  0
Max Rain: 14.4 on day 20
Days of Rain: 14 (>= 0.2 mm)  5 (>= 2.0 mm)  0 (>= 20.0 mm)
Heat Base: 18.3  Cool Base: 18.3  Method: Integration
:now::gauges::today::yesterday::this month::this year::records::monthly records::top 10::trends::NOAA records::garden::forum:


Page updated 15/11/2018 17:05:06
powered by Cumulus v3.0.0 (3042)